000
CXUS55 KEAX 220736
CF6IRK
PRELIMINARY LOCAL CLIMATOLOGICAL DATA (WS FORM: F-6)

                                          STATION:   KIRKSVILLE MO
                                          MONTH:     FEBRUARY
                                          YEAR:      2018
                                          LATITUDE:   40  5 N
                                          LONGITUDE:  92 33 W

  TEMPERATURE IN F:       :PCPN:    SNOW:  WIND      :SUNSHINE: SKY     :PK WND
================================================================================
1   2   3   4   5  6A  6B    7    8   9   10  11  12  13   14  15   16   17  18
                                     12Z  AVG MX 2MIN
DY MAX MIN AVG DEP HDD CDD  WTR  SNW DPTH SPD SPD DIR MIN PSBL S-S WX    SPD DR
================================================================================

 1  38   9  24  -3  41   0 0.00    M    M 12.6 25 350   M    M   2        31 350
 2  27   3  15 -12  50   0 0.00    M    M  5.8 17 170   M    M   2        23 180
 3  49  18  34   7  31   0 0.00    M    M 13.8 25 210   M    M   6        32 210
 4  40   1  21  -6  44   0 0.02    M    M 13.4 25 360   M    M   5 18     33 360
 5  18  -2   8 -19  57   0 0.13    M    M  6.0 14 150   M    M   5 1      17 190
 6  15   1   8 -20  57   0 0.07    M    M  7.0 16 350   M    M   4 1      19 350
 7  25   8  17 -11  48   0 0.02    M    M  5.2 13 320   M    M   5 1      17 290
 8  39  17  28   0  37   0 0.00    M    M  6.6 14 220   M    M   5        17 220
 9  31  15  23  -5  42   0 0.01    M    M 12.9 21  30   M    M   6 1      26  10
10  20  11  16 -12  49   0 0.09    M    M 13.4 22 360   M    M   7 168    27  10
11  28   6  17 -12  48   0 0.06    M    M  7.7 16 350   M    M   4 1      19 350
12  27   5  16 -13  49   0 0.00    M    M  8.3 15  50   M    M   0        20  90
13  45  15  30   1  35   0 0.00    M    M  7.9 15 180   M    M   4 8      20 190
14  50  30  40  11  25   0 0.00    M    M  9.2 15 240   M    M   5 1      21 220
15  61  34  48  18  17   0 0.00    M    M  9.9 23 340   M    M   6 18     30 340
16  35  20  28  -2  37   0 0.00    M    M  9.6 24 340   M    M   3        33 350
17  48  21  35   5  30   0 0.06    M    M  8.3 24 300   M    M   5 18     31 300
18  54  22  38   8  27   0 0.00    M    M 14.1 29 180   M    M   2        39 150
19  68  38  53  22  12   0 0.81    M    M  9.8 25 190   M    M  10 13     36 210
20  41  22  32   1  33   0 1.35    M    M 10.2 21 310   M    M   9 136    26 290
21  29  18  24  -7  41   0 0.00    M    M 12.1 18  40   M    M   3        22 350
================================================================================
SM  788  312       810   0  2.62    M    203.8          M       98
================================================================================
AV 37.5 14.9                               9.7 FASTST   M    M   5    MAX(MPH)
                                 MISC ---->  # 29 180               # 39  150
================================================================================
NOTES:
# LAST OF SEVERAL OCCURRENCES

COLUMN 17 PEAK WIND IN M.P.H.

PRELIMINARY LOCAL CLIMATOLOGICAL DATA (WS FORM: F-6) , PAGE 2

                                          STATION:  KIRKSVILLE MO
                                          MONTH:    FEBRUARY
                                          YEAR:     2018
                                          LATITUDE:   40  5 N
                                          LONGITUDE:  92 33 W

[TEMPERATURE DATA]      [PRECIPITATION DATA]       SYMBOLS USED IN COLUMN 16

AVERAGE MONTHLY: 26.2   TOTAL FOR MONTH:   2.62    1 = FOG OR MIST
DPTR FM NORMAL:  -2.6   DPTR FM NORMAL:    1.49    2 = FOG REDUCING VISIBILITY
HIGHEST:    68 ON 19    GRTST 24HR  1.35 ON 20-20      TO 1/4 MILE OR LESS
LOWEST:     -2 ON  5                               3 = THUNDER
                        SNOW, ICE PELLETS, HAIL    4 = ICE PELLETS
                        TOTAL MONTH:    M          5 = HAIL
                        GRTST 24HR    M  ON   M    6 = FREEZING RAIN OR DRIZZLE
                        GRTST DEPTH:  M  ON   M    7 = DUSTSTORM OR SANDSTORM:
                                                       VSBY 1/2 MILE OR LESS
                                                   8 = SMOKE OR HAZE
[NO. OF DAYS WITH]      [WEATHER - DAYS WITH]      9 = BLOWING SNOW
                                                   X = TORNADO
MAX 32 OR BELOW:   9    0.01 INCH OR MORE:  10
MAX 90 OR ABOVE:   0    0.10 INCH OR MORE:   3
MIN 32 OR BELOW:  19    0.50 INCH OR MORE:   2
MIN  0 OR BELOW:   1    1.00 INCH OR MORE:   1

[HDD (BASE 65) ]
TOTAL THIS MO.   810    CLEAR  (SCALE 0-3)   6
DPTR FM NORMAL    49    PTCLDY (SCALE 4-7)  13
TOTAL FM JUL 1  4152    CLOUDY (SCALE 8-10)  2
DPTR FM NORMAL  -156

[CDD (BASE 65) ]
TOTAL THIS MO.     0
DPTR FM NORMAL     0    [PRESSURE DATA]
TOTAL FM JAN 1     0    HIGHEST SLP  0.00 ON M
DPTR FM NORMAL     0    LOWEST  SLP  0.00 ON M

[REMARKS]
