000
CXUS53 KBIS 220830
CF6ISN
PRELIMINARY LOCAL CLIMATOLOGICAL DATA (WS FORM: F-6)

                                          STATION:   WILLISTON ND
                                          MONTH:     JANUARY
                                          YEAR:      2018
                                          LATITUDE:   48 10 N
                                          LONGITUDE: 103 38 W

  TEMPERATURE IN F:       :PCPN:    SNOW:  WIND      :SUNSHINE: SKY     :PK WND
================================================================================
1   2   3   4   5  6A  6B    7    8   9   10  11  12  13   14  15   16   17  18
                                     12Z  AVG MX 2MIN
DY MAX MIN AVG DEP HDD CDD  WTR  SNW DPTH SPD SPD DIR MIN PSBL S-S WX    SPD DR
================================================================================

 1  -6 -27 -16 -27  81   0 0.00    M    M  2.3  2 260   0    0   0         M  M
 2  25 -18   4  -7  61   0 0.00    M    M 10.9 16 340   0    0   0        30 320
 3  27   5  16   6  49   0 0.00    M    M  3.0  9 260   M    M   6 1      11 260
 4  21   5  13   3  52   0 0.00    M    M  4.6 10 120   M    M   8        13 110
 5  19  11  15   5  50   0 0.00    M    M  8.3 16 170   M    M   9 1      22 160
 6  38  17  28  18  37   0 0.00    M    M  8.7 17 250   M    M   3        22 260
 7  37  26  32  22  33   0 0.00    M    M 11.8 21 270   M    M   5        24 270
 8  35  12  24  14  41   0 0.00    M    M  2.1 16 280   M    M   6 12     19 280
 9  40  15  28  18  37   0 0.00    M    M  3.6  9 230   M    M   1 12     11 230
10  37  -5  16   6  49   0 0.18    M    M 18.7 31 350   M    M  10 1      37 350
11  -4 -22 -13 -23  78   0    T    M    M  7.7 17 340   M    M   3        21 340
12  -3 -30 -16 -26  81   0 0.00    M    M  1.1  6  30   M    M   0 18      7  30
13   3 -29 -13 -23  78   0 0.00    M    M  3.4 12 210   M    M   1 18     13 210
14  23  -6   9  -1  56   0 0.00    M    M 12.7 29 350   M    M   5        36 340
15  -4 -22 -13 -24  78   0 0.00    M    M  7.6 20 360   M    M   0        25 350
16  13 -19  -3 -14  68   0 0.00    M    M  4.4 12 220   M    M   0        14 220
17  34   2  18   7  47   0 0.00    M    M 11.2 23 230   M    M   0        29 230
18  38  14  26  15  39   0 0.00    M    M  6.9 16 220   M    M   1        19 230
19  39  30  35  24  30   0 0.00    M    M 10.4 24 270   M    M   2        31 270
20  34  16  25  14  40   0 0.00    M    M  8.1 22 260   M    M   0        29 270
21  31   3  17   6  48   0 0.00    M    M  3.9 14 250   M    M   0        16 250
================================================================================
SM  477  -22      1133   0  0.18    M    151.4            0     60
================================================================================
AV 22.7 -1.0                               7.2 FASTST    0   0   3    MAX(MPH)
                                 MISC ---->  # 31 350               # 37  350
================================================================================
NOTES:
# LAST OF SEVERAL OCCURRENCES

COLUMN 17 PEAK WIND IN M.P.H.

PRELIMINARY LOCAL CLIMATOLOGICAL DATA (WS FORM: F-6) , PAGE 2

                                          STATION:  WILLISTON ND
                                          MONTH:    JANUARY
                                          YEAR:     2018
                                          LATITUDE:   48 10 N
                                          LONGITUDE: 103 38 W

[TEMPERATURE DATA]      [PRECIPITATION DATA]       SYMBOLS USED IN COLUMN 16

AVERAGE MONTHLY: 10.8   TOTAL FOR MONTH:   0.18    1 = FOG OR MIST
DPTR FM NORMAL:   0.4   DPTR FM NORMAL:   -0.25    2 = FOG REDUCING VISIBILITY
HIGHEST:    40 ON  9    GRTST 24HR  0.18 ON 10-10      TO 1/4 MILE OR LESS
LOWEST:    -30 ON 12                               3 = THUNDER
                        SNOW, ICE PELLETS, HAIL    4 = ICE PELLETS
                        TOTAL MONTH:    M          5 = HAIL
                        GRTST 24HR    M  ON   M    6 = FREEZING RAIN OR DRIZZLE
                        GRTST DEPTH:  M  ON   M    7 = DUSTSTORM OR SANDSTORM:
                                                       VSBY 1/2 MILE OR LESS
                                                   8 = SMOKE OR HAZE
[NO. OF DAYS WITH]      [WEATHER - DAYS WITH]      9 = BLOWING SNOW
                                                   X = TORNADO
MAX 32 OR BELOW:  12    0.01 INCH OR MORE:   1
MAX 90 OR ABOVE:   0    0.10 INCH OR MORE:   1
MIN 32 OR BELOW:  21    0.50 INCH OR MORE:   0
MIN  0 OR BELOW:   9    1.00 INCH OR MORE:   0

[HDD (BASE 65) ]
TOTAL THIS MO.  1133    CLEAR  (SCALE 0-3)  13
DPTR FM NORMAL   -11    PTCLDY (SCALE 4-7)   6
TOTAL FM JUL 1  4642    CLOUDY (SCALE 8-10)  2
DPTR FM NORMAL  -249

[CDD (BASE 65) ]
TOTAL THIS MO.     0
DPTR FM NORMAL     0    [PRESSURE DATA]
TOTAL FM JAN 1     0    HIGHEST SLP  0.00 ON M
DPTR FM NORMAL     0    LOWEST  SLP 29.43 ON 10

[REMARKS]
