000
CXUS55 KRIW 280800
CF6JAC
PRELIMINARY LOCAL CLIMATOLOGICAL DATA (WS FORM: F-6)

                                          STATION:   JACKSON  WY
                                          MONTH:     JULY
                                          YEAR:      2014
                                          LATITUDE:   43 35 N
                                          LONGITUDE: 110 44 W

  TEMPERATURE IN F:       :PCPN:    SNOW:  WIND      :SUNSHINE: SKY     :PK WND
================================================================================
1   2   3   4   5  6A  6B    7    8   9   10  11  12  13   14  15   16   17  18
                                     12Z  AVG MX 2MIN
DY MAX MIN AVG DEP HDD CDD  WTR  SNW DPTH SPD SPD DIR MIN PSBL S-S WX    SPD DR
================================================================================

 1  75  34  55  -4  10   0    M    M    M  2.6 16 350   M    M   0         M  M
 2  81  37  59   0   6   0    M    M    M  4.2 15 360   M    M   0        20 360
 3  82  43  63   3   2   0    M    M    M  4.6 20 290   M    M   2 3      29 290
 4  84  43  64   4   1   0    M    M    M  4.9 12 270   M    M   2 3       M  M
 5  84  45  65   5   0   0    M    M    M  5.1 18 220   M    M   0        29 220
 6  84  43  64   4   1   0    M    M    M  6.0 13 250   M    M   0         M  M
 7  82  45  64   3   1   0    M    M    M  6.8 17 310   M    M   0        18 260
 8  86  46  66   5   0   1    M    M    M  3.5 14 350   M    M   0         M  M
 9  88  43  66   5   0   1    M    M    M  3.6 22 150   M    M   0        18 190
10  79  57  68   7   0   3    M    M    M  2.5 13 220   M    M   4         M  M
11  81  46  64   2   1   0    M    M    M  4.4 15 360   M    M   3         M  M
12  79  46  63   1   2   0    M    M    M  6.0 20 360   M    M   3         M  M
13  82  46  64   2   1   0    M    M    M  4.2 10  10   M    M   1         M  M
14   M  48   M   M   M   M    M    M    M  8.3 21 340   M    M   1        39 340
15  82  46  64   2   1   0    M    M    M  4.7 20 230   M    M   3 3      23 220
16  75  46  61  -1   4   0    M    M    M  6.6 14 300   M    M   3         M  M
17  79  41  60  -2   5   0    M    M    M  3.5 21 280   M    M   2        31 280
18  82  45  64   1   1   0    M    M    M  5.2 17 250   M    M   1        29 250
19  82  43  63   0   2   0    M    M    M  8.3 17 160   M    M   0        28 230
20  84   M   M   M   M   M    M    M    M  5.1 16 200   M    M   2        24 200
21  79  52  66   3   0   1    M    M    M  7.7 30 200   M    M   4 3      40 200
22  84  45  65   2   0   0    M    M    M  3.6 18 160   M    M   1         M  M
23  90  45  68   5   0   3    M    M    M  5.7 21 190   M    M   0         M  M
24  81  45  63   0   2   0    M    M    M  7.8 22 210   M    M   0        28 240
25  81  34  58  -5   7   0    M    M    M  6.7 21 210   M    M   0        32 210
26  81  37  59  -4   6   0    M    M    M  5.4 12 240   M    M   0        20 210
27  84  37  61  -2   4   0    M    M    M  4.6 10 340   M    M   0         M  M
================================================================================
SM 2131 1138        57   9    M     M    141.6          M       32
================================================================================
AV 82.0 43.8                               5.2 FASTST   M    M   1    MAX(MPH)
                                 MISC ---->    30   M                 40    M
================================================================================
NOTES:
# LAST OF SEVERAL OCCURRENCES

COLUMN 17 PEAK WIND IN M.P.H.

PRELIMINARY LOCAL CLIMATOLOGICAL DATA (WS FORM: F-6) , PAGE 2

                                          STATION:  JACKSON  WY
                                          MONTH:    JULY
                                          YEAR:     2014
                                          LATITUDE:   43 35 N
                                          LONGITUDE: 110 44 W

[TEMPERATURE DATA]      [PRECIPITATION DATA]       SYMBOLS USED IN COLUMN 16

AVERAGE MONTHLY: 62.9   TOTAL FOR MONTH:      M    1 = FOG OR MIST
DPTR FM NORMAL:   1.2   DPTR FM NORMAL:       M    2 = FOG REDUCING VISIBILITY
HIGHEST:    90 ON 23    GRTST 24HR    M  ON   M        TO 1/4 MILE OR LESS
LOWEST:     34 ON 25, 1                            3 = THUNDER
                        SNOW, ICE PELLETS, HAIL    4 = ICE PELLETS
                        TOTAL MONTH:    M          5 = HAIL
                        GRTST 24HR    M  ON   M    6 = FREEZING RAIN OR DRIZZLE
                        GRTST DEPTH:  M  ON   M    7 = DUSTSTORM OR SANDSTORM:
                                                       VSBY 1/2 MILE OR LESS
                                                   8 = SMOKE OR HAZE
[NO. OF DAYS WITH]      [WEATHER - DAYS WITH]      9 = BLOWING SNOW
                                                   X = TORNADO
MAX 32 OR BELOW:   0    0.01 INCH OR MORE:   0
MAX 90 OR ABOVE:   1    0.10 INCH OR MORE:   0
MIN 32 OR BELOW:   0    0.50 INCH OR MORE:   0
MIN  0 OR BELOW:   0    1.00 INCH OR MORE:   0

[HDD (BASE 65) ]
TOTAL THIS MO.    57    CLEAR  (SCALE 0-3)  25
DPTR FM NORMAL   -53    PTCLDY (SCALE 4-7)   2
TOTAL FM JUL 1    57    CLOUDY (SCALE 8-10)  0
DPTR FM NORMAL   -53

[CDD (BASE 65) ]
TOTAL THIS MO.     9
DPTR FM NORMAL   -13    [PRESSURE DATA]
TOTAL FM JAN 1     9    HIGHEST SLP M ON M
DPTR FM NORMAL   -16    LOWEST  SLP M ON M

[REMARKS]
