000
CXUS52 KJAX 240800
CF6JAX
PRELIMINARY LOCAL CLIMATOLOGICAL DATA (WS FORM: F-6)

                                          STATION:   JACKSONVILLE FL
                                          MONTH:     SEPTEMBER
                                          YEAR:      2016
                                          LATITUDE:   30 30 N
                                          LONGITUDE:  81 42 W

  TEMPERATURE IN F:       :PCPN:    SNOW:  WIND      :SUNSHINE: SKY     :PK WND
================================================================================
1   2   3   4   5  6A  6B    7    8   9   10  11  12  13   14  15   16   17  18
                                     12Z  AVG MX 2MIN
DY MAX MIN AVG DEP HDD CDD  WTR  SNW DPTH SPD SPD DIR MIN PSBL S-S WX    SPD DR
================================================================================

 1  84  74  79  -2   0  14 0.46  0.0    0  7.4 22 230   M    M   9 13     26 230
 2  90  74  82   2   0  17 1.57  0.0    0 17.2 36 240   M    M   9 13     50 240
 3  85  72  79  -1   0  14 0.26  0.0    0  4.8 15  80   M    M   9 13     21 130
 4  87  74  81   1   0  16 0.01  0.0    0  7.9 22  60   M    M   8 128    27  80
 5  87  66  77  -3   0  12 0.00  0.0    0  8.0 21  70   M    M   4        26  50
 6  86  62  74  -6   0   9 0.00  0.0    0  4.1 14  70   M    M   2 1      26  60
 7  91  62  77  -3   0  12 0.00  0.0    0  2.9 13 100   M    M   2 1      15 100
 8  90  62  76  -4   0  11 0.00  0.0    0  3.6 14  80   M    M   2 1      20 100
 9  91  61  76  -4   0  11 0.00  0.0    0  3.7 13  90   M    M   4        16  80
10  93  67  80   1   0  15 0.00  0.0    0  4.1 15  70   M    M   4 3      19  70
11  93  69  81   2   0  16 0.04  0.0    0  3.6 17  40   M    M   5 13     20  40
12  90  71  81   2   0  16 0.04  0.0    0  6.7 22  80   M    M   8 3      27  70
13  85  73  79   0   0  14 1.47  0.0    0 11.5 29  70   M    M   8 13     37  60
14  88  72  80   1   0  15 0.02  0.0    0  7.3 16 230   M    M   9 1      20 250
15  86  68  77  -1   0  12 0.00  0.0    0  4.0 13  60   M    M   5        25 350
16  88  71  80   2   0  15 0.15  0.0    0  7.0 18  30   M    M   6 1      24  10
17  88  72  80   2   0  15 0.00  0.0    0  6.6 18  60   M    M   5 1      22  60
18  92  72  82   4   0  17    T  0.0    0  3.4 12  90   M    M   7 12     14 310
19  92  74  83   5   0  18 0.33  0.0    0  5.5 16 350   M    M   8 138    27 360
20  89  72  81   3   0  16 0.00  0.0    0  4.4 17  60   M    M   7        20  80
21  89  71  80   3   0  15 0.00  0.0    0  4.5 13 340   M    M   6        17  20
22  87  71  79   2   0  14 0.00  0.0    0  4.1 14 340   M    M   6        19 280
23  90  67  79   2   0  14 0.00  0.0    0  4.3 16  70   M    M   4        20 330
================================================================================
SM 2041 1597         0 328  4.35     0.0 136.6          M      137
================================================================================
AV 88.7 69.4                               5.9 FASTST   M    M   6    MAX(MPH)
                                 MISC ---->  # 36 240               # 50  240
================================================================================
NOTES:
# LAST OF SEVERAL OCCURRENCES

COLUMN 17 PEAK WIND IN M.P.H.

PRELIMINARY LOCAL CLIMATOLOGICAL DATA (WS FORM: F-6) , PAGE 2

                                          STATION:  JACKSONVILLE FL
                                          MONTH:    SEPTEMBER
                                          YEAR:     2016
                                          LATITUDE:   30 30 N
                                          LONGITUDE:  81 42 W

[TEMPERATURE DATA]      [PRECIPITATION DATA]       SYMBOLS USED IN COLUMN 16

AVERAGE MONTHLY: 79.1   TOTAL FOR MONTH:   4.35    1 = FOG OR MIST
DPTR FM NORMAL:   0.2   DPTR FM NORMAL:   -2.09    2 = FOG REDUCING VISIBILITY
HIGHEST:    93 ON 11,10 GRTST 24HR  1.92 ON  1- 2      TO 1/4 MILE OR LESS
LOWEST:     61 ON  9                               3 = THUNDER
                        SNOW, ICE PELLETS, HAIL    4 = ICE PELLETS
                        TOTAL MONTH:   0.0 INCH    5 = HAIL
                        GRTST 24HR     0.0         6 = FREEZING RAIN OR DRIZZLE
                        GRTST DEPTH:   0           7 = DUSTSTORM OR SANDSTORM:
                                                       VSBY 1/2 MILE OR LESS
                                                   8 = SMOKE OR HAZE
[NO. OF DAYS WITH]      [WEATHER - DAYS WITH]      9 = BLOWING SNOW
                                                   X = TORNADO
MAX 32 OR BELOW:   0    0.01 INCH OR MORE:  10
MAX 90 OR ABOVE:  10    0.10 INCH OR MORE:   6
MIN 32 OR BELOW:   0    0.50 INCH OR MORE:   2
MIN  0 OR BELOW:   0    1.00 INCH OR MORE:   2

[HDD (BASE 65) ]
TOTAL THIS MO.     0    CLEAR  (SCALE 0-3)   3
DPTR FM NORMAL     0    PTCLDY (SCALE 4-7)  16
TOTAL FM JUL 1     0    CLOUDY (SCALE 8-10)  4
DPTR FM NORMAL     0

[CDD (BASE 65) ]
TOTAL THIS MO.   328
DPTR FM NORMAL     7    [PRESSURE DATA]
TOTAL FM JAN 1  2564    HIGHEST SLP M ON M
DPTR FM NORMAL   253    LOWEST  SLP 29.63 ON  2

[REMARKS]
