000
CXUS55 KGGW 230800
CF6JDN
PRELIMINARY LOCAL CLIMATOLOGICAL DATA (WS FORM: F-6)

                                          STATION:   JORDAN  ASOS MT
                                          MONTH:     JULY
                                          YEAR:      2017
                                          LATITUDE:   47 19 N
                                          LONGITUDE: 106 50 W

  TEMPERATURE IN F:       :PCPN:    SNOW:  WIND      :SUNSHINE: SKY     :PK WND
================================================================================
1   2   3   4   5  6A  6B    7    8   9   10  11  12  13   14  15   16   17  18
                                     12Z  AVG MX 2MIN
DY MAX MIN AVG DEP HDD CDD  WTR  SNW DPTH SPD SPD DIR MIN PSBL S-S WX    SPD DR
================================================================================

 1  93  50  72   5   0   7 0.00  0.0    0  8.3 17  50   M    M   0        21  70
 2  97  61  79  12   0  14 0.00  0.0    0  7.3 24 180   M    M   0        32 170
 3 101  57  79  11   0  14 0.00  0.0    0  7.3 20 300   M    M   0        27 270
 4  95  59  77   9   0  12 0.00  0.0    0  6.8 17 320   M    M   0        24 330
 5 102  55  79  11   0  14 0.00  0.0    0 10.4 23 320   M    M   0        30 330
 6  94  61  78  10   0  13 0.00  0.0    0  8.9 20 100   M    M   0        24 110
 7  97  60  79  11   0  14 0.00  0.0    0  6.8 18 360   M    M   0        24  20
 8 104  56  80  11   0  15 0.00  0.0    0  9.8 28 220   M    M   0        36 220
 9  99  59  79  10   0  14 0.00  0.0    0  6.1 16 200   M    M   0        22 200
10 101  67  84  15   0  19 0.00  0.0    0  9.2 48 290   M    M   0        60 300
11  88  57  73   4   0   8 0.00  0.0    0 11.8 37 340   M    M   0        47 340
12  81  53  67  -3   0   2 0.00  0.0    0  8.2 15  80   M    M   0        21  90
13 100  63  82  12   0  17 0.00  0.0    0 12.8 24 160   M    M   0        30 170
14 101  71  86  16   0  21 0.00  0.0    0 13.1 26 340   M    M   0        31 330
15  99  57  78   8   0  13 0.03  0.0    0 12.7 26 350   M    M   0        33 110
16 101  62  82  12   0  17 0.00  0.0    0  5.8 22 210   M    M   0        27 200
17  88  59  74   4   0   9 0.04  0.0    0  7.0 20  40   M    M   0        23 310
18  93  59  76   5   0  11 0.00  0.0    0  7.3 18 110   M    M   0        24 100
19  95  59  77   6   0  12 0.21  0.0    0  8.6 39 300   M    M   0        46 300
20 102  55  79   8   0  14 0.00  0.0    0  8.9 24  70   M    M   0        31 280
21  90  56  73   2   0   8 0.00  0.0    0 11.7 23 310   M    M   0        33 310
22  89  51  70  -1   0   5 0.00  0.0    0  7.5 20 310   M    M   0        29 310
================================================================================
SM 2110 1287         0 273  0.28     0.0 196.3          M        0
================================================================================
AV 95.9 58.5                               8.9 FASTST   M    M   0    MAX(MPH)
                                 MISC ---->  # 48 290               # 60  300
================================================================================
NOTES:
# LAST OF SEVERAL OCCURRENCES

COLUMN 17 PEAK WIND IN M.P.H.

PRELIMINARY LOCAL CLIMATOLOGICAL DATA (WS FORM: F-6) , PAGE 2

                                          STATION:  JORDAN  ASOS MT
                                          MONTH:    JULY
                                          YEAR:     2017
                                          LATITUDE:   47 19 N
                                          LONGITUDE: 106 50 W

[TEMPERATURE DATA]      [PRECIPITATION DATA]       SYMBOLS USED IN COLUMN 16

AVERAGE MONTHLY: 77.2   TOTAL FOR MONTH:   0.28    1 = FOG OR MIST
DPTR FM NORMAL:   7.9   DPTR FM NORMAL:   -1.23    2 = FOG REDUCING VISIBILITY
HIGHEST:   104 ON  8    GRTST 24HR  0.21 ON 19-19      TO 1/4 MILE OR LESS
LOWEST:     50 ON  1                               3 = THUNDER
                        SNOW, ICE PELLETS, HAIL    4 = ICE PELLETS
                        TOTAL MONTH:   0.0 INCH    5 = HAIL
                        GRTST 24HR     0.0         6 = FREEZING RAIN OR DRIZZLE
                        GRTST DEPTH:   0           7 = DUSTSTORM OR SANDSTORM:
                                                       VSBY 1/2 MILE OR LESS
                                                   8 = SMOKE OR HAZE
[NO. OF DAYS WITH]      [WEATHER - DAYS WITH]      9 = BLOWING SNOW
                                                   X = TORNADO
MAX 32 OR BELOW:   0    0.01 INCH OR MORE:   3
MAX 90 OR ABOVE:  18    0.10 INCH OR MORE:   1
MIN 32 OR BELOW:   0    0.50 INCH OR MORE:   0
MIN  0 OR BELOW:   0    1.00 INCH OR MORE:   0

[HDD (BASE 65) ]
TOTAL THIS MO.     0    CLEAR  (SCALE 0-3)  22
DPTR FM NORMAL   -23    PTCLDY (SCALE 4-7)   0
TOTAL FM JUL 1     0    CLOUDY (SCALE 8-10)  0
DPTR FM NORMAL   -23

[CDD (BASE 65) ]
TOTAL THIS MO.   273
DPTR FM NORMAL   158    [PRESSURE DATA]
TOTAL FM JAN 1   360    HIGHEST SLP M ON M
DPTR FM NORMAL   191    LOWEST  SLP 29.61 ON 10

[REMARKS]
