000
CXUS55 KBOI 011002
CF6JER
PRELIMINARY LOCAL CLIMATOLOGICAL DATA (WS FORM: F-6)

                                          STATION:   JEROME ID
                                          MONTH:     JUNE
                                          YEAR:      2015
                                          LATITUDE:   42 43 N
                                          LONGITUDE: 114 27 W

  TEMPERATURE IN F:       :PCPN:    SNOW:  WIND      :SUNSHINE: SKY     :PK WND
================================================================================
1   2   3   4   5  6A  6B    7    8   9   10  11  12  13   14  15   16   17  18
                                     12Z  AVG MX 2MIN
DY MAX MIN AVG DEP HDD CDD  WTR  SNW DPTH SPD SPD DIR MIN PSBL S-S WX    SPD DR
================================================================================

 1  77  57  67   7   0   2 0.07    M    M 12.2 25 280   M    M   1 3      32 250
 2  73  52  63   3   2   0 0.00    M    M 10.5 21 250   M    M   2 8      25 260
 3  70  48  59  -1   6   0 0.00    M    M  6.7 13 210   M    M   1        16 210
 4  72  48  60   0   5   0 0.00    M    M  4.8 17 220   M    M   1        22 220
 5  74  51  63   2   2   0 0.00    M    M  5.2 17  30   M    M   2        23  30
 6  79  50  65   4   0   0 0.04    M    M  5.3 33  40   M    M   3 38     39  40
 7  83  54  69   8   0   4 0.00    M    M  6.1 12  70   M    M   1        14  60
 8  89  57  73  11   0   8 0.00    M    M  5.3 12  30   M    M   0        13  40
 9  92  62  77  15   0  12 0.00    M    M  8.8 21  30   M    M   0        25  30
10  84  61  73  11   0   8 0.00    M    M 11.0 22 240   M    M   0        30 250
11  85  58  72  10   0   7 0.00    M    M  8.7 20 260   M    M   0        24 250
12  84  58  71   8   0   6 0.00    M    M 14.8 29 240   M    M   0        36 240
13  81  53  67   4   0   2 0.00    M    M 10.3 18 250   M    M   0        24 260
14  81  51  66   3   0   1 0.00    M    M  5.9 10 270   M    M   0        16 220
15  88  50  69   5   0   4 0.00    M    M  6.4 15 110   M    M   0        20 110
16  86  56  71   7   0   6 0.00    M    M  7.2 16 270   M    M   0        28  50
17  90  57  74  10   0   9 0.00    M    M  7.2 15 280   M    M   0        19 280
18  92  55  74  10   0   9 0.00    M    M  4.2 10 290   M    M   0        13 300
19  84  60  72   7   0   7 0.00    M    M 11.4 24 230   M    M   0        30 240
20  83  54  69   4   0   4 0.00    M    M  6.2 13 290   M    M   0        18 260
21  87  56  72   7   0   7 0.00    M    M  8.2 18 270   M    M   0        24 250
22  84  55  70   4   0   5 0.00    M    M  6.0 13 260   M    M   0        17 270
23  88  52  70   4   0   5 0.00    M    M  4.8 12 330   M    M   0        14 330
24  91  61  76  10   0  11 0.00    M    M  5.7 13 240   M    M   0 8      16 210
25  93  60  77  11   0  12 0.00    M    M 10.4 20 250   M    M   0 8      24 240
26  95  60  78  11   0  13 0.00    M    M  4.5 10  80   M    M   0        12  80
27  99  63  81  14   0  16 0.00    M    M  6.7 13  40   M    M   0        14  40
28 103  66  85  18   0  20 0.00    M    M  8.7 16 250   M    M   0        23 250
29  99  67  83  15   0  18 0.00    M    M  8.9 24 250   M    M   1        39 290
30  97  69  83  15   0  18 0.00    M    M  8.7 23 170   M    M   0        33 170
================================================================================
SM 2583 1701        15 214  0.11    M    230.8          M       12
================================================================================
AV 86.1 56.7                               7.7 FASTST   M    M   0    MAX(MPH)
                                 MISC ---->  # 33  40               # 39   40
================================================================================
NOTES:
# LAST OF SEVERAL OCCURRENCES

COLUMN 17 PEAK WIND IN M.P.H.

PRELIMINARY LOCAL CLIMATOLOGICAL DATA (WS FORM: F-6) , PAGE 2

                                          STATION:  JEROME ID
                                          MONTH:    JUNE
                                          YEAR:     2015
                                          LATITUDE:   42 43 N
                                          LONGITUDE: 114 27 W

[TEMPERATURE DATA]      [PRECIPITATION DATA]       SYMBOLS USED IN COLUMN 16

AVERAGE MONTHLY: 71.4   TOTAL FOR MONTH:   0.11    1 = FOG OR MIST
DPTR FM NORMAL:   7.7   DPTR FM NORMAL:   -0.66    2 = FOG REDUCING VISIBILITY
HIGHEST:   103 ON 28    GRTST 24HR  0.09 ON 31- 1      TO 1/4 MILE OR LESS
LOWEST:     48 ON  4, 3                            3 = THUNDER
                        SNOW, ICE PELLETS, HAIL    4 = ICE PELLETS
                        TOTAL MONTH:    M          5 = HAIL
                        GRTST 24HR    M  ON   M    6 = FREEZING RAIN OR DRIZZLE
                        GRTST DEPTH:  M  ON   M    7 = DUSTSTORM OR SANDSTORM:
                                                       VSBY 1/2 MILE OR LESS
                                                   8 = SMOKE OR HAZE
[NO. OF DAYS WITH]      [WEATHER - DAYS WITH]      9 = BLOWING SNOW
                                                   X = TORNADO
MAX 32 OR BELOW:   0    0.01 INCH OR MORE:   2
MAX 90 OR ABOVE:  10    0.10 INCH OR MORE:   0
MIN 32 OR BELOW:   0    0.50 INCH OR MORE:   0
MIN  0 OR BELOW:   0    1.00 INCH OR MORE:   0

[HDD (BASE 65) ]
TOTAL THIS MO.    15    CLEAR  (SCALE 0-3)  30
DPTR FM NORMAL   -92    PTCLDY (SCALE 4-7)   0
TOTAL FM JUL 1  5344    CLOUDY (SCALE 8-10)  0
DPTR FM NORMAL -1290

[CDD (BASE 65) ]
TOTAL THIS MO.   214
DPTR FM NORMAL   146    [PRESSURE DATA]
TOTAL FM JAN 1   224    HIGHEST SLP 30.09 ON 26
DPTR FM NORMAL   143    LOWEST  SLP 29.66 ON 10

[REMARKS]
#FINAL-06-15#
