000
CXUS55 KBOI 201002
CF6JER
PRELIMINARY LOCAL CLIMATOLOGICAL DATA (WS FORM: F-6)

                                          STATION:   JEROME ID
                                          MONTH:     JULY
                                          YEAR:      2017
                                          LATITUDE:   42 43 N
                                          LONGITUDE: 114 27 W

  TEMPERATURE IN F:       :PCPN:    SNOW:  WIND      :SUNSHINE: SKY     :PK WND
================================================================================
1   2   3   4   5  6A  6B    7    8   9   10  11  12  13   14  15   16   17  18
                                     12Z  AVG MX 2MIN
DY MAX MIN AVG DEP HDD CDD  WTR  SNW DPTH SPD SPD DIR MIN PSBL S-S WX    SPD DR
================================================================================

 1  92  56  74   6   0   9 0.00    M    M  8.9 17 110   M    M   0        22  40
 2  94  61  78  10   0  13 0.00    M    M  5.7 16  40   M    M   0        20  40
 3  94  60  77   8   0  12 0.00    M    M  5.5 12  40   M    M   0        14  40
 4  97  63  80  11   0  15 0.00    M    M  4.6 12  70   M    M   0        13 130
 5  94  63  79  10   0  14 0.00    M    M  7.1 18 240   M    M   0        27 240
 6  97  61  79   9   0  14 0.00    M    M  5.4 14 190   M    M   0        20 190
 7 100  66  83  13   0  18 0.00    M    M  5.5 15 130   M    M   0        22 130
 8  98  66  82  12   0  17 0.00    M    M  8.6 29 170   M    M   0 8      37 180
 9  99  70  85  15   0  20    T    M    M 10.1 32 240   M    M   0 3      51 250
10  92  65  79   9   0  14 0.00    M    M  7.5 16  60   M    M   0        20  60
11  89  62  76   5   0  11 0.00    M    M  7.9 15 220   M    M   0        19 210
12  91  61  76   5   0  11 0.00    M    M  5.4 10  90   M    M   0        12 250
13  97  64  81  10   0  16 0.00    M    M  6.5 16 130   M    M   0        19 130
14  95  67  81  10   0  16 0.00    M    M  6.0 12  30   M    M   0        15 140
15  99  63  81  10   0  16 0.00    M    M  6.8 28 150   M    M   0        38 150
16  92  62  77   5   0  12 0.00    M    M  8.9 20 240   M    M   0        24 240
17  90  62  76   4   0  11 0.00    M    M  7.2 15 230   M    M   0        20 240
18  93  55  74   2   0   9 0.00    M    M  4.2 10 300   M    M   0        14 300
19  92  57  75   3   0  10 0.00    M    M  5.7 12 270   M    M   0        17 250
================================================================================
SM 1795 1184         0 258    T     M    127.5          M        0
================================================================================
AV 94.5 62.3                               6.7 FASTST   M    M   0    MAX(MPH)
                                 MISC ---->  # 32 240               # 51  250
================================================================================
NOTES:
# LAST OF SEVERAL OCCURRENCES

COLUMN 17 PEAK WIND IN M.P.H.

PRELIMINARY LOCAL CLIMATOLOGICAL DATA (WS FORM: F-6) , PAGE 2

                                          STATION:  JEROME ID
                                          MONTH:    JULY
                                          YEAR:     2017
                                          LATITUDE:   42 43 N
                                          LONGITUDE: 114 27 W

[TEMPERATURE DATA]      [PRECIPITATION DATA]       SYMBOLS USED IN COLUMN 16

AVERAGE MONTHLY: 78.4   TOTAL FOR MONTH:      T    1 = FOG OR MIST
DPTR FM NORMAL:   8.1   DPTR FM NORMAL:   -0.13    2 = FOG REDUCING VISIBILITY
HIGHEST:   100 ON  7    GRTST 24HR    T  ON  9- 9      TO 1/4 MILE OR LESS
LOWEST:     55 ON 18                               3 = THUNDER
                        SNOW, ICE PELLETS, HAIL    4 = ICE PELLETS
                        TOTAL MONTH:    M          5 = HAIL
                        GRTST 24HR    M  ON   M    6 = FREEZING RAIN OR DRIZZLE
                        GRTST DEPTH:  M  ON   M    7 = DUSTSTORM OR SANDSTORM:
                                                       VSBY 1/2 MILE OR LESS
                                                   8 = SMOKE OR HAZE
[NO. OF DAYS WITH]      [WEATHER - DAYS WITH]      9 = BLOWING SNOW
                                                   X = TORNADO
MAX 32 OR BELOW:   0    0.01 INCH OR MORE:   0
MAX 90 OR ABOVE:  18    0.10 INCH OR MORE:   0
MIN 32 OR BELOW:   0    0.50 INCH OR MORE:   0
MIN  0 OR BELOW:   0    1.00 INCH OR MORE:   0

[HDD (BASE 65) ]
TOTAL THIS MO.     0    CLEAR  (SCALE 0-3)  19
DPTR FM NORMAL   -10    PTCLDY (SCALE 4-7)   0
TOTAL FM JUL 1     0    CLOUDY (SCALE 8-10)  0
DPTR FM NORMAL   -10

[CDD (BASE 65) ]
TOTAL THIS MO.   258
DPTR FM NORMAL   146    [PRESSURE DATA]
TOTAL FM JAN 1   389    HIGHEST SLP M ON M
DPTR FM NORMAL   196    LOWEST  SLP 29.69 ON 10

[REMARKS]
