000
CXUS53 KSGF 260800
CF6JLN
PRELIMINARY LOCAL CLIMATOLOGICAL DATA (WS FORM: F-6)

                                          STATION:   JOPLIN MO
                                          MONTH:     JULY
                                          YEAR:      2016
                                          LATITUDE:   37 10 N
                                          LONGITUDE:  94 30 W

  TEMPERATURE IN F:       :PCPN:    SNOW:  WIND      :SUNSHINE: SKY     :PK WND
================================================================================
1   2   3   4   5  6A  6B    7    8   9   10  11  12  13   14  15   16   17  18
                                     12Z  AVG MX 2MIN
DY MAX MIN AVG DEP HDD CDD  WTR  SNW DPTH SPD SPD DIR MIN PSBL S-S WX    SPD DR
================================================================================

 1  84  67  76  -3   0  11    T    M    M  5.8 14 100   M    M   3 1      19  80
 2  90  73  82   3   0  17 0.03    M    M  8.9 15 180   M    M   5 13     26 250
 3  85  70  78  -1   0  13 1.85    M    M  8.1 24 290   M    M   7 13     33 290
 4  87  70  79  -1   0  14 0.06  0.0    0  6.1 16  60   M    M   6 138    24  60
 5  93  75  84   4   0  19 0.00    M    M  9.8 18 210   M    M   1 1      23 190
 6  91  68  80   0   0  15 0.42    M    M 10.0 38 280   M    M   3 13     49 290
 7  90  66  78  -2   0  13 0.33    M    M 11.4 54 320   M    M   1 13     67 320
 8  87  66  77  -3   0  12 0.52    M    M  7.6 20 340   M    M   2 13     26 220
 9  90  68  79  -1   0  14 0.08    M    M  6.3 30 130   M    M   2 3      45 120
10  91  68  80   0   0  15 0.00    M    M  8.6 16 170   M    M   0        20 180
11  89  72  81   1   0  16 0.00    M    M 13.8 23 180   M    M   1        29 160
12  87  68  78  -2   0  13 0.49    M    M 12.2 32 140   M    M   2 138    45 130
13  90  76  83   3   0  18    T    M    M 12.3 28 190   M    M   3        35 150
14  81  66  74  -6   0   9 0.99    M    M  9.1 32 320   M    M   4 13     41 320
15  87  65  76  -4   0  11 0.00    M    M  2.9 10 310   M    M   1        14 320
16  89  69  79  -1   0  14 0.00    M    0  5.7 13 160   M    M   1        20 160
17  92  77  85   5   0  20 0.00    M    0 12.2 21 190   M    M   0        26 180
18  93  74  84   4   0  19 0.00    M    0  7.5 14 210   M    M   0        19 170
19  93  74  84   4   0  19 0.00    M    0  6.3 13 210   M    M   1        16 210
20  94  77  86   5   0  21 0.00    M    0  8.8 16 200   M    M   1        20 210
21  94  76  85   4   0  20 0.00    M    M  9.2 20 210   M    M   0        23 200
22  95  76  86   5   0  21 0.00    M    M  8.1 16 220   M    M   0        20 220
23  96  76  86   5   0  21 0.00    M    M  8.0 16 210   M    M   0        21 210
24  98  78  88   7   0  23 0.00    M    M  6.9 14 230   M    M   0        17 220
25  84  74  79  -2   0  14 0.08  0.0    0  6.7 15  90   M    M   2 13     20 100
================================================================================
SM 2250 1789         0 402  4.85     0.0 212.3          M       46
================================================================================
AV 90.0 71.6                               8.5 FASTST   M    M   2    MAX(MPH)
                                 MISC ---->  # 54 320               # 67  320
================================================================================
NOTES:
# LAST OF SEVERAL OCCURRENCES

COLUMN 17 PEAK WIND IN M.P.H.

PRELIMINARY LOCAL CLIMATOLOGICAL DATA (WS FORM: F-6) , PAGE 2

                                          STATION:  JOPLIN MO
                                          MONTH:    JULY
                                          YEAR:     2016
                                          LATITUDE:   37 10 N
                                          LONGITUDE:  94 30 W

[TEMPERATURE DATA]      [PRECIPITATION DATA]       SYMBOLS USED IN COLUMN 16

AVERAGE MONTHLY: 80.8   TOTAL FOR MONTH:   4.85    1 = FOG OR MIST
DPTR FM NORMAL:   0.7   DPTR FM NORMAL:    1.66    2 = FOG REDUCING VISIBILITY
HIGHEST:    98 ON 24    GRTST 24HR  1.91 ON  3- 4      TO 1/4 MILE OR LESS
LOWEST:     65 ON 15                               3 = THUNDER
                        SNOW, ICE PELLETS, HAIL    4 = ICE PELLETS
                        TOTAL MONTH:   0.0 INCH    5 = HAIL
                        GRTST 24HR     0.0         6 = FREEZING RAIN OR DRIZZLE
                        GRTST DEPTH:   0           7 = DUSTSTORM OR SANDSTORM:
                                                       VSBY 1/2 MILE OR LESS
                                                   8 = SMOKE OR HAZE
[NO. OF DAYS WITH]      [WEATHER - DAYS WITH]      9 = BLOWING SNOW
                                                   X = TORNADO
MAX 32 OR BELOW:   0    0.01 INCH OR MORE:  10
MAX 90 OR ABOVE:  15    0.10 INCH OR MORE:   6
MIN 32 OR BELOW:   0    0.50 INCH OR MORE:   3
MIN  0 OR BELOW:   0    1.00 INCH OR MORE:   1

[HDD (BASE 65) ]
TOTAL THIS MO.     0    CLEAR  (SCALE 0-3)  21
DPTR FM NORMAL     0    PTCLDY (SCALE 4-7)   4
TOTAL FM JUL 1     0    CLOUDY (SCALE 8-10)  0
DPTR FM NORMAL     0

[CDD (BASE 65) ]
TOTAL THIS MO.   402
DPTR FM NORMAL    23    [PRESSURE DATA]
TOTAL FM JAN 1   939    HIGHEST SLP M ON M
DPTR FM NORMAL    62    LOWEST  SLP 29.75 ON  7

[REMARKS]
