000
CXUS53 KSGF 240800
CF6JLN
PRELIMINARY LOCAL CLIMATOLOGICAL DATA (WS FORM: F-6)

                                          STATION:   JOPLIN MO
                                          MONTH:     NOVEMBER
                                          YEAR:      2017
                                          LATITUDE:   37 10 N
                                          LONGITUDE:  94 30 W

  TEMPERATURE IN F:       :PCPN:    SNOW:  WIND      :SUNSHINE: SKY     :PK WND
================================================================================
1   2   3   4   5  6A  6B    7    8   9   10  11  12  13   14  15   16   17  18
                                     12Z  AVG MX 2MIN
DY MAX MIN AVG DEP HDD CDD  WTR  SNW DPTH SPD SPD DIR MIN PSBL S-S WX    SPD DR
================================================================================

 1  66  38  52  -3  13   0    T    M    M 10.7 25 190   M    M   4 1      36 190
 2  79  52  66  12   0   1 0.00    M    M 10.4 22 360   M    M   2 1      29  30
 3  62  50  56   2   9   0 0.00    M    M  9.6 16  60   M    M  10 1      26  70
 4  67  49  58   4   7   0    T    M    M  3.8 14 190   M    M  10 12     19 180
 5  77  48  63  10   2   0 0.00    M    M 14.2 24 220   M    M   6 18     32 230
 6  48  41  45  -8  20   0 0.00    M    M  9.1 15  30   M    M  10 1      20  30
 7  43  40  42 -10  23   0    T    M    M  9.6 15 360   M    M  10 1      20  40
 8  54  29  42 -10  23   0 0.00    M    M  5.1 13  20   M    M   2        17  40
 9  58  28  43  -9  22   0 0.00    M    M  5.4 10  40   M    M   0 1      16  50
10  58  32  45  -6  20   0 0.00    M    M  8.7 15 150   M    M   2        24 150
11  54  40  47  -4  18   0    T    M    M  9.5 20 180   M    M   7 1      28 190
12  53  48  51   1  14   0 0.01    M    M  5.6 15 360   M    M  10 1      19 360
13  58  46  52   2  13   0 0.00    M    M  5.1 13 150   M    M  10        18 160
14  58  52  55   6  10   0 0.05    M    M  9.2 16 170   M    M  10 1      23 170
15  62  36  49   0  16   0 0.10    M    M  8.2 22 350   M    M   5 13     28 340
16  63  34  49   1  16   0 0.00    M    M  6.9 15 170   M    M   2        22 160
17  73  57  65  17   0   0 0.00    M    M 18.4 28 190   M    M   7        39 200
18  73  37  55   8  10   0 0.10    M    M 16.8 31 320   M    M   4 1      45 330
19  53  28  41  -6  24   0 0.00    M    M  4.5 12 180   M    M   0        16 230
20  61  42  52   6  13   0 0.00    M    M 17.3 32 210   M    M   0        43 210
21  59  29  44  -2  21   0 0.00    M    M 11.5 23 350   M    M   0        32  40
22  46  19  33 -12  32   0 0.00    M    M  3.4 10 350   M    M   0        13  10
23  62  29  46   1  19   0 0.00    M    M  8.2 17 220   M    M   0        22 230
================================================================================
SM 1387  904       345   1  0.26    M    211.2          M      111
================================================================================
AV 60.3 39.3                               9.2 FASTST   M    M   5    MAX(MPH)
                                 MISC ---->  # 32 210               # 45  330
================================================================================
NOTES:
# LAST OF SEVERAL OCCURRENCES

COLUMN 17 PEAK WIND IN M.P.H.

PRELIMINARY LOCAL CLIMATOLOGICAL DATA (WS FORM: F-6) , PAGE 2

                                          STATION:  JOPLIN MO
                                          MONTH:    NOVEMBER
                                          YEAR:     2017
                                          LATITUDE:   37 10 N
                                          LONGITUDE:  94 30 W

[TEMPERATURE DATA]      [PRECIPITATION DATA]       SYMBOLS USED IN COLUMN 16

AVERAGE MONTHLY: 49.8   TOTAL FOR MONTH:   0.26    1 = FOG OR MIST
DPTR FM NORMAL:  -0.2   DPTR FM NORMAL:   -2.68    2 = FOG REDUCING VISIBILITY
HIGHEST:    79 ON  2    GRTST 24HR  0.10 ON 18-18      TO 1/4 MILE OR LESS
LOWEST:     19 ON 22                               3 = THUNDER
                        SNOW, ICE PELLETS, HAIL    4 = ICE PELLETS
                        TOTAL MONTH:    M          5 = HAIL
                        GRTST 24HR    M  ON   M    6 = FREEZING RAIN OR DRIZZLE
                        GRTST DEPTH:  M  ON   M    7 = DUSTSTORM OR SANDSTORM:
                                                       VSBY 1/2 MILE OR LESS
                                                   8 = SMOKE OR HAZE
[NO. OF DAYS WITH]      [WEATHER - DAYS WITH]      9 = BLOWING SNOW
                                                   X = TORNADO
MAX 32 OR BELOW:   0    0.01 INCH OR MORE:   4
MAX 90 OR ABOVE:   0    0.10 INCH OR MORE:   2
MIN 32 OR BELOW:   7    0.50 INCH OR MORE:   0
MIN  0 OR BELOW:   0    1.00 INCH OR MORE:   0

[HDD (BASE 65) ]
TOTAL THIS MO.   345    CLEAR  (SCALE 0-3)  10
DPTR FM NORMAL    -6    PTCLDY (SCALE 4-7)   6
TOTAL FM JUL 1   576    CLOUDY (SCALE 8-10)  7
DPTR FM NORMAL   -27

[CDD (BASE 65) ]
TOTAL THIS MO.     1
DPTR FM NORMAL    -4    [PRESSURE DATA]
TOTAL FM JAN 1  1750    HIGHEST SLP M ON M
DPTR FM NORMAL    54    LOWEST  SLP 29.37 ON 18

[REMARKS]
