000
CXUS53 KBIS 220728
CF6JMS
PRELIMINARY LOCAL CLIMATOLOGICAL DATA (WS FORM: F-6)

                                          STATION:   JAMESTOWN ND
                                          MONTH:     SEPTEMBER
                                          YEAR:      2014
                                          LATITUDE:   46 55 N
                                          LONGITUDE:  98 40 W

  TEMPERATURE IN F:       :PCPN:    SNOW:  WIND      :SUNSHINE: SKY     :PK WND
================================================================================
1   2   3   4   5  6A  6B    7    8   9   10  11  12  13   14  15   16   17  18
                                     12Z  AVG MX 2MIN
DY MAX MIN AVG DEP HDD CDD  WTR  SNW DPTH SPD SPD DIR MIN PSBL S-S WX    SPD DR
================================================================================

 1  73  54  64   0   1   0 0.00    M    M  7.8 20 320   M    M   1        24 310
 2  78  52  65   1   0   0 0.00    M    M  6.1 18 260   M    M   1        23 250
 3  78  48  63   0   2   0    T    M    M  6.9 14 100   M    M   1 3      19 100
 4  69  54  62  -1   3   0 1.13    M    M 15.4 30  40   M    M   5 13     42  50
 5  69  45  57  -5   8   0 0.00    M    M  9.0 18 270   M    M   1        25 250
 6  76  47  62   0   3   0 0.00    M    M  6.2 18 240   M    M   1        25 270
 7  77  47  62   1   3   0 0.00    M    M  7.2 17 180   M    M   0        21 180
 8  84  56  70   9   0   5 0.00    M    M  9.8 23  30   M    M   1        32  10
 9  56  45  51  -9  14   0 0.30    M    M 13.8 22  50   M    M  10 1      32  50
10  53  42  48 -12  17   0 0.03    M    M 13.2 21  20   M    M  10        28  20
11  53  39  46 -14  19   0    T    M    M  7.6 15 360   M    M   8        21  10
12  54  36  45 -14  20   0 0.00    M    M  4.6 14 240   M    M   7        18 240
13  64  34  49 -10  16   0 0.00    M    M 12.5 21 280   M    M   1        29 300
14  57  40  49  -9  16   0 0.00    M    M  8.1 20 300   M    M   5        25 290
15  64  37  51  -7  14   0 0.00    M    M  7.2 18 250   M    M   2        22 240
16  70  37  54  -3  11   0 0.00    M    M  5.5 13 170   M    M   0        17 180
17  73  41  57   0   8   0 0.00    M    M  4.7 12  70   M    M   0 1      15  10
18  78  39  59   3   6   0    T    M    M 10.7 25 170   M    M   1 12     33 170
19  82  59  71  15   0   6 0.03    M    M 12.2 22 280   M    M   2 1      27 170
20  69  52  61   5   4   0 0.10    M    M 11.6 29 310   M    M   2 13     37 330
21  68  44  56   1   9   0 0.00    M    M  6.6 14 330   M    M   1        18 320
================================================================================
SM 1445  948       174  11  1.59    M    186.7          M       60
================================================================================
AV 68.8 45.1                               8.9 FASTST   M    M   3    MAX(MPH)
                                 MISC ---->  # 30  40               # 42   50
================================================================================
NOTES:
# LAST OF SEVERAL OCCURRENCES

COLUMN 17 PEAK WIND IN M.P.H.

PRELIMINARY LOCAL CLIMATOLOGICAL DATA (WS FORM: F-6) , PAGE 2

                                          STATION:  JAMESTOWN ND
                                          MONTH:    SEPTEMBER
                                          YEAR:     2014
                                          LATITUDE:   46 55 N
                                          LONGITUDE:  98 40 W

[TEMPERATURE DATA]      [PRECIPITATION DATA]       SYMBOLS USED IN COLUMN 16

AVERAGE MONTHLY: 57.0   TOTAL FOR MONTH:   1.59    1 = FOG OR MIST
DPTR FM NORMAL:  -2.6   DPTR FM NORMAL:    0.10    2 = FOG REDUCING VISIBILITY
HIGHEST:    84 ON  8    GRTST 24HR  1.13 ON  4- 4      TO 1/4 MILE OR LESS
LOWEST:     34 ON 13                               3 = THUNDER
                        SNOW, ICE PELLETS, HAIL    4 = ICE PELLETS
                        TOTAL MONTH:    M          5 = HAIL
                        GRTST 24HR    M  ON   M    6 = FREEZING RAIN OR DRIZZLE
                        GRTST DEPTH:  M  ON   M    7 = DUSTSTORM OR SANDSTORM:
                                                       VSBY 1/2 MILE OR LESS
                                                   8 = SMOKE OR HAZE
[NO. OF DAYS WITH]      [WEATHER - DAYS WITH]      9 = BLOWING SNOW
                                                   X = TORNADO
MAX 32 OR BELOW:   0    0.01 INCH OR MORE:   5
MAX 90 OR ABOVE:   0    0.10 INCH OR MORE:   3
MIN 32 OR BELOW:   0    0.50 INCH OR MORE:   1
MIN  0 OR BELOW:   0    1.00 INCH OR MORE:   1

[HDD (BASE 65) ]
TOTAL THIS MO.   174    CLEAR  (SCALE 0-3)  15
DPTR FM NORMAL    32    PTCLDY (SCALE 4-7)   3
TOTAL FM JUL 1   229    CLOUDY (SCALE 8-10)  3
DPTR FM NORMAL    21

[CDD (BASE 65) ]
TOTAL THIS MO.    11
DPTR FM NORMAL   -17    [PRESSURE DATA]
TOTAL FM JAN 1   349    HIGHEST SLP M ON M
DPTR FM NORMAL   -94    LOWEST  SLP 29.52 ON  3

[REMARKS]
