000
CXHW50 PHFO 171250
CF6JRF
PRELIMINARY LOCAL CLIMATOLOGICAL DATA (WS FORM: F-6)

                                          STATION:   KALAELOA ARPT/OAHU HI
                                          MONTH:     NOVEMBER
                                          YEAR:      2017
                                          LATITUDE:   21 19 N
                                          LONGITUDE: 158  4 W

  TEMPERATURE IN F:       :PCPN:    SNOW:  WIND      :SUNSHINE: SKY     :PK WND
================================================================================
1   2   3   4   5  6A  6B    7    8   9   10  11  12  13   14  15   16   17  18
                                     12Z  AVG MX 2MIN
DY MAX MIN AVG DEP HDD CDD  WTR  SNW DPTH SPD SPD DIR MIN PSBL S-S WX    SPD DR
================================================================================

 1  86  75  81   3   0  16 0.00  0.0    M  4.5 10 170   M    M   M        13 160
 2  85  72  79   1   0  14 0.00  0.0    M  4.8 14 150   M    M   M        17 150
 3  89  70  80   2   0  15 0.00  0.0    M  6.9 14  70   M    M   M        22  80
 4  86  71  79   1   0  14 0.00  0.0    M  7.0 16  70   M    M   M        26  60
 5  86  70  78   0   0  13    T  0.0    M  7.0 16  70   M    M   M        27  80
 6  85  68  77  -1   0  12 0.00  0.0    M  6.6 16 120   M    M   M        23 120
 7  83  67  75  -3   0  10 0.01  0.0    M  5.2 13  60   M    M   M        19 110
 8  86  72  79   2   0  14 0.00  0.0    M  6.6 12  50   M    M   M        18  40
 9  88  68  78   1   0  13 0.00  0.0    M  5.9 14  40   M    M   M        21  60
10  86  72  79   2   0  14    T  0.0    M  7.0 13  50   M    M   M        21 120
11  82  71  77   0   0  12 1.05  0.0    M  5.7 12  60   M    M   M        17  60
12  84  70  77   0   0  12 0.35  0.0    M  4.6 15 330   M    M   M        22 330
13  85  67  76  -1   0  11 0.00  0.0    M  5.4 12  50   M    M   M        19  60
14  85  70  78   1   0  13 0.01  0.0    M  7.2 14  60   M    M   M 1      22  50
15  83  71  77   1   0  12    T  0.0    M  9.0 18  50   M    M   M        29  50
16  82  70  76   0   0  11 0.00  0.0    M  8.2 17  50   M    M   M 8      27  60
================================================================================
SM 1361 1124         0 206  1.42     0.0 101.6          M        M
================================================================================
AV 85.1 70.3                               6.3 FASTST   M    M -nan   MAX(MPH)
                                 MISC ---->  # 18  50               # 29   50
================================================================================
NOTES:
# LAST OF SEVERAL OCCURRENCES

COLUMN 17 PEAK WIND IN M.P.H.

PRELIMINARY LOCAL CLIMATOLOGICAL DATA (WS FORM: F-6) , PAGE 2

                                          STATION:  KALAELOA ARPT/OAHU HI
                                          MONTH:    NOVEMBER
                                          YEAR:     2017
                                          LATITUDE:   21 19 N
                                          LONGITUDE: 158  4 W

[TEMPERATURE DATA]      [PRECIPITATION DATA]       SYMBOLS USED IN COLUMN 16

AVERAGE MONTHLY: 77.7   TOTAL FOR MONTH:   1.42    1 = FOG OR MIST
DPTR FM NORMAL:   0.3   DPTR FM NORMAL:    0.38    2 = FOG REDUCING VISIBILITY
HIGHEST:    89 ON  3    GRTST 24HR  1.05 ON 11-11      TO 1/4 MILE OR LESS
LOWEST:     67 ON 13, 7                            3 = THUNDER
                        SNOW, ICE PELLETS, HAIL    4 = ICE PELLETS
                        TOTAL MONTH:   0.0 INCH    5 = HAIL
                        GRTST 24HR     0.0         6 = FREEZING RAIN OR DRIZZLE
                        GRTST DEPTH:  M  ON   M    7 = DUSTSTORM OR SANDSTORM:
                                                       VSBY 1/2 MILE OR LESS
                                                   8 = SMOKE OR HAZE
[NO. OF DAYS WITH]      [WEATHER - DAYS WITH]      9 = BLOWING SNOW
                                                   X = TORNADO
MAX 32 OR BELOW:   0    0.01 INCH OR MORE:   4
MAX 90 OR ABOVE:   0    0.10 INCH OR MORE:   2
MIN 32 OR BELOW:   0    0.50 INCH OR MORE:   1
MIN  0 OR BELOW:   0    1.00 INCH OR MORE:   1

[HDD (BASE 65) ]
TOTAL THIS MO.     0    CLEAR  (SCALE 0-3)   0
DPTR FM NORMAL     0    PTCLDY (SCALE 4-7)   0
TOTAL FM JUL 1     0    CLOUDY (SCALE 8-10)  0
DPTR FM NORMAL     0

[CDD (BASE 65) ]
TOTAL THIS MO.   206
DPTR FM NORMAL     9    [PRESSURE DATA]
TOTAL FM JAN 1  4320    HIGHEST SLP M ON M
DPTR FM NORMAL   480    LOWEST  SLP 29.90 ON 11

[REMARKS]
