000
CXUS52 TJSJ 290516
CF6JSJ
PRELIMINARY LOCAL CLIMATOLOGICAL DATA (WS FORM: F-6)

                                          STATION:   SAN JUAN AREA/PR
                                          MONTH:     MARCH
                                          YEAR:      2015
                                          LATITUDE:   18 25 N
                                          LONGITUDE:  66  0 W

  TEMPERATURE IN F:       :PCPN:    SNOW:  WIND      :SUNSHINE: SKY     :PK WND
================================================================================
1   2   3   4   5  6A  6B    7    8   9   10  11  12  13   14  15   16   17  18
                                     12Z  AVG MX 2MIN
DY MAX MIN AVG DEP HDD CDD  WTR  SNW DPTH SPD SPD DIR MIN PSBL S-S WX    SPD DR
================================================================================

 1  84  74  79   1   0  14    T  0.0    0 14.4 26  80   M    M   5        32  70
 2  83  71  77  -1   0  12 0.38  0.0    0  9.4 29  70   M    M   5 1      36  60
 3  83  72  78   0   0  13 0.12  0.0    0 10.8 23  60   M    M   5 1      28  90
 4  83  71  77  -1   0  12 0.17  0.0    0 15.2 24  70   M    M   6        31  90
 5  85  74  80   2   0  15 0.01  0.0    0 13.6 24  80   M    M   5        30  70
 6  85  73  79   1   0  14    T  0.0    0 10.4 23  70   M    M   4        29  70
 7  85  75  80   2   0  15 0.03  0.0    0 11.3 22  80   M    M   6        28  60
 8  83  71  77  -2   0  12 0.03  0.0    0  8.9 25  90   M    M   5 1      32  90
 9  84  73  79   0   0  14 0.04  0.0    0  9.7 26  80   M    M   5 1      30  70
10  84  74  79   0   0  14 0.02  0.0    0 15.1 26  80   M    M   4 1      31 100
11  82  73  78  -1   0  13 0.21  0.0    0 13.4 29  70   M    M   6 1      35  80
12  83  73  78  -1   0  13 0.02  0.0    0 13.0 23  90   M    M   5 1      28  60
13  82  72  77  -2   0  12 0.05  0.0    0 10.1 24  70   M    M   5 1      31  80
14  83  73  78  -1   0  13    T  0.0    0 10.8 26  70   M    M   5 1      30  60
15  84  71  78  -1   0  13 0.00  0.0    0  7.8 22  80   M    M   3        28  80
16  83  72  78  -1   0  13 0.04  0.0    0  3.3 15  60   M    M   5 1      20  60
17  83  71  77  -2   0  12 0.00  0.0    0  6.2 16  60   M    M   4        21  50
18  84  73  79   0   0  14    T  0.0    0  7.5 20  70   M    M   3        24  70
19  85  74  80   1   0  15 0.00  0.0    0  8.8 22  70   M    M   4        26  70
20  84  73  79   0   0  14 0.00  0.0    0  8.3 20  80   M    M   3        24  60
21  84  75  80   1   0  15    T  0.0    0  7.8 15  50   M    M   4        20  30
22  85  73  79   0   0  14 0.00  0.0    0  7.3 18  70   M    M   4        23  50
23  86  73  80   1   0  15 0.33  0.0    0  6.3 21  70   M    M   3        24  70
24  85  73  79   0   0  14 0.05  0.0    0  5.5 23  70   M    M   3 1      25  70
25  85  73  79   0   0  14 0.00  0.0    0  8.2 18  70   M    M   4        25  70
26  85  75  80   1   0  15    T  0.0    0 10.4 23  70   M    M   4        26  80
27  88  75  82   3   0  17    T  0.0    0 10.3 25  80   M    M   3        31  90
28  89  74  82   3   0  17    T    M    M  7.8 22  60   M    M   3        28  80
================================================================================
SM 2359 2044         0 388  1.50     0.0 271.6          M      121
================================================================================
AV 84.2 73.0                               9.7 FASTST   M    M   4    MAX(MPH)
                                 MISC ---->  # 29  70               # 36   60
================================================================================
NOTES:
# LAST OF SEVERAL OCCURRENCES

COLUMN 17 PEAK WIND IN M.P.H.

PRELIMINARY LOCAL CLIMATOLOGICAL DATA (WS FORM: F-6) , PAGE 2

                                          STATION:  SAN JUAN AREA/PR
                                          MONTH:    MARCH
                                          YEAR:     2015
                                          LATITUDE:   18 25 N
                                          LONGITUDE:  66  0 W

[TEMPERATURE DATA]      [PRECIPITATION DATA]       SYMBOLS USED IN COLUMN 16

AVERAGE MONTHLY: 78.6   TOTAL FOR MONTH:   1.50    1 = FOG OR MIST
DPTR FM NORMAL:  -0.1   DPTR FM NORMAL:   -0.23    2 = FOG REDUCING VISIBILITY
HIGHEST:    89 ON 28    GRTST 24HR  0.38 ON  2- 2      TO 1/4 MILE OR LESS
LOWEST:     71 ON 17,15                            3 = THUNDER
                        SNOW, ICE PELLETS, HAIL    4 = ICE PELLETS
                        TOTAL MONTH:   0.0 INCH    5 = HAIL
                        GRTST 24HR     0.0         6 = FREEZING RAIN OR DRIZZLE
                        GRTST DEPTH:   0           7 = DUSTSTORM OR SANDSTORM:
                                                       VSBY 1/2 MILE OR LESS
                                                   8 = SMOKE OR HAZE
[NO. OF DAYS WITH]      [WEATHER - DAYS WITH]      9 = BLOWING SNOW
                                                   X = TORNADO
MAX 32 OR BELOW:   0    0.01 INCH OR MORE:  14
MAX 90 OR ABOVE:   0    0.10 INCH OR MORE:   5
MIN 32 OR BELOW:   0    0.50 INCH OR MORE:   0
MIN  0 OR BELOW:   0    1.00 INCH OR MORE:   0

[HDD (BASE 65) ]
TOTAL THIS MO.     0    CLEAR  (SCALE 0-3)   3
DPTR FM NORMAL     0    PTCLDY (SCALE 4-7)  25
TOTAL FM JUL 1     0    CLOUDY (SCALE 8-10)  0
DPTR FM NORMAL     0

[CDD (BASE 65) ]
TOTAL THIS MO.   388
DPTR FM NORMAL     2    [PRESSURE DATA]
TOTAL FM JAN 1  1228    HIGHEST SLP M ON M
DPTR FM NORMAL    91    LOWEST  SLP 29.93 ON 18

[REMARKS]
