000
CXUS54 KFWD 300730
CF6JWY
PRELIMINARY LOCAL CLIMATOLOGICAL DATA (WS FORM: F-6)

                                          STATION:   WAXAHACHIE
                                          MONTH:     OCTOBER
                                          YEAR:      2014
                                          LATITUDE:   32 27 N
                                          LONGITUDE:  96 54 W

  TEMPERATURE IN F:       :PCPN:    SNOW:  WIND      :SUNSHINE: SKY     :PK WND
================================================================================
1   2   3   4   5  6A  6B    7    8   9   10  11  12  13   14  15   16   17  18
                                     12Z  AVG MX 2MIN
DY MAX MIN AVG DEP HDD CDD  WTR  SNW DPTH SPD SPD DIR MIN PSBL S-S WX    SPD DR
================================================================================

 1  93  71  82  11   0  17 0.00  0.0    0  8.6 14 150   M    M   4        21 170
 2  93  66  80   9   0  15 0.07  0.0    0 11.0 23 180   M    M   4 3      30 180
 3  81  54  68  -2   0   3 0.00  0.0    0  7.3 18 350   M    M   0        24 360
 4  79  45  62  -8   3   0 0.00  0.0    0  2.6 12 180   M    M   0         M  M
 5  84  56  70   0   0   5 0.00  0.0    0  9.4 16 170   M    M   1        24 200
 6  84  64  74   4   0   9 0.08  0.0    0  8.3 14 160   M    M   4        18 160
 7  96  68  82  13   0  17 0.00  0.0    0  9.6 15 200   M    M   1        20 160
 8  91  71  81  12   0  16 0.00  0.0    0  9.2 14 160   M    M   3        20 200
 9  92  73  83  15   0  18 0.00  0.0    0 10.5 17 160   M    M   5        23 160
10  93  65  79  11   0  14 0.32  0.0    0  9.8 16 190   M    M   5 3      24 190
11  65  53  59  -9   6   0 0.54  0.0    0  7.1 13 310   M    M   9 13      M  M
12  73  51  62  -6   3   0 0.00  0.0    0  6.1 15 160   M    M   9 1      25 160
13  74  56  65  -2   0   0 1.38  0.0    0 12.7 27 280   M    M   8        36 280
14  76  52  64  -3   1   0 0.00  0.0    0  8.5 21 290   M    M   0        29 290
15  82  51  67   0   0   2 0.00  0.0    0  2.1  9 310   M    M   0         M  M
16  88  53  71   5   0   6 0.00  0.0    0  7.2 18 190   M    M   0        23 190
17  88  56  72   6   0   7 0.00  0.0    0  5.4 13 190   M    M   0         M  M
18  83  61  72   6   0   7 0.00  0.0    0  6.2 10  50   M    M   1         M  M
19  77  56  67   2   0   2 0.00  0.0    0  2.3  9 100   M    M   3         M  M
20  82  55  69   4   0   4 0.00  0.0    0  1.0  7 230   M    M   1         M  M
21  82  53  68   3   0   3 0.00  0.0    0  1.5  8 150   M    M   0 18      M  M
22  82  57  70   6   0   5 0.00  0.0    0  2.0  8 120   M    M   2 1       M  M
23  79  61  70   6   0   5    T  0.0    0  1.4  8 190   M    M   5         M  M
24  84  59  72   8   0   7 0.00  0.0    0  4.0  9 160   M    M   2         M  M
25  88  59  74  11   0   9 0.00  0.0    0  4.0  9 180   M    M   0         M  M
26  87  60  74  11   0   9 0.00  0.0    0  8.6 15 160   M    M   0        21 170
27  84  63  74  11   0   9 0.00  0.0    0 13.9 21 160   M    M   0        30 200
28  78  64  71   9   0   6 0.00  0.0    0  7.1 16 190   M    M   5        20 190
29  77  54  66   4   0   1 0.00  0.0    0  4.8 10  40   M    M   1         M  M
================================================================================
SM 2415 1707        13 196  2.39     0.0 192.2          M       73
================================================================================
AV 83.3 58.9                               6.6 FASTST   M    M   3    MAX(MPH)
                                 MISC ---->  # 27 280                 36    M
================================================================================
NOTES:
# LAST OF SEVERAL OCCURRENCES

COLUMN 17 PEAK WIND IN M.P.H.

PRELIMINARY LOCAL CLIMATOLOGICAL DATA (WS FORM: F-6) , PAGE 2

                                          STATION:  WAXAHACHIE
                                          MONTH:    OCTOBER
                                          YEAR:     2014
                                          LATITUDE:   32 27 N
                                          LONGITUDE:  96 54 W

[TEMPERATURE DATA]      [PRECIPITATION DATA]       SYMBOLS USED IN COLUMN 16

AVERAGE MONTHLY: 71.1   TOTAL FOR MONTH:   2.39    1 = FOG OR MIST
DPTR FM NORMAL:   4.5   DPTR FM NORMAL:   -1.76    2 = FOG REDUCING VISIBILITY
HIGHEST:    96 ON  7    GRTST 24HR  1.38 ON 13-13      TO 1/4 MILE OR LESS
LOWEST:     45 ON  4                               3 = THUNDER
                        SNOW, ICE PELLETS, HAIL    4 = ICE PELLETS
                        TOTAL MONTH:   0.0 INCH    5 = HAIL
                        GRTST 24HR     0.0         6 = FREEZING RAIN OR DRIZZLE
                        GRTST DEPTH:   0           7 = DUSTSTORM OR SANDSTORM:
                                                       VSBY 1/2 MILE OR LESS
                                                   8 = SMOKE OR HAZE
[NO. OF DAYS WITH]      [WEATHER - DAYS WITH]      9 = BLOWING SNOW
                                                   X = TORNADO
MAX 32 OR BELOW:   0    0.01 INCH OR MORE:   5
MAX 90 OR ABOVE:   6    0.10 INCH OR MORE:   3
MIN 32 OR BELOW:   0    0.50 INCH OR MORE:   2
MIN  0 OR BELOW:   0    1.00 INCH OR MORE:   1

[HDD (BASE 65) ]
TOTAL THIS MO.    13    CLEAR  (SCALE 0-3)  17
DPTR FM NORMAL   -55    PTCLDY (SCALE 4-7)  10
TOTAL FM JUL 1    14    CLOUDY (SCALE 8-10)  2
DPTR FM NORMAL   -61

[CDD (BASE 65) ]
TOTAL THIS MO.   196
DPTR FM NORMAL    83    [PRESSURE DATA]
TOTAL FM JAN 1  2430    HIGHEST SLP M ON M
DPTR FM NORMAL    22    LOWEST  SLP M ON M

[REMARKS]
