000
CXUS53 KGID 230730
CF6JYR
PRELIMINARY LOCAL CLIMATOLOGICAL DATA (WS FORM: F-6)

                                          STATION:   YORK
                                          MONTH:     MARCH
                                          YEAR:      2017
                                          LATITUDE:   40 54 N
                                          LONGITUDE:  97 37 W

  TEMPERATURE IN F:       :PCPN:    SNOW:  WIND      :SUNSHINE: SKY     :PK WND
================================================================================
1   2   3   4   5  6A  6B    7    8   9   10  11  12  13   14  15   16   17  18
                                     12Z  AVG MX 2MIN
DY MAX MIN AVG DEP HDD CDD  WTR  SNW DPTH SPD SPD DIR MIN PSBL S-S WX    SPD DR
================================================================================

 1  45  23  34   M  31   0 0.00    M    M 15.4 30 320   M    M   2        37 310
 2  46  23  35   M  30   0 0.00    M    M 11.3 17 320   M    M   1        24 340
 3  55  23  39   M  26   0 0.00    M    M 12.0 27 180   M    M   0        32 180
 4  72  23  48   M  17   0 0.00    M    M 14.0 29 200   M    M   0        35 200
 5  72  48  60   M   5   0 0.00    M    M 17.8 27 170   M    M   5        31 170
 6  77  36  57   M   8   0 0.00    M    M 28.8 39 280   M    M   3        47 280
 7  55  28  42   M  23   0 0.00    M    M 18.4 37 290   M    M   0        41 290
 8  59  23  41   M  24   0 0.00    M    M  6.3 13 130   M    M   0 8       M  M
 9  50  25  38   M  27   0 0.00    M    M 13.8 27  30   M    M   1        33  30
10  28  19  24   M  41   0 0.00    M    M 12.6 22  20   M    M   8        27  20
11  34  23  29   M  36   0 0.00    M    M  7.5 14  90   M    M   9         M  M
12  43  21  32   M  33   0 0.00    M    M 16.8 35 310   M    M   7        44 310
13  32  19  26   M  39   0    T    M    M 17.9 32 320   M    M   6        40 320
14  27  18  23   M  42   0    M    M    M  7.4 10 120   M    M   7         M  M
15  48  25  37   M  28   0    M    M    M 11.8 18 200   M    M   4        24 200
16  68  28  48   M  17   0 0.00    M    M 13.1 21 190   M    M   0        28 190
17  66  34  50   M  15   0 0.00    M    M 10.7 18 330   M    M   0        27 340
18  61  28  45   M  20   0 0.00    M    M  8.2 15 150   M    M   2        20 150
19  82  43  63   M   2   0 0.00    M    M 10.5 15 170   M    M   0        22 200
20  64  45  55   M  10   0 0.00    M    M 14.1 25  30   M    M   0        31  30
21  48  32  40   M  25   0    T    M    M 14.8 23  60   M    M   4        31  30
22  55  32  44   M  21   0 0.00    M    M 14.2 21 150   M    M   9        24 140
================================================================================
SM 1187  619       520   0    T     M    297.4          M       68
================================================================================
AV 54.0 28.1                              13.5 FASTST   M    M   3    MAX(MPH)
                                 MISC ---->    39   M                 47    M
================================================================================
NOTES:
# LAST OF SEVERAL OCCURRENCES

COLUMN 17 PEAK WIND IN M.P.H.

PRELIMINARY LOCAL CLIMATOLOGICAL DATA (WS FORM: F-6) , PAGE 2

                                          STATION:  YORK
                                          MONTH:    MARCH
                                          YEAR:     2017
                                          LATITUDE:   40 54 N
                                          LONGITUDE:  97 37 W

[TEMPERATURE DATA]      [PRECIPITATION DATA]       SYMBOLS USED IN COLUMN 16

AVERAGE MONTHLY: 41.1   TOTAL FOR MONTH:      T    1 = FOG OR MIST
DPTR FM NORMAL:     M   DPTR FM NORMAL:       M    2 = FOG REDUCING VISIBILITY
HIGHEST:    82 ON 19    GRTST 24HR    T  ON 21-21      TO 1/4 MILE OR LESS
LOWEST:     18 ON 14                               3 = THUNDER
                        SNOW, ICE PELLETS, HAIL    4 = ICE PELLETS
                        TOTAL MONTH:    M          5 = HAIL
                        GRTST 24HR    M  ON   M    6 = FREEZING RAIN OR DRIZZLE
                        GRTST DEPTH:  M  ON   M    7 = DUSTSTORM OR SANDSTORM:
                                                       VSBY 1/2 MILE OR LESS
                                                   8 = SMOKE OR HAZE
[NO. OF DAYS WITH]      [WEATHER - DAYS WITH]      9 = BLOWING SNOW
                                                   X = TORNADO
MAX 32 OR BELOW:   3    0.01 INCH OR MORE:   0
MAX 90 OR ABOVE:   0    0.10 INCH OR MORE:   0
MIN 32 OR BELOW:  17    0.50 INCH OR MORE:   0
MIN  0 OR BELOW:   0    1.00 INCH OR MORE:   0

[HDD (BASE 65) ]
TOTAL THIS MO.   520    CLEAR  (SCALE 0-3)  12
DPTR FM NORMAL     M    PTCLDY (SCALE 4-7)   8
TOTAL FM JUL 1  4588    CLOUDY (SCALE 8-10)  2
DPTR FM NORMAL     M

[CDD (BASE 65) ]
TOTAL THIS MO.     0
DPTR FM NORMAL     M    [PRESSURE DATA]
TOTAL FM JAN 1     0    HIGHEST SLP M ON M
DPTR FM NORMAL     M    LOWEST  SLP M ON M

[REMARKS]
