000
CXUS55 KPUB 271059
CF6LAA
PRELIMINARY LOCAL CLIMATOLOGICAL DATA (WS FORM: F-6)

                                          STATION:   LAMAR CO
                                          MONTH:     APRIL
                                          YEAR:      2017
                                          LATITUDE:   38  4 N
                                          LONGITUDE: 102 41 W

  TEMPERATURE IN F:       :PCPN:    SNOW:  WIND      :SUNSHINE: SKY     :PK WND
================================================================================
1   2   3   4   5  6A  6B    7    8   9   10  11  12  13   14  15   16   17  18
                                     12Z  AVG MX 2MIN
DY MAX MIN AVG DEP HDD CDD  WTR  SNW DPTH SPD SPD DIR MIN PSBL S-S WX    SPD DR
================================================================================

 1  42  30  36 -12  29   0    M    M    0  6.6 15  60   M    M   8 1      18  60
 2  64  26  45  -3  20   0 0.00  0.0    0  5.6 14 280   M    M   4 12     18 270
 3  66  39  53   5  12   0    M    M    0 10.1 25 340   M    M   6        33 330
 4  45  34  40  -9  25   0    M    M    M 10.9 22 360   M    M   8 1      29  70
 5  58  32  45  -4  20   0 0.00  0.0    0 10.9 22 310   M    M   1        28 310
 6  69  30  50   1  15   0 0.00  0.0    0  7.1 14 170   M    M   0        18 170
 7  85  36  61  11   4   0 0.00  0.0    0  7.1 20 270   M    M   0        24 270
 8  80  47  64  14   1   0 0.00  0.0    0 10.6 25 250   M    M   0        30 250
 9  78  41  60  10   5   0 0.00  0.0    0 14.1 35 270   M    M   0        43 260
10  66  27  47  -3  18   0 0.00  0.0    0  8.1 17 350   M    M   0        21 350
11  80  30  55   4  10   0 0.00  0.0    0 13.1 30 180   M    M   0        39 180
12  83  53  68  17   0   3 0.00  0.0    0 11.9 29 200   M    M   1 3      38 190
13  77  43  60   9   5   0 0.00  0.0    0 11.2 29 120   M    M   0        36 120
14  91  43  67  15   0   2 0.00  0.0    0 12.9 31 170   M    M   0        37 180
15  82  43  63  11   2   0 0.00  0.0    0  8.9 21  70   M    M   0        26  60
16  69  49  59   7   6   0 0.00  0.0    0  9.1 20 120   M    M   6 1      23  90
17  76  51  64  11   1   0    T  0.0    0 16.6 32 200   M    M   5 13     41 200
18  82  52  67  14   0   2 0.00  0.0    0 13.6 30 210   M    M   0        42 200
19  87  43  65  12   0   0 0.00  0.0    0 12.9 35  50   M    M   1        46  50
20  70  47  59   5   6   0 0.04  0.0    0 10.2 22 360   M    M   6        26  20
21  52  43  48  -6  17   0 0.45  0.0    0 11.5 26  90   M    M   8 13     33  90
22  59  37  48  -6  17   0 0.00  0.0    0  4.5 13  20   M    M   5        17  70
23  79  38  59   5   6   0 0.00  0.0    0 19.6 30 170   M    M   0        39 180
24  82  56  69  14   0   4 0.00  0.0    0 13.5 25 200   M    M   0        33 200
25  60  43  52  -3  13   0 0.30    M    0 12.4 25  30   M    M   7 1      34 360
26  64  36  50  -6  15   0    T    M    0 10.2 23 360   M    M   5        28 330
================================================================================
SM 1846 1049       247  11  0.79     0.0 283.2          M       71
================================================================================
AV 71.0 40.4                              10.9 FASTST   M    M   3    MAX(MPH)
                                 MISC ---->  # 35 270               # 46   50
================================================================================
NOTES:
# LAST OF SEVERAL OCCURRENCES

COLUMN 17 PEAK WIND IN M.P.H.

PRELIMINARY LOCAL CLIMATOLOGICAL DATA (WS FORM: F-6) , PAGE 2

                                          STATION:  LAMAR CO
                                          MONTH:    APRIL
                                          YEAR:     2017
                                          LATITUDE:   38  4 N
                                          LONGITUDE: 102 41 W

[TEMPERATURE DATA]      [PRECIPITATION DATA]       SYMBOLS USED IN COLUMN 16

AVERAGE MONTHLY: 55.7   TOTAL FOR MONTH:   0.79    1 = FOG OR MIST
DPTR FM NORMAL:   4.1   DPTR FM NORMAL:   -0.32    2 = FOG REDUCING VISIBILITY
HIGHEST:    91 ON 14    GRTST 24HR  0.49 ON 20-21      TO 1/4 MILE OR LESS
LOWEST:     26 ON  2                               3 = THUNDER
                        SNOW, ICE PELLETS, HAIL    4 = ICE PELLETS
                        TOTAL MONTH:   0.0 INCH    5 = HAIL
                        GRTST 24HR     0.0         6 = FREEZING RAIN OR DRIZZLE
                        GRTST DEPTH:   0           7 = DUSTSTORM OR SANDSTORM:
                                                       VSBY 1/2 MILE OR LESS
                                                   8 = SMOKE OR HAZE
[NO. OF DAYS WITH]      [WEATHER - DAYS WITH]      9 = BLOWING SNOW
                                                   X = TORNADO
MAX 32 OR BELOW:   0    0.01 INCH OR MORE:   3
MAX 90 OR ABOVE:   1    0.10 INCH OR MORE:   2
MIN 32 OR BELOW:   6    0.50 INCH OR MORE:   0
MIN  0 OR BELOW:   0    1.00 INCH OR MORE:   0

[HDD (BASE 65) ]
TOTAL THIS MO.   247    CLEAR  (SCALE 0-3)  15
DPTR FM NORMAL  -107    PTCLDY (SCALE 4-7)   9
TOTAL FM JUL 1  4501    CLOUDY (SCALE 8-10)  2
DPTR FM NORMAL  -862

[CDD (BASE 65) ]
TOTAL THIS MO.    11
DPTR FM NORMAL    11    [PRESSURE DATA]
TOTAL FM JAN 1    17    HIGHEST SLP M ON M
DPTR FM NORMAL    17    LOWEST  SLP 29.38 ON 25

[REMARKS]
