000
CXUS53 KIND 300730
CF6LAF
PRELIMINARY LOCAL CLIMATOLOGICAL DATA (WS FORM: F-6)

                                          STATION:   LAFAYETTE IN
                                          MONTH:     JUNE
                                          YEAR:      2015
                                          LATITUDE:   40 25 N
                                          LONGITUDE:  86 56 W

  TEMPERATURE IN F:       :PCPN:    SNOW:  WIND      :SUNSHINE: SKY     :PK WND
================================================================================
1   2   3   4   5  6A  6B    7    8   9   10  11  12  13   14  15   16   17  18
                                     12Z  AVG MX 2MIN
DY MAX MIN AVG DEP HDD CDD  WTR  SNW DPTH SPD SPD DIR MIN PSBL S-S WX    SPD DR
================================================================================

 1  64  51  58  -9   7   0 0.00    M    M  9.2 14 100   M    M   8        18  70
 2  70  46  58 -10   7   0 0.00    M    M  5.8 16  80   M    M   1 1      20  80
 3  74  46  60  -8   5   0 0.00    M    M  3.0 12 140   M    M   2 128    16 150
 4  80  50  65  -3   0   0 0.00    M    M  2.9 10 260   M    M   3 128    27 110
 5  82  55  69   0   0   4 0.00    M    M  7.5 20 350   M    M   0 18     26  10
 6  75  54  65  -4   0   0 0.00    M    M  5.7 14  50   M    M   5        17  50
 7  87  59  73   4   0   8 1.81    M    M  7.9 36 320   M    M   2 138    49 310
 8  81  61  71   1   0   6 0.15    M    M  9.6 30 330   M    M   6 13     39 320
 9  83  56  70   0   0   5 0.00    M    M  4.1 12 280   M    M   0 128    14 310
10  89  66  78   8   0  13 0.00    M    M  8.1 17 220   M    M   0 8      25 240
11  89  69  79   8   0  14 0.00    M    M  5.5 13 220   M    M   0 8      18 200
12  88  69  79   8   0  14 0.65    M    M  7.1 28 360   M    M   3 138    38 320
13  87  67  77   6   0  12 0.10    M    M  4.3 17 190   M    M   3 138    24 200
14  83  72  78   7   0  13 0.02    M    M  7.2 16 220   M    M   6 3      23 210
15  86  70  78   6   0  13 0.29    M    M  7.9 16 210   M    M   7 138    26 290
16  80  66  73   1   0   8 0.07    M    M  6.9 12  20   M    M   4 1       M  M
17  77  61  69  -3   0   4 0.84    M    M  5.0 14 250   M    M   9 1      19 250
18  84  68  76   4   0  11 0.35    M    M  5.8 32 230   M    M   7 138    50 230
19  71  66  69  -4   0   4 0.07    M    M  8.0 17  70   M    M  10 1      21  60
20  77  67  72  -1   0   7 0.00    M    M  7.5 13 230   M    M   8 138    18 250
21  83  64  74   1   0   9 0.96    M    M  6.2 41 350   M    M   2 138    52 360
22  84  66  75   2   0  10 0.00    M    M  8.1 21 190   M    M   4 13     29 190
23  80  62  71  -3   0   6 0.00    M    M  7.3 17  10   M    M   4 3      22 360
24  77  59  68  -6   0   3    T    M    M  2.1  9 190   M    M   1 1      11 140
25  79  66  73  -1   0   8 0.66    M    M  5.8 16 310   M    M   7 138    22 320
26  72  62  67  -7   0   2 0.97    M    M  8.3 21  40   M    M  10 13     29  40
27  73  55  64 -10   1   0 0.23    M    M 11.4 23 360   M    M   6 1      31 330
28  78  51  65  -9   0   0 0.03    M    M  4.4 14 200   M    M   3 1      21 200
29  75  62  69  -5   0   4 0.21    M    M  3.6 10 100   M    M   7 123    13 110
================================================================================
SM 2308 1766        20 178  7.41    M    186.2          M      128
================================================================================
AV 79.6 60.9                               6.4 FASTST   M    M   4    MAX(MPH)
                                 MISC ---->  # 41 350               # 52  360
================================================================================
NOTES:
# LAST OF SEVERAL OCCURRENCES

COLUMN 17 PEAK WIND IN M.P.H.

PRELIMINARY LOCAL CLIMATOLOGICAL DATA (WS FORM: F-6) , PAGE 2

                                          STATION:  LAFAYETTE IN
                                          MONTH:    JUNE
                                          YEAR:     2015
                                          LATITUDE:   40 25 N
                                          LONGITUDE:  86 56 W

[TEMPERATURE DATA]      [PRECIPITATION DATA]       SYMBOLS USED IN COLUMN 16

AVERAGE MONTHLY: 70.2   TOTAL FOR MONTH:   7.41    1 = FOG OR MIST
DPTR FM NORMAL:  -1.1   DPTR FM NORMAL:    3.44    2 = FOG REDUCING VISIBILITY
HIGHEST:    89 ON 11,10 GRTST 24HR  1.93 ON  7- 8      TO 1/4 MILE OR LESS
LOWEST:     46 ON  3, 2                            3 = THUNDER
                        SNOW, ICE PELLETS, HAIL    4 = ICE PELLETS
                        TOTAL MONTH:    M          5 = HAIL
                        GRTST 24HR    M  ON   M    6 = FREEZING RAIN OR DRIZZLE
                        GRTST DEPTH:  M  ON   M    7 = DUSTSTORM OR SANDSTORM:
                                                       VSBY 1/2 MILE OR LESS
                                                   8 = SMOKE OR HAZE
[NO. OF DAYS WITH]      [WEATHER - DAYS WITH]      9 = BLOWING SNOW
                                                   X = TORNADO
MAX 32 OR BELOW:   0    0.01 INCH OR MORE:  16
MAX 90 OR ABOVE:   0    0.10 INCH OR MORE:  12
MIN 32 OR BELOW:   0    0.50 INCH OR MORE:   6
MIN  0 OR BELOW:   0    1.00 INCH OR MORE:   1

[HDD (BASE 65) ]
TOTAL THIS MO.    20    CLEAR  (SCALE 0-3)  10
DPTR FM NORMAL    -2    PTCLDY (SCALE 4-7)  15
TOTAL FM JUL 1  6503    CLOUDY (SCALE 8-10)  4
DPTR FM NORMAL   831

[CDD (BASE 65) ]
TOTAL THIS MO.   178
DPTR FM NORMAL   -28    [PRESSURE DATA]
TOTAL FM JAN 1   267    HIGHEST SLP M ON M
DPTR FM NORMAL   -16    LOWEST  SLP 29.67 ON  8

[REMARKS]
