000
CXUS55 KVEF 300940
CF6LAS
PRELIMINARY LOCAL CLIMATOLOGICAL DATA (WS FORM: F-6)

                                          STATION:   LAS VEGAS NV
                                          MONTH:     APRIL
                                          YEAR:      2016
                                          LATITUDE:   36  4 N
                                          LONGITUDE: 115 10 W

  TEMPERATURE IN F:       :PCPN:    SNOW:  WIND      :SUNSHINE: SKY     :PK WND
================================================================================
1   2   3   4   5  6A  6B    7    8   9   10  11  12  13   14  15   16   17  18
                                     12Z  AVG MX 2MIN
DY MAX MIN AVG DEP HDD CDD  WTR  SNW DPTH SPD SPD DIR MIN PSBL S-S WX    SPD DR
================================================================================

 1  77  55  66   3   0   1 0.00  0.0    0  6.9 18  10   M    M   2        23  10
 2  80  55  68   5   0   3 0.00  0.0    0  4.1 13  70   M    M   0        16  70
 3  85  58  72   8   0   7 0.00  0.0    0  5.6 18  80   M    M   3        22  80
 4  86  62  74  10   0   9 0.00  0.0    0  5.0 15 260   M    M   5        20 210
 5  89  61  75  11   0  10 0.00  0.0    0  6.5 17  80   M    M   3        22  50
 6  88  64  76  12   0  11 0.00  0.0    0 10.3 22  40   M    M   8        26  30
 7  86  63  75  10   0  10 0.00  0.0    0  4.4 17 190   M    M   9        23 190
 8  74  59  67   2   0   2 0.08  0.0    0  5.5 16 170   M    M   9        22 200
 9  67  49  58  -7   7   0 0.81  0.0    0  5.1 25 170   M    M   9 13     32 160
10  62  52  57  -8   8   0 0.14  0.0    0  5.6 13  70   M    M   6 13     17 140
11  69  56  63  -3   2   0 0.00  0.0    0  4.1 12 270   M    M   8        14 270
12  79  55  67   1   0   2 0.00  0.0    0  4.2 12 170   M    M   3        17 220
13  82  62  72   6   0   7 0.00  0.0    0  9.5 20 230   M    M   3        33 230
14  81  64  73   7   0   8 0.00  0.0    0 10.8 17 320   M    M   6        26 300
15  70  60  65  -2   0   0 0.00  0.0    0 23.3 37 310   M    M   4        47 310
16  79  58  69   2   0   4 0.00  0.0    0 15.3 26  30   M    M   1        36 340
17  78  60  69   1   0   4 0.00  0.0    0 10.4 24  60   M    M   0        29 360
18  81  58  70   2   0   5 0.00  0.0    0  3.9 14  50   M    M   0        17  30
19  86  59  73   5   0   8 0.00  0.0    0  5.1 13  30   M    M   4        15  10
20  91  64  78  10   0  13 0.00  0.0    0  6.7 18 230   M    M   4        25 230
21  91  65  78   9   0  13 0.00  0.0    0  5.6 17 190   M    M   8        23 190
22  91  65  78   9   0  13 0.00  0.0    0 15.4 32 220   M    M   5        43 230
23  78  60  69  -1   0   4 0.00  0.0    0  9.9 26 250   M    M   2        34 250
24  81  60  71   1   0   6 0.00  0.0    0  9.0 28 260   M    M   7        39 260
25  64  52  58 -12   7   0 0.02  0.0    0 12.7 28 280   M    M   7        36 300
26  75  55  65  -5   0   0 0.00  0.0    0  9.7 25 340   M    M   5        35 340
27  76  57  67  -4   0   2 0.04  0.0    0 11.1 29 260   M    M   8 3      35 340
28  69  51  60 -11   5   0 0.24  0.0    0  6.5 30 350   M    M   8 13     37 350
29  77  53  65  -7   0   0 0.00  0.0    0  5.5 26  30   M    M   5        31  20
================================================================================
SM 2292 1692        29 142  1.33     0.0 237.7          M      142
================================================================================
AV 79.0 58.3                               8.2 FASTST   M    M   5    MAX(MPH)
                                 MISC ---->  # 37 310               # 47  310
================================================================================
NOTES:
# LAST OF SEVERAL OCCURRENCES

COLUMN 17 PEAK WIND IN M.P.H.

PRELIMINARY LOCAL CLIMATOLOGICAL DATA (WS FORM: F-6) , PAGE 2

                                          STATION:  LAS VEGAS NV
                                          MONTH:    APRIL
                                          YEAR:     2016
                                          LATITUDE:   36  4 N
                                          LONGITUDE: 115 10 W

[TEMPERATURE DATA]      [PRECIPITATION DATA]       SYMBOLS USED IN COLUMN 16

AVERAGE MONTHLY: 68.7   TOTAL FOR MONTH:   1.33    1 = FOG OR MIST
DPTR FM NORMAL:   1.7   DPTR FM NORMAL:    1.18    2 = FOG REDUCING VISIBILITY
HIGHEST:    91 ON 22,21 GRTST 24HR  0.85 ON  9-10      TO 1/4 MILE OR LESS
LOWEST:     49 ON  9                               3 = THUNDER
                        SNOW, ICE PELLETS, HAIL    4 = ICE PELLETS
                        TOTAL MONTH:   0.0 INCH    5 = HAIL
                        GRTST 24HR     0.0         6 = FREEZING RAIN OR DRIZZLE
                        GRTST DEPTH:   0           7 = DUSTSTORM OR SANDSTORM:
                                                       VSBY 1/2 MILE OR LESS
                                                   8 = SMOKE OR HAZE
[NO. OF DAYS WITH]      [WEATHER - DAYS WITH]      9 = BLOWING SNOW
                                                   X = TORNADO
MAX 32 OR BELOW:   0    0.01 INCH OR MORE:   6
MAX 90 OR ABOVE:   3    0.10 INCH OR MORE:   3
MIN 32 OR BELOW:   0    0.50 INCH OR MORE:   1
MIN  0 OR BELOW:   0    1.00 INCH OR MORE:   0

[HDD (BASE 65) ]
TOTAL THIS MO.    29    CLEAR  (SCALE 0-3)   9
DPTR FM NORMAL   -34    PTCLDY (SCALE 4-7)  16
TOTAL FM JUL 1  1686    CLOUDY (SCALE 8-10)  4
DPTR FM NORMAL  -257

[CDD (BASE 65) ]
TOTAL THIS MO.   142
DPTR FM NORMAL    21    [PRESSURE DATA]
TOTAL FM JAN 1   206    HIGHEST SLP M ON M
DPTR FM NORMAL    54    LOWEST  SLP 29.50 ON 24

[REMARKS]
