000
CXUS54 KOUN 221210
CF6LAW
PRELIMINARY LOCAL CLIMATOLOGICAL DATA (WS FORM: F-6)

                                          STATION:   LAWTON MUNICIPAL
                                          MONTH:     SEPTEMBER
                                          YEAR:      2017
                                          LATITUDE:   34 34 N
                                          LONGITUDE:  98 25 W

  TEMPERATURE IN F:       :PCPN:    SNOW:  WIND      :SUNSHINE: SKY     :PK WND
================================================================================
1   2   3   4   5  6A  6B    7    8   9   10  11  12  13   14  15   16   17  18
                                     12Z  AVG MX 2MIN
DY MAX MIN AVG DEP HDD CDD  WTR  SNW DPTH SPD SPD DIR MIN PSBL S-S WX    SPD DR
================================================================================

 1  87  60  74  -6   0   9 0.00  0.0    0  2.5 10 120   M    M   0 8      13 120
 2  92  68  80   0   0  15 0.01  0.0    0  4.8 13  90   M    M   2        16  10
 3  92  65  79  -1   0  14 0.00  0.0    0  3.2 12 130   M    M   0 1      15 150
 4  95  65  80   1   0  15 0.00  0.0    0  4.6 12 200   M    M   0 1      17 200
 5  81  60  71  -8   0   6 0.01  0.0    0 12.2 29  30   M    M   2 3      35  30
 6  83  54  69 -10   0   4 0.00  0.0    0  5.0 13  20   M    M   1        16  20
 7  86  51  69  -9   0   4 0.00  0.0    0  5.4 15 120   M    M   0        18 170
 8  86  53  70  -8   0   5 0.00  0.0    0  6.9 16 130   M    M   0        22 160
 9  85  54  70  -8   0   5 0.00  0.0    0  5.3 15 120   M    M   0        29 120
10  85  55  70  -7   0   5 0.00  0.0    0  3.2 10  30   M    M   0        13 100
11  87  54  71  -6   0   6 0.00  0.0    0  3.0 13  20   M    M   0        18 270
12  85  54  70  -6   0   5 0.00  0.0    0  6.9 14  20   M    M   0        17  20
13  91  54  73  -3   0   8 0.00  0.0    0  6.4 12 360   M    M   0        14 360
14  98  57  78   2   0  13 0.00  0.0    0  8.7 15 120   M    M   0        20 130
15  94  71  83   8   0  18 0.00  0.0    0 12.5 23 160   M    M   0        29 160
16  91  69  80   5   0  15 0.00  0.0    0  8.1 16 170   M    M   0        21 160
17  87  67  77   3   0  12 1.23  0.0    0  8.8 28 290   M    M   4 13     46 280
18  87  65  76   2   0  11 0.76  0.0    0  7.8 17 190   M    M   3 13     22 170
19  96  71  84  10   0  19 0.00  0.0    0 12.8 21 170   M    M   0 3      29 210
20  95  71  83  10   0  18 0.35  0.0    0 10.8 24 160   M    M   0 3      28 160
21  95  75  85  12   0  20 0.00  0.0    0 12.1 20 170   M    M   0        25 150
================================================================================
SM 1878 1293         0 227  2.36     0.0 151.0          M       12
================================================================================
AV 89.4 61.6                               7.2 FASTST   M    M   1    MAX(MPH)
                                 MISC ---->  # 29  30               # 46  280
================================================================================
NOTES:
# LAST OF SEVERAL OCCURRENCES

COLUMN 17 PEAK WIND IN M.P.H.

PRELIMINARY LOCAL CLIMATOLOGICAL DATA (WS FORM: F-6) , PAGE 2

                                          STATION:  LAWTON MUNICIPAL
                                          MONTH:    SEPTEMBER
                                          YEAR:     2017
                                          LATITUDE:   34 34 N
                                          LONGITUDE:  98 25 W

[TEMPERATURE DATA]      [PRECIPITATION DATA]       SYMBOLS USED IN COLUMN 16

AVERAGE MONTHLY: 75.5   TOTAL FOR MONTH:   2.36    1 = FOG OR MIST
DPTR FM NORMAL:  -1.2   DPTR FM NORMAL:   -0.09    2 = FOG REDUCING VISIBILITY
HIGHEST:    98 ON 14    GRTST 24HR  1.23 ON 17-17      TO 1/4 MILE OR LESS
LOWEST:     51 ON  7                               3 = THUNDER
                        SNOW, ICE PELLETS, HAIL    4 = ICE PELLETS
                        TOTAL MONTH:   0.0 INCH    5 = HAIL
                        GRTST 24HR     0.0         6 = FREEZING RAIN OR DRIZZLE
                        GRTST DEPTH:   0           7 = DUSTSTORM OR SANDSTORM:
                                                       VSBY 1/2 MILE OR LESS
                                                   8 = SMOKE OR HAZE
[NO. OF DAYS WITH]      [WEATHER - DAYS WITH]      9 = BLOWING SNOW
                                                   X = TORNADO
MAX 32 OR BELOW:   0    0.01 INCH OR MORE:   5
MAX 90 OR ABOVE:  10    0.10 INCH OR MORE:   3
MIN 32 OR BELOW:   0    0.50 INCH OR MORE:   2
MIN  0 OR BELOW:   0    1.00 INCH OR MORE:   1

[HDD (BASE 65) ]
TOTAL THIS MO.     0    CLEAR  (SCALE 0-3)  20
DPTR FM NORMAL     0    PTCLDY (SCALE 4-7)   1
TOTAL FM JUL 1     0    CLOUDY (SCALE 8-10)  0
DPTR FM NORMAL     0

[CDD (BASE 65) ]
TOTAL THIS MO.   227
DPTR FM NORMAL   -21    [PRESSURE DATA]
TOTAL FM JAN 1  1969    HIGHEST SLP M ON M
DPTR FM NORMAL  -195    LOWEST  SLP 29.66 ON 19

[REMARKS]
