000
CXUS54 KOUN 300700
CF6LAW
PRELIMINARY LOCAL CLIMATOLOGICAL DATA (WS FORM: F-6)

                                          STATION:   LAWTON MUNICIPAL
                                          MONTH:     APRIL
                                          YEAR:      2016
                                          LATITUDE:   34 34 N
                                          LONGITUDE:  98 25 W

  TEMPERATURE IN F:       :PCPN:    SNOW:  WIND      :SUNSHINE: SKY     :PK WND
================================================================================
1   2   3   4   5  6A  6B    7    8   9   10  11  12  13   14  15   16   17  18
                                     12Z  AVG MX 2MIN
DY MAX MIN AVG DEP HDD CDD  WTR  SNW DPTH SPD SPD DIR MIN PSBL S-S WX    SPD DR
================================================================================

 1  62  41  52  -7  13   0 0.00  0.0    0  8.6 20  10   M    M   1        25  20
 2  72  32  52  -7  13   0 0.00  0.0    0  5.3 14 340   M    M   0        20 280
 3  79  35  57  -2   8   0 0.00  0.0    0  7.3 22 230   M    M   0        32 220
 4  87  38  63   4   2   0 0.00  0.0    0  5.5 16  50   M    M   0        22  10
 5  88  47  68   8   0   3 0.00  0.0    0 13.4 28 180   M    M   0        38 180
 6  77  46  62   2   3   0 0.00  0.0    0 12.6 31 360   M    M   0        40 360
 7  80  44  62   2   3   0 0.00  0.0    0 10.2 28  50   M    M   0        32  50
 8  75  45  60   0   5   0 0.00  0.0    0  6.5 12 160   M    M   0        16 120
 9  72  48  60   0   5   0 0.01  0.0    0  9.6 28 190   M    M   6        35 190
10  88  49  69   8   0   4 0.71  0.0    0 11.7 30 290   M    M   4 18     45 300
11  70  50  60  -1   5   0 0.34  0.0    0 12.1 29  20   M    M   6 1      35  20
12  64  46  55  -6  10   0 0.13  9.0    0  6.5 16  30   M    M   4 1      19  30
13  65  49  57  -4   8   0 0.34  0.0    0  5.2 12 130   M    M   7 1      15 120
14  67  48  58  -4   7   0 0.00  0.0    0  2.5 13 150   M    M   7 12     16 160
15  74  47  61  -1   4   0 0.00  0.0    0 12.0 24 130   M    M   3 12     31 130
16  71  58  65   3   0   0 0.18  0.0    0 17.1 32 140   M    M   9 1      40 130
17  69  59  64   2   1   0 2.39  0.0    0  8.7 20 110   M    M  10 18     25 110
18  68  53  61  -2   4   0 0.00  0.0    0  9.9 18  20   M    M   8 1      26 360
19  73  58  66   3   0   1 1.26  0.0    0  7.1 21 270   M    M   9 1      32 290
20  69  55  62  -1   3   0 0.02  0.0    0  7.6 20 170   M    M   6 1      25 170
21  76  52  64   1   1   0 0.00  0.0    0  7.1 17 360   M    M   0 1      27 350
22  80  50  65   1   0   0 0.00  0.0    0  2.8  8  70   M    M   0        12  80
23  81  48  65   1   0   0 0.00  0.0    0  8.5 21 170   M    M   0 1      28 170
24  81  58  70   6   0   5 0.00  0.0    0 14.8 28 170   M    M   2        35 160
25  88  64  76  12   0  11 0.00  0.0    0 13.3 21 170   M    M   2        26 140
26  82  56  69   4   0   4 0.22  0.0    0 12.8 31 280   M    M   6 1      46 270
27  75  54  65   0   0   0 0.00  0.0    0  5.1 17 350   M    M   3 12     21 360
28  79  53  66   1   0   1 0.00  0.0    0 11.4 22 120   M    M   0        28 120
29  80  55  68   2   0   3 0.46  0.0    0 12.8 29 350   M    M   8 1      38  30
================================================================================
SM 2192 1438        95  32  6.06     9.0 268.0          M      101
================================================================================
AV 75.6 49.6                               9.2 FASTST   M    M   3    MAX(MPH)
                                 MISC ---->  # 32 140               # 46  270
================================================================================
NOTES:
# LAST OF SEVERAL OCCURRENCES

COLUMN 17 PEAK WIND IN M.P.H.

PRELIMINARY LOCAL CLIMATOLOGICAL DATA (WS FORM: F-6) , PAGE 2

                                          STATION:  LAWTON MUNICIPAL
                                          MONTH:    APRIL
                                          YEAR:     2016
                                          LATITUDE:   34 34 N
                                          LONGITUDE:  98 25 W

[TEMPERATURE DATA]      [PRECIPITATION DATA]       SYMBOLS USED IN COLUMN 16

AVERAGE MONTHLY: 62.6   TOTAL FOR MONTH:   6.06    1 = FOG OR MIST
DPTR FM NORMAL:   0.6   DPTR FM NORMAL:    3.39    2 = FOG REDUCING VISIBILITY
HIGHEST:    88 ON 25,10 GRTST 24HR  2.40 ON 16-17      TO 1/4 MILE OR LESS
LOWEST:     32 ON  2                               3 = THUNDER
                        SNOW, ICE PELLETS, HAIL    4 = ICE PELLETS
                        TOTAL MONTH:   9.0 INCHES  5 = HAIL
                        GRTST 24HR   9.0 ON 12-12  6 = FREEZING RAIN OR DRIZZLE
                        GRTST DEPTH:   0           7 = DUSTSTORM OR SANDSTORM:
                                                       VSBY 1/2 MILE OR LESS
                                                   8 = SMOKE OR HAZE
[NO. OF DAYS WITH]      [WEATHER - DAYS WITH]      9 = BLOWING SNOW
                                                   X = TORNADO
MAX 32 OR BELOW:   0    0.01 INCH OR MORE:  11
MAX 90 OR ABOVE:   0    0.10 INCH OR MORE:   9
MIN 32 OR BELOW:   1    0.50 INCH OR MORE:   3
MIN  0 OR BELOW:   0    1.00 INCH OR MORE:   2

[HDD (BASE 65) ]
TOTAL THIS MO.    95    CLEAR  (SCALE 0-3)  15
DPTR FM NORMAL   -49    PTCLDY (SCALE 4-7)  10
TOTAL FM JUL 1  2550    CLOUDY (SCALE 8-10)  4
DPTR FM NORMAL  -576

[CDD (BASE 65) ]
TOTAL THIS MO.    32
DPTR FM NORMAL   -22    [PRESSURE DATA]
TOTAL FM JAN 1    44    HIGHEST SLP M ON M
DPTR FM NORMAL   -28    LOWEST  SLP 29.43 ON 26

[REMARKS]
