000
CXUS55 KLOX 271655
CF6LAX
PRELIMINARY LOCAL CLIMATOLOGICAL DATA (WS FORM: F-6)

                                          STATION:   LOS ANGELES INTL AIRPORT CA
                                          MONTH:     FEBRUARY
                                          YEAR:      2017
                                          LATITUDE:   33 55 N
                                          LONGITUDE: 118 24 W

  TEMPERATURE IN F:       :PCPN:    SNOW:  WIND      :SUNSHINE: SKY     :PK WND
================================================================================
1   2   3   4   5  6A  6B    7    8   9   10  11  12  13   14  15   16   17  18
                                     12Z  AVG MX 2MIN
DY MAX MIN AVG DEP HDD CDD  WTR  SNW DPTH SPD SPD DIR MIN PSBL S-S WX    SPD DR
================================================================================

 1  68  47  58   1   7   0 0.00  0.0    0  5.5 16 270   M    M   6 128    18 270
 2  64  50  57   0   8   0 0.00  0.0    0  6.0 13 250   M    M   8 1      21 290
 3  61  54  58   1   7   0 0.33  0.0    0  5.2 13 100   M    M   9 1      15 100
 4  61  54  58   1   7   0 0.00  0.0    0  8.6 20 270   M    M   8 12     22 270
 5  59  55  57   0   8   0    T  0.0    0  4.9 13 110   M    M   9 18     18 280
 6  60  53  57   0   8   0 0.97  0.0    0  8.4 18  90   M    M   9 1      24 100
 7  62  58  60   3   5   0 0.39  0.0    0  7.5 18 260   M    M   8 1      24 260
 8  66  58  62   5   3   0 0.03  0.0    0  5.0 13 260   M    M   9 128    15 240
 9  64  56  60   3   5   0 0.00  0.0    0  6.6 15 250   M    M   8 12     19 240
10  63  56  60   3   5   0 0.26  0.0    0  4.5 16 280   M    M   9 18     24 280
11  61  54  58   1   7   0 0.03  0.0    0  8.2 16 260   M    M   7 1      19 250
12  70  49  60   3   5   0 0.00  0.0    0  4.3 14 250   M    M   2         M  M
13  72  50  61   4   4   0 0.00  0.0    0  5.0 15 230   M    M   4        17 240
14  69  54  62   5   3   0 0.00  0.0    0  6.0 14 260   M    M   6 18     17 250
15  70  52  61   4   4   0 0.00  0.0    0  5.9 21 260   M    M   6 12     23 260
16  64  54  59   2   6   0 0.00  0.0    0  5.6 17 260   M    M   8 128    22 270
17  59  53  56  -1   9   0 1.58  0.0    0 15.2 32 120   M    M  10 1      45 110
18  59  52  56  -1   9   0 0.27  0.0    0  8.5 20 260   M    M   6 1      23 270
19  59  50  55  -2  10   0 0.03  0.0    0  5.7 12 240   M    M   7 1      20 290
20  61  53  57   0   8   0 0.07  0.0    0  6.7 15 110   M    M  10 18     26 150
21  64  57  61   4   4   0 0.01  0.0    0  5.6 14 280   M    M   8 1      18 280
22  61  52  57   0   8   0 0.00  0.0    0 10.6 25 270   M    M   4 1      30 260
23  60  48  54  -3  11   0 0.00  0.0    0 12.7 26 270   M    M   2        33 300
24  61  44  53  -4  12   0 0.00  0.0    0  7.7 18 270   M    M   2        20 280
25  60  43  52  -5  13   0 0.00  0.0    0  7.8 18 260   M    M   5        25 290
26  56  48  52  -6  13   0 0.07    M    0  8.0 14 110   M    M   8 1      19 180
================================================================================
SM 1634 1354       189   0  4.04     0.0 185.7          M      178
================================================================================
AV 62.9 52.1                               7.1 FASTST   M    M   7    MAX(MPH)
                                 MISC ---->  # 32 120               # 45  110
================================================================================
NOTES:
# LAST OF SEVERAL OCCURRENCES

COLUMN 17 PEAK WIND IN M.P.H.

PRELIMINARY LOCAL CLIMATOLOGICAL DATA (WS FORM: F-6) , PAGE 2

                                          STATION:  LOS ANGELES INTL AIRPORT CA
                                          MONTH:    FEBRUARY
                                          YEAR:     2017
                                          LATITUDE:   33 55 N
                                          LONGITUDE: 118 24 W

[TEMPERATURE DATA]      [PRECIPITATION DATA]       SYMBOLS USED IN COLUMN 16

AVERAGE MONTHLY: 57.5   TOTAL FOR MONTH:   4.04    1 = FOG OR MIST
DPTR FM NORMAL:   0.4   DPTR FM NORMAL:    1.00    2 = FOG REDUCING VISIBILITY
HIGHEST:    72 ON 13    GRTST 24HR  1.84 ON 17-18      TO 1/4 MILE OR LESS
LOWEST:     43 ON 25                               3 = THUNDER
                        SNOW, ICE PELLETS, HAIL    4 = ICE PELLETS
                        TOTAL MONTH:   0.0 INCH    5 = HAIL
                        GRTST 24HR     0.0         6 = FREEZING RAIN OR DRIZZLE
                        GRTST DEPTH:   0           7 = DUSTSTORM OR SANDSTORM:
                                                       VSBY 1/2 MILE OR LESS
                                                   8 = SMOKE OR HAZE
[NO. OF DAYS WITH]      [WEATHER - DAYS WITH]      9 = BLOWING SNOW
                                                   X = TORNADO
MAX 32 OR BELOW:   0    0.01 INCH OR MORE:  12
MAX 90 OR ABOVE:   0    0.10 INCH OR MORE:   6
MIN 32 OR BELOW:   0    0.50 INCH OR MORE:   2
MIN  0 OR BELOW:   0    1.00 INCH OR MORE:   1

[HDD (BASE 65) ]
TOTAL THIS MO.   189    CLEAR  (SCALE 0-3)   3
DPTR FM NORMAL   -19    PTCLDY (SCALE 4-7)  14
TOTAL FM JUL 1   751    CLOUDY (SCALE 8-10)  9
DPTR FM NORMAL  -161

[CDD (BASE 65) ]
TOTAL THIS MO.     0
DPTR FM NORMAL     0    [PRESSURE DATA]
TOTAL FM JAN 1     0    HIGHEST SLP M ON M
DPTR FM NORMAL    -4    LOWEST  SLP 29.72 ON 19

[REMARKS]
