000
CXUS55 KLOX 231155
CF6LAX
PRELIMINARY LOCAL CLIMATOLOGICAL DATA (WS FORM: F-6)

                                          STATION:   LOS ANGELES INTL AIRPORT CA
                                          MONTH:     MAY
                                          YEAR:      2015
                                          LATITUDE:   33 55 N
                                          LONGITUDE: 118 24 W

  TEMPERATURE IN F:       :PCPN:    SNOW:  WIND      :SUNSHINE: SKY     :PK WND
================================================================================
1   2   3   4   5  6A  6B    7    8   9   10  11  12  13   14  15   16   17  18
                                     12Z  AVG MX 2MIN
DY MAX MIN AVG DEP HDD CDD  WTR  SNW DPTH SPD SPD DIR MIN PSBL S-S WX    SPD DR
================================================================================

 1  72  55  64   2   1   0 0.00  0.0    0  8.9 20 260   M    M   6 12     22 260
 2  68  57  63   1   2   0 0.00  0.0    0  8.3 22 250   M    M   1 18     26 220
 3  67  56  62   0   3   0 0.00  0.0    0 11.1 24 270   M    M   3        26 260
 4  64  56  60  -2   5   0 0.00  0.0    0 10.1 20 270   M    M   4        26 250
 5  65  57  61  -1   4   0 0.00  0.0    0  6.7 15 260   M    M   8        21 260
 6  64  56  60  -2   5   0 0.00  0.0    0  8.8 18 270   M    M   7        23 260
 7  63  54  59  -3   6   0 0.11  0.0    0 10.6 20 290   M    M   7 13     25 250
 8  62  49  56  -6   9   0 0.10    M    0  8.1 18 340   M    M   7 1      23 330
 9  64  55  60  -2   5   0 0.00  0.0    0  7.1 17 260   M    M   5        25 280
10  66  54  60  -2   5   0 0.00  0.0    0  6.4 17 260   M    M   2        22 280
11  67  57  62   0   3   0 0.00  0.0    0  8.3 18 260   M    M   5        23 260
12  70  57  64   2   1   0 0.00  0.0    0  7.8 16 260   M    M   6        23 120
13  67  55  61  -1   4   0 0.00  0.0    0  9.4 20 270   M    M   6        22 280
14  64  54  59  -4   6   0 0.19  0.0    0  6.9 17 240   M    M   8 1      20 270
15  64  54  59  -4   6   0 0.03  0.0    0 10.3 25 260   M    M   6 1      32 270
16  67  52  60  -3   5   0 0.00  0.0    0  6.1 16 250   M    M   5        22 280
17  68  57  63   0   2   0 0.00  0.0    0  7.5 17 260   M    M   8        23 240
18  66  58  62  -1   3   0 0.00  0.0    0  9.1 22 260   M    M   6        25 260
19  66  54  60  -3   5   0 0.00  0.0    0  8.1 18 270   M    M   4        23 260
20  68  57  63   0   2   0 0.00  0.0    0  8.1 17 270   M    M   6        23 270
21  67  57  62  -1   3   0 0.00  0.0    0 10.0 25 260   M    M   6        30 250
22  65  57  61  -2   4   0 0.00  0.0    0 12.6 18 270   M    M   8        22 240
================================================================================
SM 1454 1218        89   0  0.43     0.0 190.2          M      124
================================================================================
AV 66.1 55.4                               8.6 FASTST   M    M   6    MAX(MPH)
                                 MISC ---->  # 25 260               # 32  270
================================================================================
NOTES:
# LAST OF SEVERAL OCCURRENCES

COLUMN 17 PEAK WIND IN M.P.H.

PRELIMINARY LOCAL CLIMATOLOGICAL DATA (WS FORM: F-6) , PAGE 2

                                          STATION:  LOS ANGELES INTL AIRPORT CA
                                          MONTH:    MAY
                                          YEAR:     2015
                                          LATITUDE:   33 55 N
                                          LONGITUDE: 118 24 W

[TEMPERATURE DATA]      [PRECIPITATION DATA]       SYMBOLS USED IN COLUMN 16

AVERAGE MONTHLY: 60.7   TOTAL FOR MONTH:   0.43    1 = FOG OR MIST
DPTR FM NORMAL:  -1.7   DPTR FM NORMAL:    0.25    2 = FOG REDUCING VISIBILITY
HIGHEST:    72 ON  1    GRTST 24HR  0.22 ON 14-15      TO 1/4 MILE OR LESS
LOWEST:     49 ON  8                               3 = THUNDER
                        SNOW, ICE PELLETS, HAIL    4 = ICE PELLETS
                        TOTAL MONTH:   0.0 INCH    5 = HAIL
                        GRTST 24HR     0.0         6 = FREEZING RAIN OR DRIZZLE
                        GRTST DEPTH:   0           7 = DUSTSTORM OR SANDSTORM:
                                                       VSBY 1/2 MILE OR LESS
                                                   8 = SMOKE OR HAZE
[NO. OF DAYS WITH]      [WEATHER - DAYS WITH]      9 = BLOWING SNOW
                                                   X = TORNADO
MAX 32 OR BELOW:   0    0.01 INCH OR MORE:   4
MAX 90 OR ABOVE:   0    0.10 INCH OR MORE:   3
MIN 32 OR BELOW:   0    0.50 INCH OR MORE:   0
MIN  0 OR BELOW:   0    1.00 INCH OR MORE:   0

[HDD (BASE 65) ]
TOTAL THIS MO.    89    CLEAR  (SCALE 0-3)   2
DPTR FM NORMAL    21    PTCLDY (SCALE 4-7)  20
TOTAL FM JUL 1   789    CLOUDY (SCALE 8-10)  0
DPTR FM NORMAL  -587

[CDD (BASE 65) ]
TOTAL THIS MO.     0
DPTR FM NORMAL    -4    [PRESSURE DATA]
TOTAL FM JAN 1   113    HIGHEST SLP M ON M
DPTR FM NORMAL    83    LOWEST  SLP 29.75 ON M

[REMARKS]
