000
CXUS54 KLCH 012311
CF6LCH
PRELIMINARY LOCAL CLIMATOLOGICAL DATA (WS FORM: F-6)

                                          STATION:   LAKE CHARLES
                                          MONTH:     JUNE
                                          YEAR:      2015
                                          LATITUDE:   30  7 N
                                          LONGITUDE:  93 13 W

  TEMPERATURE IN F:       :PCPN:    SNOW:  WIND      :SUNSHINE: SKY     :PK WND
================================================================================
1   2   3   4   5  6A  6B    7    8   9   10  11  12  13   14  15   16   17  18
                                     12Z  AVG MX 2MIN
DY MAX MIN AVG DEP HDD CDD  WTR  SNW DPTH SPD SPD DIR MIN PSBL S-S WX    SPD DR
================================================================================

 1  88  68  78  -1   0  13 0.00  0.0    0  3.7 10  20   M    M   1 1      14  20
 2  89  66  78  -1   0  13 0.00  0.0    0  3.0 10  30   M    M   1        19  60
 3  89  69  79   0   0  14 0.00  0.0    0  3.8  9 140   M    M   3        11  40
 4  91  69  80   0   0  15 0.00  0.0    0  4.8 12  60   M    M   1        16  20
 5  91  69  80   0   0  15 0.00  0.0    0  3.7 13  40   M    M   0 1      18  40
 6  94  72  83   3   0  18 0.00  0.0    0  3.7 10  80   M    M   0 18     14  70
 7  93  73  83   3   0  18 0.00  0.0    0  3.7 16 160   M    M   3 1      19 160
 8  92  73  83   3   0  18 0.00  0.0    0  3.6 13 150   M    M   2 138    19 230
 9  92  71  82   2   0  17 1.51  0.0    0  4.8 48 140   M    M   2 123    74 140
10  90  73  82   2   0  17 0.00  0.0    0  4.9 14 220   M    M   2 13     20 200
11  89  74  82   1   0  17 0.32  0.0    0  5.3 18  80   M    M   3 13     25  90
12  87  72  80  -1   0  15 0.67  0.0    0  7.0 24 160   M    M   2 138    32 160
13  85  71  78  -3   0  13 1.55  0.0    0  5.2 22 190   M    M   4 13     32 170
14  90  75  83   2   0  18 0.21  0.0    0  8.4 25 140   M    M   3 138    31 140
15  87  75  81   0   0  16 0.84  0.0    0 11.6 26 130   M    M   4 123    35 120
16  88  75  82   1   0  17 0.65    M    0 12.7 24 140   M    M   7 13     35 140
17  88  79  84   3   0  19 0.00  0.0    0 13.7 24 150   M    M   7        31 150
18  89  79  84   3   0  19 0.00  0.0    0  6.9 13 210   M    M   4        18 220
19  89  79  84   2   0  19 0.23  0.0    0  5.5 16 230   M    M   1 13     20 230
20  90  78  84   2   0  19 0.00  0.0    0  5.2 13 200   M    M   2        19 190
21  91  78  85   3   0  20 0.00  0.0    0  4.3 10 200   M    M   1        16 210
22  90  76  83   1   0  18 0.00  0.0    0  3.7 13 210   M    M   1 1      18 210
23  93  74  84   2   0  19 0.09  0.0    0  3.9 28  80   M    M   1 13     38  80
24  91  74  83   1   0  18 0.00  0.0    0  3.5 23  50   M    M   0 3      28  50
25  91  74  83   1   0  18 0.00  0.0    0  3.8 10 180   M    M   1 3      15 170
26  90  74  82   0   0  17 0.28  0.0    0  5.5 14 220   M    M   3 13     20 220
27  93  78  86   4   0  21 0.18  0.0    0  6.4 16 210   M    M   4 13     24 230
28  89  74  82   0   0  17 0.36  0.0    0  6.0 17 330   M    M   4 13     22 330
29  90  78  84   2   0  19 0.00  0.0    0  6.6 15 220   M    M   2        20 210
30  88  71  80  -2   0  15 0.19  0.0    0  4.1 22 240   M    M   3 13     35 230
================================================================================
SM 2697 2211         0 512  7.08     0.0 169.0          M       72
================================================================================
AV 89.9 73.7                               5.6 FASTST   M    M   2    MAX(MPH)
                                 MISC ---->  # 48 140               # 74  140
================================================================================
NOTES:
# LAST OF SEVERAL OCCURRENCES

COLUMN 17 PEAK WIND IN M.P.H.

PRELIMINARY LOCAL CLIMATOLOGICAL DATA (WS FORM: F-6) , PAGE 2

                                          STATION:  LAKE CHARLES
                                          MONTH:    JUNE
                                          YEAR:     2015
                                          LATITUDE:   30  7 N
                                          LONGITUDE:  93 13 W

[TEMPERATURE DATA]      [PRECIPITATION DATA]       SYMBOLS USED IN COLUMN 16

AVERAGE MONTHLY: 81.8   TOTAL FOR MONTH:   7.08    1 = FOG OR MIST
DPTR FM NORMAL:   0.8   DPTR FM NORMAL:    0.23    2 = FOG REDUCING VISIBILITY
HIGHEST:    94 ON  6    GRTST 24HR  1.91 ON 12-13      TO 1/4 MILE OR LESS
LOWEST:     66 ON  2                               3 = THUNDER
                        SNOW, ICE PELLETS, HAIL    4 = ICE PELLETS
                        TOTAL MONTH:   0.0 INCH    5 = HAIL
                        GRTST 24HR     0.0         6 = FREEZING RAIN OR DRIZZLE
                        GRTST DEPTH:   0           7 = DUSTSTORM OR SANDSTORM:
                                                       VSBY 1/2 MILE OR LESS
                                                   8 = SMOKE OR HAZE
[NO. OF DAYS WITH]      [WEATHER - DAYS WITH]      9 = BLOWING SNOW
                                                   X = TORNADO
MAX 32 OR BELOW:   0    0.01 INCH OR MORE:  13
MAX 90 OR ABOVE:  17    0.10 INCH OR MORE:  12
MIN 32 OR BELOW:   0    0.50 INCH OR MORE:   5
MIN  0 OR BELOW:   0    1.00 INCH OR MORE:   2

[HDD (BASE 65) ]
TOTAL THIS MO.     0    CLEAR  (SCALE 0-3)  22
DPTR FM NORMAL     0    PTCLDY (SCALE 4-7)   8
TOTAL FM JUL 1  1543    CLOUDY (SCALE 8-10)  0
DPTR FM NORMAL    53

[CDD (BASE 65) ]
TOTAL THIS MO.   512
DPTR FM NORMAL    32    [PRESSURE DATA]
TOTAL FM JAN 1  1156    HIGHEST SLP 30.22 ON 23
DPTR FM NORMAL   138    LOWEST  SLP 29.80 ON 10

[REMARKS]
#FINAL-06-15#
