000
CXUS54 KLCH 162242
CF6LCH
PRELIMINARY LOCAL CLIMATOLOGICAL DATA (WS FORM: F-6)

                                          STATION:   LAKE CHARLES
                                          MONTH:     DECEMBER
                                          YEAR:      2017
                                          LATITUDE:   30  7 N
                                          LONGITUDE:  93 13 W

  TEMPERATURE IN F:       :PCPN:    SNOW:  WIND      :SUNSHINE: SKY     :PK WND
================================================================================
1   2   3   4   5  6A  6B    7    8   9   10  11  12  13   14  15   16   17  18
                                     12Z  AVG MX 2MIN
DY MAX MIN AVG DEP HDD CDD  WTR  SNW DPTH SPD SPD DIR MIN PSBL S-S WX    SPD DR
================================================================================

 1  74  50  62   5   3   0 0.00  0.0    0  3.3 12  20   M    M   0 1      14  20
 2  76  47  62   6   3   0 0.00  0.0    0  2.5  7  90   M    M   0 12      9  50
 3  76  50  63   7   2   0 0.00  0.0    0  5.1 12 110   M    M   6 12     14 110
 4  80  61  71  15   0   6 0.00  0.0    0  9.3 20 170   M    M   7 1      28 180
 5  81  49  65   9   0   0 0.95    M    0 10.6 23 340   M    M   8 123    28  20
 6  49  42  46  -9  19   0 0.38    M    0 13.2 23  50   M    M   9 1      31  40
 7  47  41  44 -11  21   0 0.51    T    0  8.6 18  20   M    M  10 4      25  30
 8  41  31  36 -19  29   0 0.40  2.1    0  7.7 21 360   M    M   6 1      25 360
 9  58  29  44 -11  21   0 0.00  0.0    0  3.4 16 320   M    M   0        20 320
10  62  35  49  -6  16   0 0.00  0.0    0  3.0  9 230   M    M   0        13 190
11  71  37  54   0  11   0 0.00  0.0    0  5.6 13 220   M    M   0        15 190
12  64  39  52  -2  13   0 0.00  0.0    0  9.0 20  10   M    M   0        24 360
13  59  32  46  -8  19   0 0.00  0.0    0  2.9 12 210   M    M   0        18 210
14  64  40  52  -2  13   0 0.00  0.0    0  2.4  9  10   M    M   1 1      12 360
15  53  42  48  -6  17   0 0.00  0.0    0  7.8 17  30   M    M   2        23  20
================================================================================
SM  955  625       187   6  2.24     2.1  94.4          M       49
================================================================================
AV 63.7 41.7                               6.3 FASTST   M    M   3    MAX(MPH)
                                 MISC ---->  # 23 340               # 31   40
================================================================================
NOTES:
# LAST OF SEVERAL OCCURRENCES

COLUMN 17 PEAK WIND IN M.P.H.

PRELIMINARY LOCAL CLIMATOLOGICAL DATA (WS FORM: F-6) , PAGE 2

                                          STATION:  LAKE CHARLES
                                          MONTH:    DECEMBER
                                          YEAR:     2017
                                          LATITUDE:   30  7 N
                                          LONGITUDE:  93 13 W

[TEMPERATURE DATA]      [PRECIPITATION DATA]       SYMBOLS USED IN COLUMN 16

AVERAGE MONTHLY: 52.7   TOTAL FOR MONTH:   2.24    1 = FOG OR MIST
DPTR FM NORMAL:  -2.4   DPTR FM NORMAL:    0.04    2 = FOG REDUCING VISIBILITY
HIGHEST:    81 ON  5    GRTST 24HR  0.95 ON  5- 5      TO 1/4 MILE OR LESS
LOWEST:     29 ON  9                               3 = THUNDER
                        SNOW, ICE PELLETS, HAIL    4 = ICE PELLETS
                        TOTAL MONTH:   2.1 INCHES  5 = HAIL
                        GRTST 24HR   2.1 ON  8- 8  6 = FREEZING RAIN OR DRIZZLE
                        GRTST DEPTH:   0           7 = DUSTSTORM OR SANDSTORM:
                                                       VSBY 1/2 MILE OR LESS
                                                   8 = SMOKE OR HAZE
[NO. OF DAYS WITH]      [WEATHER - DAYS WITH]      9 = BLOWING SNOW
                                                   X = TORNADO
MAX 32 OR BELOW:   0    0.01 INCH OR MORE:   4
MAX 90 OR ABOVE:   0    0.10 INCH OR MORE:   4
MIN 32 OR BELOW:   3    0.50 INCH OR MORE:   2
MIN  0 OR BELOW:   0    1.00 INCH OR MORE:   0

[HDD (BASE 65) ]
TOTAL THIS MO.   187    CLEAR  (SCALE 0-3)   9
DPTR FM NORMAL    28    PTCLDY (SCALE 4-7)   4
TOTAL FM JUL 1   335    CLOUDY (SCALE 8-10)  2
DPTR FM NORMAL   -31

[CDD (BASE 65) ]
TOTAL THIS MO.     6
DPTR FM NORMAL    -9    [PRESSURE DATA]
TOTAL FM JAN 1  3165    HIGHEST SLP M ON M
DPTR FM NORMAL   361    LOWEST  SLP 29.97 ON 14

[REMARKS]
