000
CXUS53 KLMK 300800
CF6LEX
PRELIMINARY LOCAL CLIMATOLOGICAL DATA (WS FORM: F-6)

                                          STATION:   LEXINGTON KY
                                          MONTH:     AUGUST
                                          YEAR:      2015
                                          LATITUDE:   38  1 N
                                          LONGITUDE:  84 36 W

  TEMPERATURE IN F:       :PCPN:    SNOW:  WIND      :SUNSHINE: SKY     :PK WND
================================================================================
1   2   3   4   5  6A  6B    7    8   9   10  11  12  13   14  15   16   17  18
                                     12Z  AVG MX 2MIN
DY MAX MIN AVG DEP HDD CDD  WTR  SNW DPTH SPD SPD DIR MIN PSBL S-S WX    SPD DR
================================================================================

 1  86  63  75  -1   0  10 0.00  0.0    0  3.7 13 300   M    M   0        17 280
 2  87  60  74  -2   0   9 0.00  0.0    0  3.3  9 200   M    M   0        12 200
 3  89  64  77   1   0  12 0.03  0.0    0 10.4 33  30   M    M   1 13     40  30
 4  88  67  78   2   0  13 0.19  0.0    0  6.2 24 270   M    M   3 13     31 270
 5  87  65  76   0   0  11 0.12  0.0    0  3.5 23 270   M    M   2 13     31 260
 6  78  66  72  -4   0   7 0.80  0.0    0  6.6 16  50   M    M   9 1      19  40
 7  84  62  73  -3   0   8 0.00  0.0    0  4.1  9 340   M    M   8 128    13 310
 8  84  62  73  -3   0   8 0.00  0.0    0  2.3  9 340   M    M   2 12     16 350
 9  86  64  75  -1   0  10 0.00  0.0    0  2.3 10 180   M    M   1 1      13 180
10  85  69  77   1   0  12 0.12  0.0    0  8.1 22 340   M    M   4 13     29 340
11  83  67  75  -1   0  10 0.00  0.0    0  5.8 15 320   M    M   3 18     19 330
12  81  62  72  -4   0   7 0.00  0.0    0  6.1 14 350   M    M   1        19 340
13  82  56  69  -7   0   4 0.00  0.0    0  3.6 12  40   M    M   1        14  30
14  85  57  71  -5   0   6 0.00  0.0    0  2.9  8 350   M    M   0        12  60
15  88  57  73  -3   0   8 0.00  0.0    0  2.7 21 350   M    M   0        29 350
16  90  63  77   1   0  12 0.00  0.0    0  3.2  9 100   M    M   1 13     11  80
17  79  68  74  -2   0   9    T  0.0    0  3.8 12 190   0    0   0        14 190
18  86  67  77   1   0  12 0.00  0.0    0  4.4 10 180   M    M   5 1      13 190
19  87  71  79   4   0  14 0.12  0.0    0  9.7 20 190   M    M   4 1      25 170
20  78  60  69  -6   0   4 0.13  0.0    0  7.6 16 220   M    M   5 1      22 220
21  81  54  68  -7   0   3 0.00  0.0    0  4.8 14  40   M    M   1        17  60
22  85  60  73  -2   0   8 0.00  0.0    0  5.6 13  80   M    M   0        18 130
23  88  68  78   3   0  13 0.22  0.0    0  5.8 22 280   M    M   3 13     29 280
24  79  61  70  -5   0   5 0.00  0.0    0  7.0 16 330   M    M   1 3      22 330
25  76  53  65 -10   0   0 0.00  0.0    0  5.2 13 300   M    M   3        17 300
26  77  54  66  -8   0   1 0.00  0.0    0  4.5 13  50   M    M   4        15  60
27  79  54  67  -7   0   2 0.00  0.0    0  6.2 15  50   M    M   3 1      20  30
28  84  51  68  -6   0   3 0.00  0.0    0  4.6 12 190   M    M   1        14  70
29  88  65  77   3   0  12 0.47  0.0    0  7.0 29 270   M    M   2 1      35 260
================================================================================
SM 2430 1790         0 233  2.20     0.0 151.0            0     68
================================================================================
AV 83.8 61.7                               5.2 FASTST    0   0   2    MAX(MPH)
                                 MISC ---->  # 33  30               # 40   30
================================================================================
NOTES:
# LAST OF SEVERAL OCCURRENCES

COLUMN 17 PEAK WIND IN M.P.H.

PRELIMINARY LOCAL CLIMATOLOGICAL DATA (WS FORM: F-6) , PAGE 2

                                          STATION:  LEXINGTON KY
                                          MONTH:    AUGUST
                                          YEAR:     2015
                                          LATITUDE:   38  1 N
                                          LONGITUDE:  84 36 W

[TEMPERATURE DATA]      [PRECIPITATION DATA]       SYMBOLS USED IN COLUMN 16

AVERAGE MONTHLY: 72.8   TOTAL FOR MONTH:   2.20    1 = FOG OR MIST
DPTR FM NORMAL:  -2.7   DPTR FM NORMAL:   -0.87    2 = FOG REDUCING VISIBILITY
HIGHEST:    90 ON 16    GRTST 24HR  0.80 ON  6- 6      TO 1/4 MILE OR LESS
LOWEST:     51 ON 28                               3 = THUNDER
                        SNOW, ICE PELLETS, HAIL    4 = ICE PELLETS
                        TOTAL MONTH:   0.0 INCH    5 = HAIL
                        GRTST 24HR     0.0         6 = FREEZING RAIN OR DRIZZLE
                        GRTST DEPTH:   0           7 = DUSTSTORM OR SANDSTORM:
                                                       VSBY 1/2 MILE OR LESS
                                                   8 = SMOKE OR HAZE
[NO. OF DAYS WITH]      [WEATHER - DAYS WITH]      9 = BLOWING SNOW
                                                   X = TORNADO
MAX 32 OR BELOW:   0    0.01 INCH OR MORE:   9
MAX 90 OR ABOVE:   1    0.10 INCH OR MORE:   8
MIN 32 OR BELOW:   0    0.50 INCH OR MORE:   1
MIN  0 OR BELOW:   0    1.00 INCH OR MORE:   0

[HDD (BASE 65) ]
TOTAL THIS MO.     0    CLEAR  (SCALE 0-3)  20
DPTR FM NORMAL     0    PTCLDY (SCALE 4-7)   7
TOTAL FM JUL 1     0    CLOUDY (SCALE 8-10)  2
DPTR FM NORMAL     0

[CDD (BASE 65) ]
TOTAL THIS MO.   233
DPTR FM NORMAL   -71    [PRESSURE DATA]
TOTAL FM JAN 1  1039    HIGHEST SLP  0.00 ON 17
DPTR FM NORMAL    39    LOWEST  SLP  0.00 ON 17

[REMARKS]
