000
CXUS51 KOKX 210701
CF6LGA
PRELIMINARY LOCAL CLIMATOLOGICAL DATA (WS FORM: F-6)

                                          STATION:   LAGUARDIA NY
                                          MONTH:     AUGUST
                                          YEAR:      2014
                                          LATITUDE:   40 46 N
                                          LONGITUDE:  73 54 W

  TEMPERATURE IN F:       :PCPN:    SNOW:  WIND      :SUNSHINE: SKY     :PK WND
================================================================================
1   2   3   4   5  6A  6B    7    8   9   10  11  12  13   14  15   16   17  18
                                     12Z  AVG MX 2MIN
DY MAX MIN AVG DEP HDD CDD  WTR  SNW DPTH SPD SPD DIR MIN PSBL S-S WX    SPD DR
================================================================================

 1  86  72  79   1   0  14    T  0.0    0  8.1 18 180   M    M   8        24 170
 2  74  65  70  -8   0   5 0.40  0.0    0  9.9 21  60   M    M   9 1      25  60
 3  76  66  71  -7   0   6 0.07  0.0    0  6.1 13  70   M    M   8 1      22  60
 4  84  71  78   0   0  13 0.00  0.0    0  5.8 17 170   M    M   7        21 180
 5  89  73  81   3   0  16 0.00  0.0    0  5.8 17 340   M    M   4        21 340
 6  84  71  78   1   0  13 0.00  0.0    0  7.8 21 360   M    M   7        28 360
 7  83  67  75  -2   0  10 0.00  0.0    0  9.6 22 320   M    M   3        28 320
 8  82  66  74  -3   0   9 0.00  0.0    0  7.4 13 330   M    M   2        20 320
 9  87  70  79   2   0  14 0.00  0.0    0  3.8 13 310   M    M   3 8      16 310
10  87  71  79   2   0  14 0.00  0.0    0  6.6 12 170   M    M   4        20  60
11  87  74  81   4   0  16 0.00  0.0    0  8.1 17 170   M    M   6        22 160
12  80  71  76  -1   0  11 0.14  0.0    0 13.9 23 160   M    M  10 1      31 150
13  86  68  77   0   0  12 0.78  0.0    0 14.9 35 110   M    M   8 1      40 110
14  79  64  72  -5   0   7 0.00  0.0    0 12.7 22 270   M    M   3        28 270
15  73  63  68  -9   0   3 0.00  0.0    0  9.8 18 300   M    M   6        23 300
16  79  66  73  -4   0   8 0.00  0.0    0  8.0 20 200   M    M   6        24 200
17  83  69  76   0   0  11 0.01  0.0    0 10.0 16 330   M    M   5        21 320
18  81  64  73  -3   0   8 0.00  0.0    0  8.7 17 310   M    M   3        21 310
19  80  65  73  -3   0   8 0.00  0.0    0  8.4 14  60   M    M   4        20  60
20  84  71  78   2   0  13 0.00  0.0    0  7.2 14 170   M    M   6        20 190
================================================================================
SM 1644 1367         0 211  1.40     0.0 172.6          M      112
================================================================================
AV 82.2 68.3                               8.6 FASTST   M    M   6    MAX(MPH)
                                 MISC ---->  # 35 110               # 40  110
================================================================================
NOTES:
# LAST OF SEVERAL OCCURRENCES

COLUMN 17 PEAK WIND IN M.P.H.

PRELIMINARY LOCAL CLIMATOLOGICAL DATA (WS FORM: F-6) , PAGE 2

                                          STATION:  LAGUARDIA NY
                                          MONTH:    AUGUST
                                          YEAR:     2014
                                          LATITUDE:   40 46 N
                                          LONGITUDE:  73 54 W

[TEMPERATURE DATA]      [PRECIPITATION DATA]       SYMBOLS USED IN COLUMN 16

AVERAGE MONTHLY: 75.3   TOTAL FOR MONTH:   1.40    1 = FOG OR MIST
DPTR FM NORMAL:  -1.8   DPTR FM NORMAL:   -1.38    2 = FOG REDUCING VISIBILITY
HIGHEST:    89 ON  5    GRTST 24HR  0.91 ON 12-13      TO 1/4 MILE OR LESS
LOWEST:     63 ON 15                               3 = THUNDER
                        SNOW, ICE PELLETS, HAIL    4 = ICE PELLETS
                        TOTAL MONTH:   0.0 INCH    5 = HAIL
                        GRTST 24HR     0.0         6 = FREEZING RAIN OR DRIZZLE
                        GRTST DEPTH:   0           7 = DUSTSTORM OR SANDSTORM:
                                                       VSBY 1/2 MILE OR LESS
                                                   8 = SMOKE OR HAZE
[NO. OF DAYS WITH]      [WEATHER - DAYS WITH]      9 = BLOWING SNOW
                                                   X = TORNADO
MAX 32 OR BELOW:   0    0.01 INCH OR MORE:   5
MAX 90 OR ABOVE:   0    0.10 INCH OR MORE:   3
MIN 32 OR BELOW:   0    0.50 INCH OR MORE:   1
MIN  0 OR BELOW:   0    1.00 INCH OR MORE:   0

[HDD (BASE 65) ]
TOTAL THIS MO.     0    CLEAR  (SCALE 0-3)   4
DPTR FM NORMAL     0    PTCLDY (SCALE 4-7)  12
TOTAL FM JUL 1     0    CLOUDY (SCALE 8-10)  4
DPTR FM NORMAL     0

[CDD (BASE 65) ]
TOTAL THIS MO.   211
DPTR FM NORMAL   -29    [PRESSURE DATA]
TOTAL FM JAN 1   875    HIGHEST SLP M ON M
DPTR FM NORMAL   -47    LOWEST  SLP 29.65 ON 13

[REMARKS]
