401
CXUS51 KOKX 200703
CF6LGA
PRELIMINARY LOCAL CLIMATOLOGICAL DATA (WS FORM: F-6)

                                          STATION:   LAGUARDIA NY
                                          MONTH:     FEBRUARY
                                          YEAR:      2018
                                          LATITUDE:   40 46 N
                                          LONGITUDE:  73 54 W

  TEMPERATURE IN F:       :PCPN:    SNOW:  WIND      :SUNSHINE: SKY     :PK WND
================================================================================
1   2   3   4   5  6A  6B    7    8   9   10  11  12  13   14  15   16   17  18
                                     12Z  AVG MX 2MIN
DY MAX MIN AVG DEP HDD CDD  WTR  SNW DPTH SPD SPD DIR MIN PSBL S-S WX    SPD DR
================================================================================

 1  45  33  39   6  26   0 0.05  0.0    0  7.8 14 220   M    M  10        18 200
 2  39  18  29  -5  36   0 0.18    T    0 20.3 37 320   M    M   6 1      45 320
 3  32  17  25  -9  40   0 0.00  0.0    0 13.0 24 300   M    M   4        31 290
 4  47  31  39   5  26   0 1.01  0.0    0  8.3 17 290   M    M  10 1      22 210
 5  41  28  35   1  30   0    T    T    0 13.8 31 310   M    M   2 1      39 320
 6  38  28  33  -1  32   0 0.00  0.0    0  6.9 12 280   M    M   7        17 260
 7  47  30  39   5  26   0 0.85  0.6    0 12.7 29 330   M    M   9 1468   36 320
 8  34  26  30  -4  35   0 0.00  0.0    0 13.2 26 320   M    M   6        35 320
 9  39  28  34   0  31   0 0.00  0.0    0  9.3 18 170   M    M   7        25 180
10  51  38  45  11  20   0 0.53  0.0    0  4.7 10 230   M    M   9 1      13 240
11  60  42  51  16  14   0 1.28  0.0    0  6.3 16 180   M    M  10 12     21 170
12  63  34  49  14  16   0    T  0.0    0 14.9 24 330   M    M   7 1      30 330
13  38  27  33  -2  32   0 0.00  0.0    0  9.3 17 350   M    M   6        21 310
14  54  36  45  10  20   0 0.10  0.0    0  8.1 14 210   M    M   9        18 200
15  61  47  54  19  11   0 0.14  0.0    0  7.9 16 210   M    M   9 18     22 200
16  59  37  48  12  17   0 0.11  0.0    0 13.7 30 310   M    M   9        37 310
17  39  30  35  -1  30   0 0.60  3.9    0  9.5 20 150   M    M   6 18     24 330
18  45  33  39   3  26   0 0.02  0.1    3  9.4 26 310   M    M   5 1      34 320
19  49  33  41   5  24   0 0.03  0.0    0  6.8 17 180   M    M   8 1      24 180
================================================================================
SM  881  596       492   0  4.90     4.6 195.9          M      139
================================================================================
AV 46.4 31.4                              10.3 FASTST   M    M   7    MAX(MPH)
                                 MISC ---->  # 37 320               # 45  320
================================================================================
NOTES:
# LAST OF SEVERAL OCCURRENCES

COLUMN 17 PEAK WIND IN M.P.H.

PRELIMINARY LOCAL CLIMATOLOGICAL DATA (WS FORM: F-6) , PAGE 2

                                          STATION:  LAGUARDIA NY
                                          MONTH:    FEBRUARY
                                          YEAR:     2018
                                          LATITUDE:   40 46 N
                                          LONGITUDE:  73 54 W

[TEMPERATURE DATA]      [PRECIPITATION DATA]       SYMBOLS USED IN COLUMN 16

AVERAGE MONTHLY: 38.9   TOTAL FOR MONTH:   4.90    1 = FOG OR MIST
DPTR FM NORMAL:   4.2   DPTR FM NORMAL:    3.08    2 = FOG REDUCING VISIBILITY
HIGHEST:    63 ON 12    GRTST 24HR  1.28 ON 11-11      TO 1/4 MILE OR LESS
LOWEST:     17 ON  3                               3 = THUNDER
                        SNOW, ICE PELLETS, HAIL    4 = ICE PELLETS
                        TOTAL MONTH:   4.6 INCHES  5 = HAIL
                        GRTST 24HR   3.9 ON 17-17  6 = FREEZING RAIN OR DRIZZLE
                        GRTST DEPTH:   3 ON 18     7 = DUSTSTORM OR SANDSTORM:
                                                       VSBY 1/2 MILE OR LESS
                                                   8 = SMOKE OR HAZE
[NO. OF DAYS WITH]      [WEATHER - DAYS WITH]      9 = BLOWING SNOW
                                                   X = TORNADO
MAX 32 OR BELOW:   1    0.01 INCH OR MORE:  12
MAX 90 OR ABOVE:   0    0.10 INCH OR MORE:   9
MIN 32 OR BELOW:  10    0.50 INCH OR MORE:   5
MIN  0 OR BELOW:   0    1.00 INCH OR MORE:   2

[HDD (BASE 65) ]
TOTAL THIS MO.   492    CLEAR  (SCALE 0-3)   1
DPTR FM NORMAL   -86    PTCLDY (SCALE 4-7)  10
TOTAL FM JUL 1  3001    CLOUDY (SCALE 8-10)  8
DPTR FM NORMAL  -176

[CDD (BASE 65) ]
TOTAL THIS MO.     0
DPTR FM NORMAL     0    [PRESSURE DATA]
TOTAL FM JAN 1     0    HIGHEST SLP M ON M
DPTR FM NORMAL     0    LOWEST  SLP 29.56 ON 16

[REMARKS]
