000
CXUS51 KOKX 280703
CF6LGA
PRELIMINARY LOCAL CLIMATOLOGICAL DATA (WS FORM: F-6)

                                          STATION:   LAGUARDIA NY
                                          MONTH:     JULY
                                          YEAR:      2015
                                          LATITUDE:   40 46 N
                                          LONGITUDE:  73 54 W

  TEMPERATURE IN F:       :PCPN:    SNOW:  WIND      :SUNSHINE: SKY     :PK WND
================================================================================
1   2   3   4   5  6A  6B    7    8   9   10  11  12  13   14  15   16   17  18
                                     12Z  AVG MX 2MIN
DY MAX MIN AVG DEP HDD CDD  WTR  SNW DPTH SPD SPD DIR MIN PSBL S-S WX    SPD DR
================================================================================

 1  85  70  78   2   0  13 0.35  0.0    0 10.4 23 270   M    M   8 13     30 270
 2  81  70  76   0   0  11    T  0.0    0  5.8 14 170   M    M   7        16 150
 3  81  67  74  -2   0   9 0.00  0.0    0  6.8 15 160   M    M   5        18 170
 4  75  69  72  -5   0   7    T  0.0    0  6.9 13  60   M    M   8        18  60
 5  85  70  78   1   0  13 0.00  0.0    0  5.6 17 180   M    M   8        21 180
 6  83  71  77   0   0  12 0.00  0.0    0  7.9 16 170   M    M   8        21 180
 7  88  75  82   5   0  17 0.00  0.0    0 10.4 22 160   M    M   7        26 160
 8  89  76  83   6   0  18 0.09  0.0    0  7.5 18 320   M    M   7        23 320
 9  79  68  74  -3   0   9 0.29  0.0    0  8.5 15  50   M    M   9 1      20 190
10  84  72  78   1   0  13 0.00  0.0    0  9.3 20 330   M    M   6        25 340
11  86  72  79   2   0  14 0.00  0.0    0  5.3 12 220   M    M   5        15 220
12  89  73  81   4   0  16 0.00  0.0    0  6.2 14 170   M    M   6        18 170
13  85  74  80   2   0  15 0.00  0.0    0  7.9 16 160   M    M   7        21 170
14  81  71  76  -2   0  11 0.95  0.0    0  7.6 17 170   M    M   7 12     22 150
15  81  72  77  -1   0  12 0.01  0.0    0  9.1 22 350   M    M   9 12     26  20
16  80  64  72  -6   0   7 0.00  0.0    0  9.0 20  10   M    M   4        23  20
17  80  68  74  -4   0   9 0.00  0.0    0 11.4 21 180   M    M   6        26 180
18  86  72  79   1   0  14 0.18  0.0    0  9.5 16 160   M    M   9 38     21 230
19  94  78  86   8   0  21 0.00  0.0    0  7.0 18 160   M    M   6        22 170
20  95  83  89  11   0  24 0.00  0.0    0  8.7 18 300   M    M   6        23 260
21  92  75  84   6   0  19    T  0.0    0  7.8 22 330   M    M   8        29  30
22  86  71  79   1   0  14 0.00  0.0    0 13.5 23 320   M    M   3        29 310
23  85  71  78   0   0  13 0.00  0.0    0  9.5 18 310   M    M   4        24 310
24  85  71  78   0   0  13 0.00  0.0    0  5.8 14  40   M    M   4        18  40
25  85  71  78   0   0  13 0.00  0.0    0  8.0 16 170   M    M   4        21 180
26  89  75  82   4   0  17 0.05  0.0    0 11.4 23 160   M    M   7        28 170
27  87  76  82   4   0  17 0.00  0.0    0  9.2 20 170   M    M   8 3      25 160
================================================================================
SM 2296 1945         0 371  1.92     0.0 226.0          M      176
================================================================================
AV 85.0 72.0                               8.4 FASTST   M    M   7    MAX(MPH)
                                 MISC ---->  # 23 270               # 30  270
================================================================================
NOTES:
# LAST OF SEVERAL OCCURRENCES

COLUMN 17 PEAK WIND IN M.P.H.

PRELIMINARY LOCAL CLIMATOLOGICAL DATA (WS FORM: F-6) , PAGE 2

                                          STATION:  LAGUARDIA NY
                                          MONTH:    JULY
                                          YEAR:     2015
                                          LATITUDE:   40 46 N
                                          LONGITUDE:  73 54 W

[TEMPERATURE DATA]      [PRECIPITATION DATA]       SYMBOLS USED IN COLUMN 16

AVERAGE MONTHLY: 78.5   TOTAL FOR MONTH:   1.92    1 = FOG OR MIST
DPTR FM NORMAL:   1.1   DPTR FM NORMAL:   -1.93    2 = FOG REDUCING VISIBILITY
HIGHEST:    95 ON 20    GRTST 24HR  0.96 ON 14-15      TO 1/4 MILE OR LESS
LOWEST:     64 ON 16                               3 = THUNDER
                        SNOW, ICE PELLETS, HAIL    4 = ICE PELLETS
                        TOTAL MONTH:   0.0 INCH    5 = HAIL
                        GRTST 24HR     0.0         6 = FREEZING RAIN OR DRIZZLE
                        GRTST DEPTH:   0           7 = DUSTSTORM OR SANDSTORM:
                                                       VSBY 1/2 MILE OR LESS
                                                   8 = SMOKE OR HAZE
[NO. OF DAYS WITH]      [WEATHER - DAYS WITH]      9 = BLOWING SNOW
                                                   X = TORNADO
MAX 32 OR BELOW:   0    0.01 INCH OR MORE:   7
MAX 90 OR ABOVE:   3    0.10 INCH OR MORE:   4
MIN 32 OR BELOW:   0    0.50 INCH OR MORE:   1
MIN  0 OR BELOW:   0    1.00 INCH OR MORE:   0

[HDD (BASE 65) ]
TOTAL THIS MO.     0    CLEAR  (SCALE 0-3)   1
DPTR FM NORMAL     0    PTCLDY (SCALE 4-7)  22
TOTAL FM JUL 1     0    CLOUDY (SCALE 8-10)  4
DPTR FM NORMAL     0

[CDD (BASE 65) ]
TOTAL THIS MO.   371
DPTR FM NORMAL    35    [PRESSURE DATA]
TOTAL FM JAN 1   721    HIGHEST SLP M ON M
DPTR FM NORMAL    88    LOWEST  SLP 29.54 ON 14

[REMARKS]
