000
CXUS55 KPUB 251059
CF6LHX
PRELIMINARY LOCAL CLIMATOLOGICAL DATA (WS FORM: F-6)

                                          STATION:   LA JUNTA CO
                                          MONTH:     AUGUST
                                          YEAR:      2016
                                          LATITUDE:   38  2 N
                                          LONGITUDE: 103 31 W

  TEMPERATURE IN F:       :PCPN:    SNOW:  WIND      :SUNSHINE: SKY     :PK WND
================================================================================
1   2   3   4   5  6A  6B    7    8   9   10  11  12  13   14  15   16   17  18
                                     12Z  AVG MX 2MIN
DY MAX MIN AVG DEP HDD CDD  WTR  SNW DPTH SPD SPD DIR MIN PSBL S-S WX    SPD DR
================================================================================

 1  98  67  83   5   0  18 0.01  0.0    0  7.7 21 200   M    M   0 3      27 230
 2  96  68  82   4   0  17    T  0.0    0  8.9 21 220   M    M   1 3      26 230
 3  97  68  83   5   0  18 0.00  0.0    0  7.6 18 220   M    M   1 8      24 210
 4  90  65  78   0   0  13 0.11  0.0    0 11.8 29  20   M    M   3 3      35  10
 5  83  62  73  -5   0   8 0.07  0.0    0  8.9 23  80   M    M   3        27  80
 6  93  63  78   0   0  13 0.03  0.0    0  9.0 36 300   M    M   4 123    46 300
 7  90  62  76  -1   0  11 0.00  0.0    0  9.0 25 110   M    M   1 1      30 130
 8  92  64  78   1   0  13 0.00  0.0    0  8.1 46 340   M    M   2 13     57 330
 9  96  60  78   1   0  13 0.00  0.0    0  8.3 20 130   M    M   0        24 110
10  98  64  81   4   0  16 0.00  0.0    0  8.0 17 290   M    M   0        23 300
11  95  67  81   4   0  16    T  0.0    0  9.2 31 360   M    M   1        38  10
12  89  61  75  -2   0  10 0.08  0.0    0  9.7 36 360   M    M   1 13     44 360
13  90  60  75  -2   0  10 0.00  0.0    0 11.7 30 140   M    M   1        37 140
14  89  63  76  -1   0  11 0.00  0.0    0  9.2 17 160   M    M   0        21 160
15  97  61  79   3   0  14 0.00  0.0    0  9.0 23  60   M    M   0 3      27  50
16  94  61  78   2   0  13 0.10  0.0    0  9.7 33 240   M    M   0 3      43 250
17  94  62  78   2   0  13    T  0.0    0 10.4 36 180   M    M   0 3      44 170
18  95  63  79   3   0  14 0.00  0.0    0  9.5 32 360   M    M   0        38 350
19  87  57  72  -4   0   7 0.39  0.0    0 11.1 40  20   M    M   2 13     54  10
20  75  56  66 -10   0   1 0.11  0.0    0  7.5 16 110   M    M   5 13     21 110
21  90  59  75  -1   0  10 0.00  0.0    0  9.7 20 200   M    M   1        25 210
22  92  63  78   3   0  13 0.00  0.0    0 10.4 22 180   M    M   0        31 190
23  96  63  80   5   0  15    T  0.0    0 11.1 23 300   M    M   1        29 290
24  82  58  70  -5   0   5 0.00  0.0    0  9.5 21  60   M    M   2        26  50
================================================================================
SM 2198 1497         0 292  0.90     0.0 225.0          M       29
================================================================================
AV 91.6 62.4                               9.4 FASTST   M    M   1    MAX(MPH)
                                 MISC ---->  # 46 340               # 57  330
================================================================================
NOTES:
# LAST OF SEVERAL OCCURRENCES

COLUMN 17 PEAK WIND IN M.P.H.

PRELIMINARY LOCAL CLIMATOLOGICAL DATA (WS FORM: F-6) , PAGE 2

                                          STATION:  LA JUNTA CO
                                          MONTH:    AUGUST
                                          YEAR:     2016
                                          LATITUDE:   38  2 N
                                          LONGITUDE: 103 31 W

[TEMPERATURE DATA]      [PRECIPITATION DATA]       SYMBOLS USED IN COLUMN 16

AVERAGE MONTHLY: 77.0   TOTAL FOR MONTH:   0.90    1 = FOG OR MIST
DPTR FM NORMAL:   0.3   DPTR FM NORMAL:   -0.41    2 = FOG REDUCING VISIBILITY
HIGHEST:    98 ON 10, 1 GRTST 24HR  0.43 ON 19-20      TO 1/4 MILE OR LESS
LOWEST:     56 ON 20                               3 = THUNDER
                        SNOW, ICE PELLETS, HAIL    4 = ICE PELLETS
                        TOTAL MONTH:   0.0 INCH    5 = HAIL
                        GRTST 24HR     0.0         6 = FREEZING RAIN OR DRIZZLE
                        GRTST DEPTH:   0           7 = DUSTSTORM OR SANDSTORM:
                                                       VSBY 1/2 MILE OR LESS
                                                   8 = SMOKE OR HAZE
[NO. OF DAYS WITH]      [WEATHER - DAYS WITH]      9 = BLOWING SNOW
                                                   X = TORNADO
MAX 32 OR BELOW:   0    0.01 INCH OR MORE:   8
MAX 90 OR ABOVE:  18    0.10 INCH OR MORE:   4
MIN 32 OR BELOW:   0    0.50 INCH OR MORE:   0
MIN  0 OR BELOW:   0    1.00 INCH OR MORE:   0

[HDD (BASE 65) ]
TOTAL THIS MO.     0    CLEAR  (SCALE 0-3)  22
DPTR FM NORMAL     0    PTCLDY (SCALE 4-7)   2
TOTAL FM JUL 1     0    CLOUDY (SCALE 8-10)  0
DPTR FM NORMAL    -1

[CDD (BASE 65) ]
TOTAL THIS MO.   292
DPTR FM NORMAL    10    [PRESSURE DATA]
TOTAL FM JAN 1  1229    HIGHEST SLP M ON M
DPTR FM NORMAL   216    LOWEST  SLP 29.87 ON 20

[REMARKS]
