740
CXUS55 KPUB 231159
CF6LHX
PRELIMINARY LOCAL CLIMATOLOGICAL DATA (WS FORM: F-6)

                                          STATION:   LA JUNTA CO
                                          MONTH:     FEBRUARY
                                          YEAR:      2018
                                          LATITUDE:   38  2 N
                                          LONGITUDE: 103 31 W

  TEMPERATURE IN F:       :PCPN:    SNOW:  WIND      :SUNSHINE: SKY     :PK WND
================================================================================
1   2   3   4   5  6A  6B    7    8   9   10  11  12  13   14  15   16   17  18
                                     12Z  AVG MX 2MIN
DY MAX MIN AVG DEP HDD CDD  WTR  SNW DPTH SPD SPD DIR MIN PSBL S-S WX    SPD DR
================================================================================

 1  43  26  35   3  30   0 0.00  0.0    0  4.4 14 130   M    M   6        18 140
 2  56  18  37   5  28   0 0.00  0.0    0  7.3 15 170   M    M   0        19 170
 3  67  25  46  14  19   0 0.00  0.0    0  8.6 21  70   M    M   0        25  70
 4  38  14  26  -6  39   0    T    M    0  7.4 30  70   M    M   4 128    38  40
 5  65  13  39   7  26   0 0.01    M    0 13.3 31  50   M    M   2 1      36  50
 6  32  18  25  -8  40   0    T    M    M  9.0 17  90   M    M   5 18     21  90
 7  53  15  34   1  31   0 0.00  0.0    M  4.6  9 290   M    M   0        11 260
 8  67  20  44  11  21   0 0.00  0.0    0  7.7 15 280   M    M   0        19 260
 9  44  17  31  -2  34   0 0.00  0.0    0 11.1 20  70   M    M   7 18     24  50
10  19  14  17 -16  48   0 0.05    M    0  7.3 15  80   M    M  10 1      18  90
11  44   7  26  -8  39   0 0.00  0.0    M  7.7 14 290   M    M   1        17 180
12  56  17  37   3  28   0 0.00  0.0    0  8.4 29 210   M    M   0        37 220
13  66  19  43   9  22   0 0.00  0.0    0  6.2 14 290   M    M   0        17 210
14  71  33  52  18  13   0 0.00  0.0    0 13.6 29 250   M    M   0        36 260
15  68  32  50  15  15   0    T    M    0 14.1 30  40   M    M   3        37  40
16  51  25  38   3  27   0    T    M    M  9.6 22  30   M    M   4 1      26  20
17  59  26  43   8  22   0 0.00  0.0    0 11.9 24 160   M    M   0        30 150
18  75  38  57  21   8   0 0.00  0.0    0 18.8 43 250   M    M   0        51 250
19  51  15  33  -3  32   0 0.05    M    M 14.6 29  20   M    M   8 138    37  30
20  26   4  15 -21  50   0 0.02    M    M  7.6 16  50   M    M   3 18     20  30
21  32   3  18 -18  47   0 0.00  0.0    M  8.3 20 110   M    M   0        24 110
22  44  13  29  -8  36   0 0.00  0.0    0  5.4 13 340   M    M   1 1      17 340
================================================================================
SM 1127  412       655   0  0.13     0.0 206.9          M       54
================================================================================
AV 51.2 18.7                               9.4 FASTST   M    M   2    MAX(MPH)
                                 MISC ---->  # 43 250               # 51  250
================================================================================
NOTES:
# LAST OF SEVERAL OCCURRENCES

COLUMN 17 PEAK WIND IN M.P.H.

PRELIMINARY LOCAL CLIMATOLOGICAL DATA (WS FORM: F-6) , PAGE 2

                                          STATION:  LA JUNTA CO
                                          MONTH:    FEBRUARY
                                          YEAR:     2018
                                          LATITUDE:   38  2 N
                                          LONGITUDE: 103 31 W

[TEMPERATURE DATA]      [PRECIPITATION DATA]       SYMBOLS USED IN COLUMN 16

AVERAGE MONTHLY: 35.0   TOTAL FOR MONTH:   0.13    1 = FOG OR MIST
DPTR FM NORMAL:   1.0   DPTR FM NORMAL:   -0.14    2 = FOG REDUCING VISIBILITY
HIGHEST:    75 ON 18    GRTST 24HR  0.05 ON 19-19      TO 1/4 MILE OR LESS
LOWEST:      3 ON 21                               3 = THUNDER
                        SNOW, ICE PELLETS, HAIL    4 = ICE PELLETS
                        TOTAL MONTH:   0.0 INCH    5 = HAIL
                        GRTST 24HR     0.0         6 = FREEZING RAIN OR DRIZZLE
                        GRTST DEPTH:   0           7 = DUSTSTORM OR SANDSTORM:
                                                       VSBY 1/2 MILE OR LESS
                                                   8 = SMOKE OR HAZE
[NO. OF DAYS WITH]      [WEATHER - DAYS WITH]      9 = BLOWING SNOW
                                                   X = TORNADO
MAX 32 OR BELOW:   4    0.01 INCH OR MORE:   4
MAX 90 OR ABOVE:   0    0.10 INCH OR MORE:   0
MIN 32 OR BELOW:  20    0.50 INCH OR MORE:   0
MIN  0 OR BELOW:   0    1.00 INCH OR MORE:   0

[HDD (BASE 65) ]
TOTAL THIS MO.   655    CLEAR  (SCALE 0-3)  14
DPTR FM NORMAL   -27    PTCLDY (SCALE 4-7)   7
TOTAL FM JUL 1  3344    CLOUDY (SCALE 8-10)  1
DPTR FM NORMAL  -595

[CDD (BASE 65) ]
TOTAL THIS MO.     0
DPTR FM NORMAL     0    [PRESSURE DATA]
TOTAL FM JAN 1     0    HIGHEST SLP M ON M
DPTR FM NORMAL     0    LOWEST  SLP 29.28 ON 19

[REMARKS]
