000
CXUS54 KLZK 011130
CF6LLQ
PRELIMINARY LOCAL CLIMATOLOGICAL DATA (WS FORM: F-6)

                                          STATION:   Monticello
                                          MONTH:     AUGUST
                                          YEAR:      2015
                                          LATITUDE:   33 37 N
                                          LONGITUDE:  91 45 W

  TEMPERATURE IN F:       :PCPN:    SNOW:  WIND      :SUNSHINE: SKY     :PK WND
================================================================================
1   2   3   4   5  6A  6B    7    8   9   10  11  12  13   14  15   16   17  18
                                     12Z  AVG MX 2MIN
DY MAX MIN AVG DEP HDD CDD  WTR  SNW DPTH SPD SPD DIR MIN PSBL S-S WX    SPD DR
================================================================================

 1  96  68  82   0   0  17 0.00  0.0    0  4.7 14  70   M    M   0        20  40
 2  97  67  82   0   0  17 0.00  0.0    0  2.7 10  80   M    M   0        15  70
 3  98  68  83   1   0  18 0.00  0.0    0  2.3 13  60   M    M   0        17  80
 4  99  72  86   4   0  21 0.00  0.0    0  1.7  8 270   M    M   3        12 220
 5  99  78  89   7   0  24 0.00  0.0    0  6.0 17 200   M    M   2 3      26 190
 6 100  81  91   9   0  26 0.00  0.0    0  8.0 16 260   M    M   1        24 260
 7 102  79  91   9   0  26 0.00  0.0    0  6.5 14 240   M    M   0        18 260
 8 103  81  92  10   0  27 0.00  0.0    0  8.0 16  70   M    M   2 3      23 260
 9 102  75  89   7   0  24 0.00  0.0    0  4.5 12  80   M    M   1 1      17  60
10 102  82  92  10   0  27 0.00  0.0    0  4.1 12 320   M    M   1        16 350
11  99  78  89   7   0  24    T  0.0    0  3.0 15  60   M    M   3 1      19  50
12  94  73  84   2   0  19 0.00  0.0    0  5.5 16  50   M    M   2        25  50
13  91  69  80  -2   0  15 0.00  0.0    0  4.7 17  70   M    M   1        20  80
14  92  63  78  -4   0  13 0.00  0.0    0  4.1 15  80   M    M   0        22  60
15  95  67  81  -1   0  16 0.00  0.0    0  6.0 21  90   M    M   1        31  80
16  95  69  82   0   0  17 0.00  0.0    0  6.9 16 130   M    M   1 1      21  80
17  94  72  83   1   0  18 0.00  0.0    0  3.4  8 160   M    M   2         M  M
18  98  73  86   4   0  21 0.00  0.0    0  7.0 17 200   M    M   2        23 200
19  91  71  81  -1   0  16    T  0.0    0  8.2 15 190   M    M   4 13     25 190
20  74  67  71 -10   0   6 0.13  0.0    0  3.3 12  50   M    M   9 1      15  50
21  86  70  78  -3   0  13 0.00  0.0    0  1.7  6 100   M    M   5         8 100
22  89  73  81   0   0  16 0.16  0.0    0  3.0 15 320   M    M   4 13     22 320
23  91  72  82   1   0  17 0.00  0.0    0  4.3 16 300   M    M   2 1      23 290
24  87  69  78  -3   0  13 0.04  0.0    0  3.3 13  50   M    M   3 13     16  50
25  88  63  76  -5   0  11 0.00  0.0    0  3.7 13  40   M    M   1        18  50
26  88  60  74  -7   0   9 0.00  0.0    0  3.0 14  50   M    M   0        22  60
27  86  62  74  -7   0   9 0.00  0.0    0  3.3 14  50   M    M   0        18  60
28  89  59  74  -6   0   9 0.00  0.0    0  2.0 10  50   M    M   0 1      14  90
29  93  64  79  -1   0  14 0.00  0.0    0  2.2 13 290   M    M   0        16 280
30  96  70  83   3   0  18 0.00  0.0    0  2.2 13 240   M    M   1        18 240
31  96  70  83   3   0  18    T  0.0    0  2.1 10 200   M    M   1 3      13 200
================================================================================
SM 2910 2185         0 539  0.33     0.0 131.4          M       52
================================================================================
AV 93.9 70.5                               4.2 FASTST   M    M   2    MAX(MPH)
                                 MISC ---->  # 21  90               # 31   80
================================================================================
NOTES:
# LAST OF SEVERAL OCCURRENCES

COLUMN 17 PEAK WIND IN M.P.H.

PRELIMINARY LOCAL CLIMATOLOGICAL DATA (WS FORM: F-6) , PAGE 2

                                          STATION:  Monticello
                                          MONTH:    AUGUST
                                          YEAR:     2015
                                          LATITUDE:   33 37 N
                                          LONGITUDE:  91 45 W

[TEMPERATURE DATA]      [PRECIPITATION DATA]       SYMBOLS USED IN COLUMN 16

AVERAGE MONTHLY: 82.2   TOTAL FOR MONTH:   0.33    1 = FOG OR MIST
DPTR FM NORMAL:   0.8   DPTR FM NORMAL:   -2.52    2 = FOG REDUCING VISIBILITY
HIGHEST:   103 ON  8    GRTST 24HR  0.16 ON 22-22      TO 1/4 MILE OR LESS
LOWEST:     59 ON 28                               3 = THUNDER
                        SNOW, ICE PELLETS, HAIL    4 = ICE PELLETS
                        TOTAL MONTH:   0.0 INCH    5 = HAIL
                        GRTST 24HR     0.0         6 = FREEZING RAIN OR DRIZZLE
                        GRTST DEPTH:   0           7 = DUSTSTORM OR SANDSTORM:
                                                       VSBY 1/2 MILE OR LESS
                                                   8 = SMOKE OR HAZE
[NO. OF DAYS WITH]      [WEATHER - DAYS WITH]      9 = BLOWING SNOW
                                                   X = TORNADO
MAX 32 OR BELOW:   0    0.01 INCH OR MORE:   3
MAX 90 OR ABOVE:  23    0.10 INCH OR MORE:   2
MIN 32 OR BELOW:   0    0.50 INCH OR MORE:   0
MIN  0 OR BELOW:   0    1.00 INCH OR MORE:   0

[HDD (BASE 65) ]
TOTAL THIS MO.     0    CLEAR  (SCALE 0-3)  27
DPTR FM NORMAL     0    PTCLDY (SCALE 4-7)   3
TOTAL FM JUL 1     0    CLOUDY (SCALE 8-10)  1
DPTR FM NORMAL     0

[CDD (BASE 65) ]
TOTAL THIS MO.   539
DPTR FM NORMAL    31    [PRESSURE DATA]
TOTAL FM JAN 1  1969    HIGHEST SLP 30.15 ON 25
DPTR FM NORMAL   189    LOWEST  SLP 29.76 ON 18

[REMARKS]
ALL SNOWFALL DATA IS FROM THE UNIVERSITY OF ARKANSAS AT MONTICELLO COOPERATIVE OBSERVER SITE
#FINAL-08-15#
ALL SNOWFALL DATA IS FROM THE UNIVERSITY OF ARKANSAS AT MONTICELLO COOPERATIVE OBSERVER SITE
#FINAL-08-15#
