000
CXUS55 KRIW 280904
CF6LND
PRELIMINARY LOCAL CLIMATOLOGICAL DATA (WS FORM: F-6)

                                          STATION:   LANDER WY
                                          MONTH:     AUGUST
                                          YEAR:      2015
                                          LATITUDE:   42 49 N
                                          LONGITUDE: 108 44 W

  TEMPERATURE IN F:       :PCPN:    SNOW:  WIND      :SUNSHINE: SKY     :PK WND
================================================================================
1   2   3   4   5  6A  6B    7    8   9   10  11  12  13   14  15   16   17  18
                                     12Z  AVG MX 2MIN
DY MAX MIN AVG DEP HDD CDD  WTR  SNW DPTH SPD SPD DIR MIN PSBL S-S WX    SPD DR
================================================================================

 1  92  59  76   4   0  11 0.00  0.0    0  7.0 17 240   M    M   0        20 250
 2  93  59  76   4   0  11 0.00  0.0    0  5.4 15 240   M    M   0        19  50
 3  82  57  70  -2   0   5 0.46  0.0    0  7.8 46 170   M    M   4 13     54 170
 4  84  57  71  -1   0   6    T  0.0    0  4.6 16 330   M    M   5 1      22 320
 5  85  54  70  -2   0   5 0.00  0.0    0  5.0 33 250   M    M   1        42 260
 6  84  50  67  -5   0   2 0.00  0.0    0  6.0 20 270   M    M   0        25 280
 7  77  56  67  -5   0   2    T  0.0    0 10.5 32 190   M    M   4        40 210
 8  80  56  68  -4   0   3 0.03  0.0    0  6.9 33 240   M    M   3        42 240
 9  82  52  67  -4   0   2 0.00  0.0    0  5.3 17 250   M    M   1        19 240
10  89  56  73   2   0   8 0.00  0.0    0  7.9 17 240   M    M   0        31 210
11  94  55  75   4   0  10 0.00  0.0    0  8.1 23 200   M    M   0        29 210
12  93  67  80   9   0  15    T  0.0    0  7.9 25 320   M    M   2 3      31 330
13  91  59  75   4   0  10    T  0.0    0  4.4 17 210   M    M   0        23 330
14  95  56  76   6   0  11 0.00  0.0    0  7.0 29 340   M    M   1 3      36 340
15  94  61  78   8   0  13    T  0.0    0  7.2 43 220   M    M   0 3      51 220
16  86  57  72   2   0   7 0.00  0.0    0  6.2 17  40   M    M   0 8      22  40
17  85  49  67  -3   0   2 0.00  0.0    0  7.5 37  20   M    M   0        45  20
18  72  43  58 -12   7   0 0.00  0.0    0  4.7 28  20   M    M   4        33  30
19  77  43  60  -9   5   0 0.00  0.0    0  5.0 14  40   M    M   1        18  60
20  85  51  68  -1   0   3 0.00  0.0    0  4.8 13 240   M    M   0 8      17 120
21  91  53  72   3   0   7 0.00  0.0    0  9.8 25 260   M    M   0 8      36 250
22  74  46  60  -9   5   0 0.00  0.0    0  6.7 15  90   M    M   0 8      29  70
23  80  39  60  -8   5   0 0.00  0.0    0  4.4 13 260   M    M   0        15 260
24  91  49  70   2   0   5 0.00  0.0    0  4.2 23 220   M    M   0        29 220
25  95  57  76   8   0  11 0.00  0.0    0  5.5 22 340   M    M   0 3      31 320
26  86  58  72   5   0   7 0.01  0.0    0  7.6 21 270   M    M   5        27 290
27  82  55  69   2   0   4 0.08  0.0    0  5.8 28 340   M    M   4 38     38 340
================================================================================
SM 2319 1454        22 160  0.58     0.0 173.2          M       35
================================================================================
AV 85.9 53.9                               6.4 FASTST   M    M   1    MAX(MPH)
                                 MISC ---->  # 46 170               # 54  170
================================================================================
NOTES:
# LAST OF SEVERAL OCCURRENCES

COLUMN 17 PEAK WIND IN M.P.H.

PRELIMINARY LOCAL CLIMATOLOGICAL DATA (WS FORM: F-6) , PAGE 2

                                          STATION:  LANDER WY
                                          MONTH:    AUGUST
                                          YEAR:     2015
                                          LATITUDE:   42 49 N
                                          LONGITUDE: 108 44 W

[TEMPERATURE DATA]      [PRECIPITATION DATA]       SYMBOLS USED IN COLUMN 16

AVERAGE MONTHLY: 69.9   TOTAL FOR MONTH:   0.58    1 = FOG OR MIST
DPTR FM NORMAL:  -0.3   DPTR FM NORMAL:    0.04    2 = FOG REDUCING VISIBILITY
HIGHEST:    95 ON 25,14 GRTST 24HR  0.46 ON  3- 3      TO 1/4 MILE OR LESS
LOWEST:     39 ON 23                               3 = THUNDER
                        SNOW, ICE PELLETS, HAIL    4 = ICE PELLETS
                        TOTAL MONTH:   0.0 INCH    5 = HAIL
                        GRTST 24HR     0.0         6 = FREEZING RAIN OR DRIZZLE
                        GRTST DEPTH:   0           7 = DUSTSTORM OR SANDSTORM:
                                                       VSBY 1/2 MILE OR LESS
                                                   8 = SMOKE OR HAZE
[NO. OF DAYS WITH]      [WEATHER - DAYS WITH]      9 = BLOWING SNOW
                                                   X = TORNADO
MAX 32 OR BELOW:   0    0.01 INCH OR MORE:   4
MAX 90 OR ABOVE:  10    0.10 INCH OR MORE:   1
MIN 32 OR BELOW:   0    0.50 INCH OR MORE:   0
MIN  0 OR BELOW:   0    1.00 INCH OR MORE:   0

[HDD (BASE 65) ]
TOTAL THIS MO.    22    CLEAR  (SCALE 0-3)  20
DPTR FM NORMAL     7    PTCLDY (SCALE 4-7)   7
TOTAL FM JUL 1    40    CLOUDY (SCALE 8-10)  0
DPTR FM NORMAL     9

[CDD (BASE 65) ]
TOTAL THIS MO.   160
DPTR FM NORMAL     6    [PRESSURE DATA]
TOTAL FM JAN 1   406    HIGHEST SLP M ON M
DPTR FM NORMAL   -25    LOWEST  SLP 29.70 ON 21

[REMARKS]
