000
CXUS53 KOAX 271000
CF6LNK
PRELIMINARY LOCAL CLIMATOLOGICAL DATA (WS FORM: F-6)

                                          STATION:   LINCOLN, NEBRASKA
                                          MONTH:     FEBRUARY
                                          YEAR:      2015
                                          LATITUDE:   40 50 N
                                          LONGITUDE:  96 45 W

  TEMPERATURE IN F:       :PCPN:    SNOW:  WIND      :SUNSHINE: SKY     :PK WND
================================================================================
1   2   3   4   5  6A  6B    7    8   9   10  11  12  13   14  15   16   17  18
                                     12Z  AVG MX 2MIN
DY MAX MIN AVG DEP HDD CDD  WTR  SNW DPTH SPD SPD DIR MIN PSBL S-S WX    SPD DR
================================================================================

 1  32   3  18  -8  47   0 0.40  4.9    5 21.6 37 350   M    M   9 19     45 350
 2  19  -7   6 -20  59   0 0.00  0.0    7  6.8 20 180   M    M   1        23 190
 3  38   7  23  -3  42   0 0.00  0.0    7  5.8 15  10   M    M   2        19 180
 4  24 -13   6 -20  59   0 0.42  6.6    6 13.8 31 360   M    M   5 12     38  10
 5  26 -16   5 -21  60   0 0.00  0.0   10  8.4 18 210   M    M   0        24 210
 6  43  22  33   7  32   0 0.00  0.0    9  6.3 13 210   M    M   0 1      16 180
 7  53  24  39  12  26   0 0.00  0.0    5  5.7 14 200   M    M   0 1      18 200
 8  57  35  46  19  19   0 0.00  0.0    T  7.3 24 360   M    M   2 18     27 360
 9  37  32  35   8  30   0 0.00  0.0    T  6.7 17 160   M    M  10 1      21 140
10  41  29  35   8  30   0 0.00  0.0    T 10.7 20 160   M    M   7 18     24 150
11  39  21  30   2  35   0 0.00  0.0    T 17.6 29 350   M    M   6 1      35 360
12  23   7  15 -13  50   0 0.00  0.0    T 11.5 31 360   M    M   4        37 360
13  53  16  35   7  30   0 0.00  0.0    0  5.8 17 330   M    M   1        21 310
14  37  15  26  -3  39   0 0.00  0.0    0 14.9 28  30   M    M   5        33  30
15  19  12  16 -13  49   0 0.00  0.0    0  7.8 16 120   M    M   7        19  80
16  38  17  28  -1  37   0 0.00  0.0    0  5.9 18  10   M    M   9        22  10
17  28  12  20 -10  45   0 0.02  0.2    0 11.5 25 330   M    M   4 1      31 340
18  20   2  11 -19  54   0 0.00  0.0    T 11.5 26 340   M    M   1        33 350
19  23   0  12 -18  53   0 0.01  0.2    0  8.4 18 170   M    M   6        22 150
20  43  11  27  -4  38   0 0.00  0.0    T  7.0 14 160   M    M   3        17 220
21  40  18  29  -2  36   0 0.00  0.0    0 11.5 25 360   M    M   6 18     30 360
22  21   3  12 -19  53   0 0.00  0.0    0 15.4 25 360   M    M   4        30 360
23  27  -5  11 -21  54   0 0.00  0.0    0  7.0 18 210   M    M   0        23 210
24  50  18  34   2  31   0 0.00  0.0    0  9.8 24 350   M    M   0        29 350
25  46  11  29  -3  36   0 0.05    T    0 17.3 35 350   M    M   7 18     39 350
26  16  -1   8 -25  57   0 0.00  0.0    T 16.2 29 350   M    M   3        32 360
================================================================================
SM  893  273      1101   0  0.90    11.9 272.2          M      102
================================================================================
AV 34.3 10.5                              10.5 FASTST   M    M   4    MAX(MPH)
                                 MISC ---->  # 37 350               # 45  350
================================================================================
NOTES:
# LAST OF SEVERAL OCCURRENCES

COLUMN 17 PEAK WIND IN M.P.H.

PRELIMINARY LOCAL CLIMATOLOGICAL DATA (WS FORM: F-6) , PAGE 2

                                          STATION:  LINCOLN, NEBRASKA
                                          MONTH:    FEBRUARY
                                          YEAR:     2015
                                          LATITUDE:   40 50 N
                                          LONGITUDE:  96 45 W

[TEMPERATURE DATA]      [PRECIPITATION DATA]       SYMBOLS USED IN COLUMN 16

AVERAGE MONTHLY: 22.4   TOTAL FOR MONTH:   0.90    1 = FOG OR MIST
DPTR FM NORMAL:  -6.3   DPTR FM NORMAL:    0.19    2 = FOG REDUCING VISIBILITY
HIGHEST:    57 ON  8    GRTST 24HR  0.93 ON 31- 1      TO 1/4 MILE OR LESS
LOWEST:    -16 ON  5                               3 = THUNDER
                        SNOW, ICE PELLETS, HAIL    4 = ICE PELLETS
                        TOTAL MONTH:  11.9 INCHES  5 = HAIL
                        GRTST 24HR   6.6 ON   M    6 = FREEZING RAIN OR DRIZZLE
                        GRTST DEPTH:  10 ON  5     7 = DUSTSTORM OR SANDSTORM:
                                                       VSBY 1/2 MILE OR LESS
                                                   8 = SMOKE OR HAZE
[NO. OF DAYS WITH]      [WEATHER - DAYS WITH]      9 = BLOWING SNOW
                                                   X = TORNADO
MAX 32 OR BELOW:  12    0.01 INCH OR MORE:   5
MAX 90 OR ABOVE:   0    0.10 INCH OR MORE:   2
MIN 32 OR BELOW:  25    0.50 INCH OR MORE:   0
MIN  0 OR BELOW:   6    1.00 INCH OR MORE:   0

[HDD (BASE 65) ]
TOTAL THIS MO.  1101    CLEAR  (SCALE 0-3)  10
DPTR FM NORMAL   158    PTCLDY (SCALE 4-7)  13
TOTAL FM JUL 1  4580    CLOUDY (SCALE 8-10)  3
DPTR FM NORMAL   -60

[CDD (BASE 65) ]
TOTAL THIS MO.     0
DPTR FM NORMAL     0    [PRESSURE DATA]
TOTAL FM JAN 1     0    HIGHEST SLP M ON M
DPTR FM NORMAL     0    LOWEST  SLP 29.60 ON  7

[REMARKS]
