000
CXUS53 KLMK 300800
CF6LOU
PRELIMINARY LOCAL CLIMATOLOGICAL DATA (WS FORM: F-6)

                                          STATION:   LOUISVILLE BOWMAN KY
                                          MONTH:     MAY
                                          YEAR:      2016
                                          LATITUDE:   38 13 N
                                          LONGITUDE:  85 40 W

  TEMPERATURE IN F:       :PCPN:    SNOW:  WIND      :SUNSHINE: SKY     :PK WND
================================================================================
1   2   3   4   5  6A  6B    7    8   9   10  11  12  13   14  15   16   17  18
                                     12Z  AVG MX 2MIN
DY MAX MIN AVG DEP HDD CDD  WTR  SNW DPTH SPD SPD DIR MIN PSBL S-S WX    SPD DR
================================================================================

 1  82  63  73  11   0   8 1.04    M    M  4.4 33 310   M    M   4 13     44 310
 2  68  58  63   1   2   0    T    M    M  7.2 15 320   M    M   7        19 320
 3  65  50  58  -4   7   0 0.00    M    M  6.0 16 280   M    M   9        20 270
 4  61  49  55  -8  10   0 0.19    M    M  6.2 17 340   M    M   6 13     25 350
 5  60  45  53 -10  12   0 0.06    M    M  7.9 17 360   M    M   9        22 360
 6  72  46  59  -4   6   0 0.00    M    M  5.5 15 290   M    M   0        20 320
 7  83  54  69   5   0   4 0.38    M    M  7.3 26 270   M    M   4 138    40 330
 8  70  55  63  -1   2   0 0.02    M    M  3.8 10  60   M    M   5        14  20
 9  72  59  66   2   0   1 0.01    M    M  3.5  9 180   M    M   5        13 190
10  76  61  69   5   0   4 0.84    M    M  5.7 25 280   M    M   7 13     31 280
11  86  57  72   7   0   7 0.33    M    M  4.9 38 290   M    M   6 123    54 250
12  78  62  70   5   0   5 0.20    M    M  6.8 18 290   M    M   7 13     26 290
13  72  55  64  -1   1   0 0.00    M    M  8.1 16 300   M    M   1        20 320
14  62  46  54 -12  11   0 0.06    M    M 11.5 28 300   M    M   9        36 310
15  64  43  54 -12  11   0 0.00    M    M  9.0 22 270   M    M   3        27 270
16  61  43  52 -14  13   0 0.02    M    M  3.1 10 150   M    M   4        16 120
17  54  50  52 -14  13   0 0.57    M    M  5.9 14  60   M    M  10 1      19  70
18  68  51  60  -7   5   0 0.04    M    M  5.9 15  60   M    M   9 1      22  60
19  73  46  60  -7   5   0 0.00    M    M  4.9 13  60   M    M   2        15  40
20  63  57  60  -7   5   0 0.79    M    M  4.8 18  90   M    M   7 1      29  90
21  71  52  62  -6   3   0 0.10    M    M  4.3 14 350   M    M   7 1      20 360
22  81  48  65  -3   0   0 0.00    M    M  4.6 18 310   M    M   2 12     24 310
23  79  52  66  -2   0   1 0.00    M    M  3.6 12  80   M    M   0        16 120
24  83  54  69   0   0   4 0.00    M    M  2.6 12 200   M    M   1        15 200
25  82  67  75   6   0  10    T    M    M  6.3 16 200   M    M   6        23 200
26  81  66  74   5   0   9 0.31    M    M  5.2 28 290   M    M   5 13     37 310
27  86  64  75   5   0  10 0.06    M    M  6.1 16 180   M    M   2 3      23 150
28  83  69  76   6   0  11 0.02    M    M  5.2 14 190   M    M   2        20 180
29  88  67  78   8   0  13 0.00    M    M  4.9 16 300   M    M   1        21 300
================================================================================
SM 2124 1589       106  87  5.04    M    165.2          M      140
================================================================================
AV 73.2 54.8                               5.7 FASTST   M    M   5    MAX(MPH)
                                 MISC ---->  # 38 290               # 54  250
================================================================================
NOTES:
# LAST OF SEVERAL OCCURRENCES

COLUMN 17 PEAK WIND IN M.P.H.

PRELIMINARY LOCAL CLIMATOLOGICAL DATA (WS FORM: F-6) , PAGE 2

                                          STATION:  LOUISVILLE BOWMAN KY
                                          MONTH:    MAY
                                          YEAR:     2016
                                          LATITUDE:   38 13 N
                                          LONGITUDE:  85 40 W

[TEMPERATURE DATA]      [PRECIPITATION DATA]       SYMBOLS USED IN COLUMN 16

AVERAGE MONTHLY: 64.0   TOTAL FOR MONTH:   5.04    1 = FOG OR MIST
DPTR FM NORMAL:  -1.9   DPTR FM NORMAL:    0.20    2 = FOG REDUCING VISIBILITY
HIGHEST:    88 ON 29    GRTST 24HR  1.12 ON 30- 1      TO 1/4 MILE OR LESS
LOWEST:     43 ON 16,15                            3 = THUNDER
                        SNOW, ICE PELLETS, HAIL    4 = ICE PELLETS
                        TOTAL MONTH:    M          5 = HAIL
                        GRTST 24HR    M  ON   M    6 = FREEZING RAIN OR DRIZZLE
                        GRTST DEPTH:  M  ON   M    7 = DUSTSTORM OR SANDSTORM:
                                                       VSBY 1/2 MILE OR LESS
                                                   8 = SMOKE OR HAZE
[NO. OF DAYS WITH]      [WEATHER - DAYS WITH]      9 = BLOWING SNOW
                                                   X = TORNADO
MAX 32 OR BELOW:   0    0.01 INCH OR MORE:  18
MAX 90 OR ABOVE:   0    0.10 INCH OR MORE:  10
MIN 32 OR BELOW:   0    0.50 INCH OR MORE:   4
MIN  0 OR BELOW:   0    1.00 INCH OR MORE:   1

[HDD (BASE 65) ]
TOTAL THIS MO.   106    CLEAR  (SCALE 0-3)  10
DPTR FM NORMAL    34    PTCLDY (SCALE 4-7)  14
TOTAL FM JUL 1  3488    CLOUDY (SCALE 8-10)  5
DPTR FM NORMAL  -775

[CDD (BASE 65) ]
TOTAL THIS MO.    87
DPTR FM NORMAL   -14    [PRESSURE DATA]
TOTAL FM JAN 1   125    HIGHEST SLP M ON M
DPTR FM NORMAL   -10    LOWEST  SLP 29.66 ON  4

[REMARKS]
