000
CXUS55 KJKL 291000
CF6LOZ
PRELIMINARY LOCAL CLIMATOLOGICAL DATA (WS FORM: F-6)

                                          STATION:   LONDON KY
                                          MONTH:     JUNE
                                          YEAR:      2015
                                          LATITUDE:   37  4 N
                                          LONGITUDE:  84  5 W

  TEMPERATURE IN F:       :PCPN:    SNOW:  WIND      :SUNSHINE: SKY     :PK WND
================================================================================
1   2   3   4   5  6A  6B    7    8   9   10  11  12  13   14  15   16   17  18
                                     12Z  AVG MX 2MIN
DY MAX MIN AVG DEP HDD CDD  WTR  SNW DPTH SPD SPD DIR MIN PSBL S-S WX    SPD DR
================================================================================

 1  72  58  65  -4   0   0 1.19    M    M  5.5 13  30   M    M  10 18     23 240
 2  68  57  63  -6   2   0 0.00    M    M  6.6 12  10   M    M  10 18     15  10
 3  75  59  67  -3   0   2 0.00    M    M  4.5 10  40   M    M   7 8      14  40
 4  84  57  71   1   0   6 0.00    M    M  1.9 10 270   M    M   1 128    15 270
 5  85  61  73   3   0   8 0.00    M    M  2.8 13 280   M    M   2 128    17 300
 6  86  61  74   4   0   9 0.00    M    M  4.2 14  10   M    M   2 18     17  20
 7  89  59  74   3   0   9 0.00    M    M  4.3 15 220   M    M   2 128    21 250
 8  83  67  75   4   0  10 0.96    M    M  8.0 23 270   M    M   3 38     42 280
 9  84  66  75   4   0  10 0.03    M    M  4.6 13 260   M    M   6 18     19 270
10  87  62  75   3   0  10 0.00    M    M  2.1  9 190   M    M   1 128    15 280
11  90  64  77   5   0  12 0.00    M    M  3.1  9 190   M    M   1 18     13 260
12  87  69  78   6   0  13 0.29    M    M  5.9 17 230   M    M   1 3      21 230
13  88  70  79   7   0  14 0.05    M    M  5.8 17 290   M    M   3 8      24 280
14  90  68  79   6   0  14    T    M    M  4.7 14 260   M    M   2 18     20 280
15  92  68  80   7   0  15 0.00    M    M  5.3 16 250   M    M   1        20 250
16  92  72  82   9   0  17 0.11    M    M  5.8 13 270   M    M   1 3      16 230
17  89  68  79   6   0  14 0.06    M    M  3.9 16 260   M    M   1 1238   21 260
18  90  70  80   6   0  15    T    M    M  4.7 13 260   M    M   1 138    16 250
19  84  71  78   4   0  13 0.05    M    M  3.4 12 170   M    M   0 3      17 170
20  77  69  73  -1   0   8 0.49    M    M  8.5 23 250   M    M   6 1      31 250
21  91  67  79   5   0  14 0.02    M    M  4.8 16 270   M    M   5 123    21 280
22  91  68  80   6   0  15 0.01    M    M  5.3 15 250   M    M   1 18     18 270
23  91  74  83   8   0  18    T    M    M  8.4 16 260   M    M   3        20 250
24  88  70  79   4   0  14 0.00    M    M  3.6 12 360   M    M   1        15 310
25  90  64  77   2   0  12    T    M    M  5.5 14 260   M    M   1 13     19 290
26  89  68  79   4   0  14 0.81    M    M  5.1 28 280   M    M   4 3      37 270
27  77  63  70  -5   0   5 0.28    M    M  7.5 20 300   M    M   6        27 320
28  79  55  67  -9   0   2 0.00    M    M  4.1 15 290   M    M   1        24 160
================================================================================
SM 2388 1825         2 293  4.35    M    139.9          M       83
================================================================================
AV 85.3 65.2                               5.0 FASTST   M    M   3    MAX(MPH)
                                 MISC ---->  # 28 280               # 42  280
================================================================================
NOTES:
# LAST OF SEVERAL OCCURRENCES

COLUMN 17 PEAK WIND IN M.P.H.

PRELIMINARY LOCAL CLIMATOLOGICAL DATA (WS FORM: F-6) , PAGE 2

                                          STATION:  LONDON KY
                                          MONTH:    JUNE
                                          YEAR:     2015
                                          LATITUDE:   37  4 N
                                          LONGITUDE:  84  5 W

[TEMPERATURE DATA]      [PRECIPITATION DATA]       SYMBOLS USED IN COLUMN 16

AVERAGE MONTHLY: 75.2   TOTAL FOR MONTH:   4.35    1 = FOG OR MIST
DPTR FM NORMAL:   2.7   DPTR FM NORMAL:    0.24    2 = FOG REDUCING VISIBILITY
HIGHEST:    92 ON 16,15 GRTST 24HR  1.21 ON 31- 1      TO 1/4 MILE OR LESS
LOWEST:     55 ON 28                               3 = THUNDER
                        SNOW, ICE PELLETS, HAIL    4 = ICE PELLETS
                        TOTAL MONTH:    M          5 = HAIL
                        GRTST 24HR    M  ON   M    6 = FREEZING RAIN OR DRIZZLE
                        GRTST DEPTH:  M  ON   M    7 = DUSTSTORM OR SANDSTORM:
                                                       VSBY 1/2 MILE OR LESS
                                                   8 = SMOKE OR HAZE
[NO. OF DAYS WITH]      [WEATHER - DAYS WITH]      9 = BLOWING SNOW
                                                   X = TORNADO
MAX 32 OR BELOW:   0    0.01 INCH OR MORE:  13
MAX 90 OR ABOVE:   9    0.10 INCH OR MORE:   7
MIN 32 OR BELOW:   0    0.50 INCH OR MORE:   3
MIN  0 OR BELOW:   0    1.00 INCH OR MORE:   1

[HDD (BASE 65) ]
TOTAL THIS MO.     2    CLEAR  (SCALE 0-3)  20
DPTR FM NORMAL    -5    PTCLDY (SCALE 4-7)   6
TOTAL FM JUL 1  4382    CLOUDY (SCALE 8-10)  2
DPTR FM NORMAL   179

[CDD (BASE 65) ]
TOTAL THIS MO.   293
DPTR FM NORMAL    71    [PRESSURE DATA]
TOTAL FM JAN 1   487    HIGHEST SLP M ON M
DPTR FM NORMAL   151    LOWEST  SLP 29.77 ON 27

[REMARKS]
