000
CXUS54 KLZK 301130
CF6LRF
PRELIMINARY LOCAL CLIMATOLOGICAL DATA (WS FORM: F-6)

                                          STATION:   Jacksonville/Little Rock AFB
                                          MONTH:     JULY
                                          YEAR:      2015
                                          LATITUDE:   34 55 N
                                          LONGITUDE:  92  9 W

  TEMPERATURE IN F:       :PCPN:    SNOW:  WIND      :SUNSHINE: SKY     :PK WND
================================================================================
1   2   3   4   5  6A  6B    7    8   9   10  11  12  13   14  15   16   17  18
                                     12Z  AVG MX 2MIN
DY MAX MIN AVG DEP HDD CDD  WTR  SNW DPTH SPD SPD DIR MIN PSBL S-S WX    SPD DR
================================================================================

 1  91  74  83   2   0  18 0.00  0.0    0  7.2 10 200   M    M   2         M  M
 2  92  76  84   3   0  19    T  0.0    0 12.5 21 230   M    M   3 3      24 220
 3  79  70  75  -6   0  10 2.06  0.0    0  7.6 14 240   M    M   4 123     M  M
 4  85  68  77  -4   0  12 0.01  0.0    0  4.2  8 210   M    M   4         M  M
 5  86  69  78  -3   0  13 0.00  0.0    0  4.9 13 140   M    M   4         M  M
 6  89  69  79  -2   0  14    T  0.0    0  6.5 14 210   M    M   4        17 210
 7  92  73  83   1   0  18 0.17  0.0    0  9.9 17 210   M    M   2 1      24 220
 8  89  73  81  -1   0  16 0.01  0.0    0  7.7 15 200   M    M   2        21 200
 9  93  75  84   2   0  19 0.00  0.0    0  8.5 15 220   M    M   1        23 200
10  94  71  83   1   0  18    T  0.0    0  4.5  9 160   M    M   1        16 240
11  94  74  84   2   0  19 0.00  0.0    0  4.7 12 180   M    M   0         M  M
12  95  72  84   2   0  19 0.00  0.0    0  4.9 13 240   M    M   1        20 260
13  97  73  85   3   0  20 0.00  0.0    0  6.6 15 220   M    M   0         M  M
14  98  78  88   6   0  23 0.00  0.0    0  7.5 14 250   M    M   1 8      20 250
15 100  76  88   6   0  23    T  0.0    0  5.6 12 250   M    M   1 3       M  M
16  97  73  85   3   0  20 0.00  0.0    0  4.2 13 200   M    M   0        17  99
17  98  73  86   4   0  21 0.00  0.0    0  6.5 14 240   M    M   1         M  M
18  98  73  86   4   0  21 0.00  0.0    0  6.1 14 260   M    M   1        20 260
19 100  73  87   4   0  22    T  0.0    0  4.7 10 230   M    M   0        17 180
20 100  74  87   4   0  22 0.00  0.0    0  4.9 13 190   M    M   0         M  M
21  94  74  84   1   0  19 0.05  0.0    0  4.7 13 310   M    M   4 3      17 310
22   M   M   M   M   M   M 0.00  0.0    0  5.1  8 100   M    M   5 3       M  M
23  95  75  85   2   0  20    T  0.0    0  4.4 12 250   M    M   1 3      17 260
24 100  75  88   5   0  23    T  0.0    0  3.7 13 260   M    M   1         M  M
25  98  77  88   5   0  23    T  0.0    0  5.0 15 310   M    M   1        22 310
26  99  74  87   4   0  22 0.00  0.0    0  3.2 10 110   M    M   0         M  M
27 100  74  87   4   0  22 0.00  0.0    0  3.1 10 120   M    M   1         M  M
28 101  76  89   6   0  24 0.00  0.0    0  5.1  9 180   M    M   0 18      M  M
29 101  75  88   5   0  23 0.23  0.0    0  2.6  9 350   M    M   1 3       M  M
================================================================================
SM 2655 2057         0 543  2.53     0.0 166.1          M       46
================================================================================
AV 94.8 73.5                               5.7 FASTST   M    M   2    MAX(MPH)
                                 MISC ---->    21   M                 24    M
================================================================================
NOTES:
# LAST OF SEVERAL OCCURRENCES

COLUMN 17 PEAK WIND IN M.P.H.

PRELIMINARY LOCAL CLIMATOLOGICAL DATA (WS FORM: F-6) , PAGE 2

                                          STATION:  Jacksonville/Little Rock AFB
                                          MONTH:    JULY
                                          YEAR:     2015
                                          LATITUDE:   34 55 N
                                          LONGITUDE:  92  9 W

[TEMPERATURE DATA]      [PRECIPITATION DATA]       SYMBOLS USED IN COLUMN 16

AVERAGE MONTHLY: 84.1   TOTAL FOR MONTH:   2.53    1 = FOG OR MIST
DPTR FM NORMAL:   2.0   DPTR FM NORMAL:   -0.47    2 = FOG REDUCING VISIBILITY
HIGHEST:   101 ON 29,28 GRTST 24HR  2.06 ON  3- 3      TO 1/4 MILE OR LESS
LOWEST:     68 ON  4                               3 = THUNDER
                        SNOW, ICE PELLETS, HAIL    4 = ICE PELLETS
                        TOTAL MONTH:   0.0 INCH    5 = HAIL
                        GRTST 24HR     0.0         6 = FREEZING RAIN OR DRIZZLE
                        GRTST DEPTH:   0           7 = DUSTSTORM OR SANDSTORM:
                                                       VSBY 1/2 MILE OR LESS
                                                   8 = SMOKE OR HAZE
[NO. OF DAYS WITH]      [WEATHER - DAYS WITH]      9 = BLOWING SNOW
                                                   X = TORNADO
MAX 32 OR BELOW:   0    0.01 INCH OR MORE:   6
MAX 90 OR ABOVE:  23    0.10 INCH OR MORE:   3
MIN 32 OR BELOW:   0    0.50 INCH OR MORE:   1
MIN  0 OR BELOW:   0    1.00 INCH OR MORE:   1

[HDD (BASE 65) ]
TOTAL THIS MO.     0    CLEAR  (SCALE 0-3)  23
DPTR FM NORMAL    -6    PTCLDY (SCALE 4-7)   6
TOTAL FM JUL 1     0    CLOUDY (SCALE 8-10)  0
DPTR FM NORMAL    -6

[CDD (BASE 65) ]
TOTAL THIS MO.   543
DPTR FM NORMAL    45    [PRESSURE DATA]
TOTAL FM JAN 1  1232    HIGHEST SLP M ON M
DPTR FM NORMAL    90    LOWEST  SLP M ON M

[REMARKS]
