000
CXUS53 KARX 270930
CF6LSE
PRELIMINARY LOCAL CLIMATOLOGICAL DATA (WS FORM: F-6)

                                          STATION:   LA CROSSE WI
                                          MONTH:     FEBRUARY
                                          YEAR:      2015
                                          LATITUDE:   43 52 N
                                          LONGITUDE:  91 15 W

  TEMPERATURE IN F:       :PCPN:    SNOW:  WIND      :SUNSHINE: SKY     :PK WND
================================================================================
1   2   3   4   5  6A  6B    7    8   9   10  11  12  13   14  15   16   17  18
                                     12Z  AVG MX 2MIN
DY MAX MIN AVG DEP HDD CDD  WTR  SNW DPTH SPD SPD DIR MIN PSBL S-S WX    SPD DR
================================================================================

 1  27   4  16  -3  49   0 0.25  5.0    5 11.2 20  60   M    M   8 18     28  70
 2  17  -8   5 -14  60   0 0.00  0.0    7  5.8 13 210   M    M   1 18     17 210
 3  16  -1   8 -11  57   0 0.10  1.6    7  4.5 12 190   M    M   6 1      14 190
 4  20   0  10  -9  55   0    T    T    8  9.1 22 310   M    M   5        26 310
 5  16  -9   4 -15  61   0 0.00  0.0    8  9.6 22 180   M    M   2 18     27 210
 6  34  10  22   2  43   0 0.00  0.0    8  5.0 12 170   M    M   3        14 160
 7  40  16  28   8  37   0 0.00  0.0    7  4.6 10 100   M    M   1 18      M  M
 8  35  27  31  11  34   0    T  0.0    6  7.8 14  30   M    M   9 168    20  20
 9  31  13  22   2  43   0 0.00  0.0    5  4.4  8 120   M    M   6        10  50
10  29  13  21   0  44   0 0.09  0.9    5  9.1 21 140   M    M   5 168    27 150
11  35  11  23   2  42   0 0.01  0.2    6 16.6 26 320   M    M   7 16     31 320
12  13  -3   5 -16  60   0    T    T    6  7.7 23 350   M    M   1        29 340
13  30  -2  14  -8  51   0    T    T    6 10.2 22 300   M    M   7        27 300
14  20  -6   7 -15  58   0    T    T    6 16.1 30 340   M    M   2        41 330
15  12  -7   3 -19  62   0 0.00  0.0    6  5.8 12 160   M    M   6        14 170
16  19  11  15  -8  50   0    T    T    5  6.4 22 330   M    M  10 1      26 310
17  15   6  11 -12  54   0    T  0.1    5  9.7 18 270   M    M   7        23 260
18   7  -8   0 -24  65   0    T    T    5 12.7 22 330   M    M   4        27 310
19   9 -12  -1 -25  66   0 0.00  0.0    5  2.4  8 220   M    M   0        10 330
20  24  -3  11 -13  54   0 0.03  0.4    5 10.2 23 170   M    M  10        32 170
21  29   9  19  -6  46   0    T    T    5  7.7 16 310   M    M   8        19 310
22   9 -10   0 -25  65   0 0.00  0.0    5 10.3 18 310   M    M   1        22 300
23  15 -15   0 -25  65   0 0.00  0.0    5  7.5 21 210   M    M   0        26 210
24  35  13  24  -2  41   0    T  0.1    5 13.8 30 300   M    M   5        41 310
25  16   3  10 -16  55   0 0.06  0.9    5  5.4 13 330   M    M   7        15 330
26  14  -6   4 -23  61   0 0.00  0.0    6  7.8 16 310   M    M   2        22 320
================================================================================
SM  567   46      1378   0  0.54     9.2 221.4          M      123
================================================================================
AV 21.8  1.8                               8.5 FASTST   M    M   5    MAX(MPH)
                                 MISC ---->  # 30 340               # 41  330
================================================================================
NOTES:
# LAST OF SEVERAL OCCURRENCES

COLUMN 17 PEAK WIND IN M.P.H.

PRELIMINARY LOCAL CLIMATOLOGICAL DATA (WS FORM: F-6) , PAGE 2

                                          STATION:  LA CROSSE WI
                                          MONTH:    FEBRUARY
                                          YEAR:     2015
                                          LATITUDE:   43 52 N
                                          LONGITUDE:  91 15 W

[TEMPERATURE DATA]      [PRECIPITATION DATA]       SYMBOLS USED IN COLUMN 16

AVERAGE MONTHLY: 11.8   TOTAL FOR MONTH:   0.54    1 = FOG OR MIST
DPTR FM NORMAL: -10.4   DPTR FM NORMAL:   -0.41    2 = FOG REDUCING VISIBILITY
HIGHEST:    40 ON  7    GRTST 24HR  0.31 ON 31- 1      TO 1/4 MILE OR LESS
LOWEST:    -15 ON 23                               3 = THUNDER
                        SNOW, ICE PELLETS, HAIL    4 = ICE PELLETS
                        TOTAL MONTH:   9.2 INCHES  5 = HAIL
                        GRTST 24HR   5.0 ON  1- 1  6 = FREEZING RAIN OR DRIZZLE
                        GRTST DEPTH:   8 ON  6, 5  7 = DUSTSTORM OR SANDSTORM:
                                                       VSBY 1/2 MILE OR LESS
                                                   8 = SMOKE OR HAZE
[NO. OF DAYS WITH]      [WEATHER - DAYS WITH]      9 = BLOWING SNOW
                                                   X = TORNADO
MAX 32 OR BELOW:  21    0.01 INCH OR MORE:   6
MAX 90 OR ABOVE:   0    0.10 INCH OR MORE:   2
MIN 32 OR BELOW:  26    0.50 INCH OR MORE:   0
MIN  0 OR BELOW:  14    1.00 INCH OR MORE:   0

[HDD (BASE 65) ]
TOTAL THIS MO.  1378    CLEAR  (SCALE 0-3)   9
DPTR FM NORMAL   263    PTCLDY (SCALE 4-7)  14
TOTAL FM JUL 1  5485    CLOUDY (SCALE 8-10)  3
DPTR FM NORMAL    51

[CDD (BASE 65) ]
TOTAL THIS MO.     0
DPTR FM NORMAL     0    [PRESSURE DATA]
TOTAL FM JAN 1     0    HIGHEST SLP M ON M
DPTR FM NORMAL     0    LOWEST  SLP 29.64 ON  8

[REMARKS]
