000
CXUS54 KFWD 290730
CF6LUD
PRELIMINARY LOCAL CLIMATOLOGICAL DATA (WS FORM: F-6)

                                          STATION:   DECATUR
                                          MONTH:     AUGUST
                                          YEAR:      2014
                                          LATITUDE:   33 15 N
                                          LONGITUDE:  97 30 W

  TEMPERATURE IN F:       :PCPN:    SNOW:  WIND      :SUNSHINE: SKY     :PK WND
================================================================================
1   2   3   4   5  6A  6B    7    8   9   10  11  12  13   14  15   16   17  18
                                     12Z  AVG MX 2MIN
DY MAX MIN AVG DEP HDD CDD  WTR  SNW DPTH SPD SPD DIR MIN PSBL S-S WX    SPD DR
================================================================================

 1  82  66  74  -9   0   9 0.00  0.0    0  5.3  9  20   M    M   7         M  M
 2  86  64  75  -8   0  10 0.00  0.0    0  4.4 12  60   M    M   2 1       M  M
 3  89  68  79  -4   0  14 0.00  0.0    0  4.4 10  50   M    M   1        16  60
 4  91  69  80  -3   0  15 0.00  0.0    0  4.6  9  80   M    M   1         M  M
 5  95  70  83   0   0  18 0.00  0.0    0  5.2 13 110   M    M   0        16 110
 6  98  76  87   4   0  22 0.00  0.0    0  8.1 12 170   M    M   0        18 180
 7  98  77  88   5   0  23 0.00  0.0    0  8.7 15 170   M    M   0        21 150
 8 100  74  87   4   0  22 0.93  0.0    0  9.2 15 280   M    M   1        30 310
 9  97  74  86   3   0  21 0.61  0.0    0  6.9 14 160   M    M   1        22 160
10  97  77  87   4   0  22    M  0.0    0  7.1 12 250   M    M   0        21  30
11  91  72  82  -1   0  17 0.00  0.0    0  5.0 12  10   M    M   0        16  10
12  89  73  81  -2   0  16 0.00  0.0    0  6.1 10  40   M    M   0         M  M
13  89  67  78  -5   0  13 0.00  0.0    0  5.4  8  90   M    M   0         M  M
14  93  70  82  -1   0  17 0.00  0.0    0  6.0 10 180   M    M   0         M  M
15  97  71  84   1   0  19 0.00  0.0    0  8.0 12 170   M    M   0        16 170
16  95  76  86   3   0  21 0.02  0.0    0  9.8 21 130   M    M   1        30 130
17  91  74  83   1   0  18 0.17  0.0    0 10.6 17 130   M    M   2        23 170
18  94  73  84   2   0  19 0.00  0.0    0  5.9 12 170   M    M   1         M  M
19  90  73  82   0   0  17 0.00  0.0    0  8.5 15 200   M    M   1        23 200
20  94  74  84   2   0  19 0.10  0.0    0 11.7 17 170   M    M   0 1      22 150
21  97  76  87   5   0  22 0.00  0.0    0 12.1 16 160   M    M   1        23 170
22  99  78  89   7   0  24 0.00  0.0    0 10.8 15 170   M    M   0        20 200
23  98  77  88   6   0  23 0.00  0.0    0 10.1 14 140   M    M   0        22 150
24  98  77  88   6   0  23 0.00  0.0    0  8.9 14 130   M    M   0        18 130
25  98  76  87   6   0  22 0.00  0.0    0  6.9 13  90   M    M   0        16 100
26  96  73  85   4   0  20 0.00  0.0    0  5.8 14  80   M    M   0        18  90
27  94  72  83   2   0  18 0.00  0.0    0  5.6 12 100   M    M   0        16 100
28  93  69  81   0   0  16 0.00  0.0    0  6.8 12 340   M    M   2        20 340
================================================================================
SM 2629 2036         0 520  1.83     0.0 207.9          M       21
================================================================================
AV 93.9 72.7                               7.4 FASTST   M    M   1    MAX(MPH)
                                 MISC ---->    21   M                 30    M
================================================================================
NOTES:
# LAST OF SEVERAL OCCURRENCES

COLUMN 17 PEAK WIND IN M.P.H.

PRELIMINARY LOCAL CLIMATOLOGICAL DATA (WS FORM: F-6) , PAGE 2

                                          STATION:  DECATUR
                                          MONTH:    AUGUST
                                          YEAR:     2014
                                          LATITUDE:   33 15 N
                                          LONGITUDE:  97 30 W

[TEMPERATURE DATA]      [PRECIPITATION DATA]       SYMBOLS USED IN COLUMN 16

AVERAGE MONTHLY: 83.3   TOTAL FOR MONTH:   1.83    1 = FOG OR MIST
DPTR FM NORMAL:   0.9   DPTR FM NORMAL:   -0.05    2 = FOG REDUCING VISIBILITY
HIGHEST:   100 ON  8    GRTST 24HR  0.93 ON  8- 8      TO 1/4 MILE OR LESS
LOWEST:     64 ON  2                               3 = THUNDER
                        SNOW, ICE PELLETS, HAIL    4 = ICE PELLETS
                        TOTAL MONTH:   0.0 INCH    5 = HAIL
                        GRTST 24HR     0.0         6 = FREEZING RAIN OR DRIZZLE
                        GRTST DEPTH:   0           7 = DUSTSTORM OR SANDSTORM:
                                                       VSBY 1/2 MILE OR LESS
                                                   8 = SMOKE OR HAZE
[NO. OF DAYS WITH]      [WEATHER - DAYS WITH]      9 = BLOWING SNOW
                                                   X = TORNADO
MAX 32 OR BELOW:   0    0.01 INCH OR MORE:   5
MAX 90 OR ABOVE:  23    0.10 INCH OR MORE:   4
MIN 32 OR BELOW:   0    0.50 INCH OR MORE:   2
MIN  0 OR BELOW:   0    1.00 INCH OR MORE:   0

[HDD (BASE 65) ]
TOTAL THIS MO.     0    CLEAR  (SCALE 0-3)  27
DPTR FM NORMAL     0    PTCLDY (SCALE 4-7)   1
TOTAL FM JUL 1     0    CLOUDY (SCALE 8-10)  0
DPTR FM NORMAL     0

[CDD (BASE 65) ]
TOTAL THIS MO.   520
DPTR FM NORMAL    32    [PRESSURE DATA]
TOTAL FM JAN 1  1807    HIGHEST SLP M ON M
DPTR FM NORMAL   143    LOWEST  SLP M ON M

[REMARKS]
