000
CXUS55 KBYZ 201055
CF6LVM
PRELIMINARY LOCAL CLIMATOLOGICAL DATA (WS FORM: F-6)

                                          STATION:   LIVINGSTON MT
                                          MONTH:     SEPTEMBER
                                          YEAR:      2014
                                          LATITUDE:   45 41 N
                                          LONGITUDE: 110 26 W

  TEMPERATURE IN F:       :PCPN:    SNOW:  WIND      :SUNSHINE: SKY     :PK WND
================================================================================
1   2   3   4   5  6A  6B    7    8   9   10  11  12  13   14  15   16   17  18
                                     12Z  AVG MX 2MIN
DY MAX MIN AVG DEP HDD CDD  WTR  SNW DPTH SPD SPD DIR MIN PSBL S-S WX    SPD DR
================================================================================

 1  71  48  60  -1   5   0 0.03    M    M 11.8 25 290   M    M   3        32 270
 2  82  43  63   2   2   0 0.00    M    M 13.2 28 230   M    M   0        35 220
 3  74  40  57  -3   8   0 0.00    M    M  9.3 24 340   M    M   5        33 350
 4  66  39  53  -7  12   0 0.00    M    M  5.7 17 260   M    M   2        25 280
 5  72  33  53  -7  12   0 0.00    M    M  3.5  9 120   M    M   0        12  80
 6  81  35  58  -1   7   0 0.00    M    M  6.9 15 310   M    M   0        18 290
 7  85  39  62   3   3   0 0.00    M    M 11.4 29 280   M    M   0        36 280
 8  86  44  65   6   0   0 0.00    M    M 13.3 32 280   M    M   1        43 280
 9  61  41  51  -7  14   0 0.00    M    M 12.8 22  80   M    M   7 1      27  70
10  55  34  45 -13  20   0 0.37    M    M 10.6 24  90   M    M  10 1      29  70
11  46  27  37 -21  28   0 0.01    M    M 13.5 23  90   M    M   6 1      28  80
12  69  21  45 -12  20   0 0.00    M    M  6.9 24 270   M    M   0        31 260
13  60  35  48  -9  17   0 0.00    M    M  8.4 16  90   M    M   0        19  70
14  74  28  51  -5  14   0 0.00    M    M  7.6 18 100   M    M   0        24 100
15  81  32  57   1   8   0 0.00    M    M  3.9 14 300   M    M   0        17 310
16  85  40  63   7   2   0 0.00    M    M  9.9 24 230   M    M   1        32 230
17  87  50  69  14   0   4 0.02    M    M  6.3 26 270   M    M   1 3      35 210
18  75  52  64   9   1   0 0.16    M    M  9.0 28 210   M    M   5 3      36 210
19  76  54  65  11   0   0 0.00    M    M 14.5 29 280   M    M   2        36 280
================================================================================
SM 1386  735       173   4  0.59    M    178.5          M       43
================================================================================
AV 72.9 38.7                               9.4 FASTST   M    M   2    MAX(MPH)
                                 MISC ---->  # 32 280               # 43  280
================================================================================
NOTES:
# LAST OF SEVERAL OCCURRENCES

COLUMN 17 PEAK WIND IN M.P.H.

PRELIMINARY LOCAL CLIMATOLOGICAL DATA (WS FORM: F-6) , PAGE 2

                                          STATION:  LIVINGSTON MT
                                          MONTH:    SEPTEMBER
                                          YEAR:     2014
                                          LATITUDE:   45 41 N
                                          LONGITUDE: 110 26 W

[TEMPERATURE DATA]      [PRECIPITATION DATA]       SYMBOLS USED IN COLUMN 16

AVERAGE MONTHLY: 55.8   TOTAL FOR MONTH:   0.59    1 = FOG OR MIST
DPTR FM NORMAL:  -2.0   DPTR FM NORMAL:   -0.13    2 = FOG REDUCING VISIBILITY
HIGHEST:    87 ON 17    GRTST 24HR  0.37 ON 10-10      TO 1/4 MILE OR LESS
LOWEST:     21 ON 12                               3 = THUNDER
                        SNOW, ICE PELLETS, HAIL    4 = ICE PELLETS
                        TOTAL MONTH:    M          5 = HAIL
                        GRTST 24HR    M  ON   M    6 = FREEZING RAIN OR DRIZZLE
                        GRTST DEPTH:  M  ON   M    7 = DUSTSTORM OR SANDSTORM:
                                                       VSBY 1/2 MILE OR LESS
                                                   8 = SMOKE OR HAZE
[NO. OF DAYS WITH]      [WEATHER - DAYS WITH]      9 = BLOWING SNOW
                                                   X = TORNADO
MAX 32 OR BELOW:   0    0.01 INCH OR MORE:   5
MAX 90 OR ABOVE:   0    0.10 INCH OR MORE:   2
MIN 32 OR BELOW:   4    0.50 INCH OR MORE:   0
MIN  0 OR BELOW:   0    1.00 INCH OR MORE:   0

[HDD (BASE 65) ]
TOTAL THIS MO.   173    CLEAR  (SCALE 0-3)  14
DPTR FM NORMAL    26    PTCLDY (SCALE 4-7)   4
TOTAL FM JUL 1   242    CLOUDY (SCALE 8-10)  1
DPTR FM NORMAL   -23

[CDD (BASE 65) ]
TOTAL THIS MO.     4
DPTR FM NORMAL    -9    [PRESSURE DATA]
TOTAL FM JAN 1   307    HIGHEST SLP M ON M
DPTR FM NORMAL    79    LOWEST  SLP 29.47 ON  3

[REMARKS]
