000
CXUS55 KBYZ 011331
CF6LVM
PRELIMINARY LOCAL CLIMATOLOGICAL DATA (WS FORM: F-6)

                                          STATION:   LIVINGSTON MT
                                          MONTH:     JUNE
                                          YEAR:      2015
                                          LATITUDE:   45 41 N
                                          LONGITUDE: 110 26 W

  TEMPERATURE IN F:       :PCPN:    SNOW:  WIND      :SUNSHINE: SKY     :PK WND
================================================================================
1   2   3   4   5  6A  6B    7    8   9   10  11  12  13   14  15   16   17  18
                                     12Z  AVG MX 2MIN
DY MAX MIN AVG DEP HDD CDD  WTR  SNW DPTH SPD SPD DIR MIN PSBL S-S WX    SPD DR
================================================================================

 1  80  50  65  10   0   0 0.08    M    M  9.5 35 250   M    M   2 3      42 260
 2  72  44  58   3   7   0 0.07    M    M 12.6 38 210   M    M   3 3      52 210
 3  74  44  59   4   6   0 0.01    M    M  8.2 21 330   M    M   2 3      25 330
 4  72  47  60   5   5   0 0.02    M    M  6.6 18  80   M    M   4        23  60
 5  72  47  60   4   5   0    T    M    M  6.1 14 160   M    M   5 38     18 150
 6  79  43  61   5   4   0 0.00    M    M  5.0 15  60   M    M   1        18  70
 7  83  53  68  12   0   3 0.00    M    M  6.5 16 250   M    M   3        19 250
 8  90  51  71  15   0   6 0.00    M    M 12.5 20 230   M    M   0        27 290
 9  93  62  78  21   0  13 0.01    M    M 11.2 35 330   M    M   0        42 330
10  82  50  66   9   0   1 0.01    M    M  8.3 20 100   M    M   3 3      25  90
11  84  46  65   8   0   0    T    M    M  5.1 20 300   M    M   1 13     27 300
12  86  51  69  11   0   4 0.00    M    M 12.8 29 280   M    M   2        36 280
13  79  40  60   2   5   0 0.02    M    M  6.1 21 190   M    M   2        25 200
14  65  52  59   1   6   0 0.00    M    M 16.1 28  80   M    M   5        35  80
15  63  51  57  -1   8   0 0.02    M    M 19.2 29  80   M    M   5 3      37  70
16  77  52  65   6   0   0    T    M    M  6.4 21 300   M    M   4        31 300
17  86  46  66   7   0   1 0.00    M    M  8.7 24  80   M    M   1        31 350
18  82  54  68   9   0   3 0.01    M    M  8.0 21 260   M    M   1 3      28 260
19  83  50  67   7   0   2    T    M    M  7.2 25 170   M    M   3 3      30 210
20  80  46  63   3   2   0 0.00    M    M  5.1 14 330   M    M   2        17 330
21  84  42  63   3   2   0 0.02    M    M  8.8 40 350   M    M   3        51 350
22  79  42  61   0   4   0 0.00    M    M  4.4 13  70   M    M   2 3      16  70
23  86  47  67   6   0   2 0.00    M    M  5.4 16 100   M    M   2        19  90
24  81  56  69   8   0   4 0.00    M    M  8.9 17  80   M    M   1        22  80
25  86  57  72  10   0   7    T    M    M  6.3 16 310   M    M   3        22 330
26  93  49  71   9   0   6 0.00    M    M  6.3 15 360   M    M   0        20 270
27  96  51  74  12   0   9 0.00    M    M  7.4 18  60   M    M   0        23  70
28  98  58  78  16   0  13 0.00    M    M  8.1 25  60   M    M   0        30  60
29  99  56  78  15   0  13 0.58    M    M  6.6 46 250   M    M   1 3      63 260
30  93  60  77  14   0  12 0.07    M    M 12.8 25 270   M    M   1 1      34 270
================================================================================
SM 2477 1497        54  99  0.92    M    256.2          M       62
================================================================================
AV 82.6 49.9                               8.5 FASTST   M    M   2    MAX(MPH)
                                 MISC ---->  # 46 250               # 63  260
================================================================================
NOTES:
# LAST OF SEVERAL OCCURRENCES

COLUMN 17 PEAK WIND IN M.P.H.

PRELIMINARY LOCAL CLIMATOLOGICAL DATA (WS FORM: F-6) , PAGE 2

                                          STATION:  LIVINGSTON MT
                                          MONTH:    JUNE
                                          YEAR:     2015
                                          LATITUDE:   45 41 N
                                          LONGITUDE: 110 26 W

[TEMPERATURE DATA]      [PRECIPITATION DATA]       SYMBOLS USED IN COLUMN 16

AVERAGE MONTHLY: 66.2   TOTAL FOR MONTH:   0.92    1 = FOG OR MIST
DPTR FM NORMAL:   7.5   DPTR FM NORMAL:   -1.47    2 = FOG REDUCING VISIBILITY
HIGHEST:    99 ON 29    GRTST 24HR  0.65 ON 29-30      TO 1/4 MILE OR LESS
LOWEST:     40 ON 13                               3 = THUNDER
                        SNOW, ICE PELLETS, HAIL    4 = ICE PELLETS
                        TOTAL MONTH:    M          5 = HAIL
                        GRTST 24HR    M  ON   M    6 = FREEZING RAIN OR DRIZZLE
                        GRTST DEPTH:  M  ON   M    7 = DUSTSTORM OR SANDSTORM:
                                                       VSBY 1/2 MILE OR LESS
                                                   8 = SMOKE OR HAZE
[NO. OF DAYS WITH]      [WEATHER - DAYS WITH]      9 = BLOWING SNOW
                                                   X = TORNADO
MAX 32 OR BELOW:   0    0.01 INCH OR MORE:  12
MAX 90 OR ABOVE:   7    0.10 INCH OR MORE:   1
MIN 32 OR BELOW:   0    0.50 INCH OR MORE:   1
MIN  0 OR BELOW:   0    1.00 INCH OR MORE:   0

[HDD (BASE 65) ]
TOTAL THIS MO.    54    CLEAR  (SCALE 0-3)  24
DPTR FM NORMAL  -153    PTCLDY (SCALE 4-7)   6
TOTAL FM JUL 1  6341    CLOUDY (SCALE 8-10)  0
DPTR FM NORMAL -1262

[CDD (BASE 65) ]
TOTAL THIS MO.    99
DPTR FM NORMAL    80    [PRESSURE DATA]
TOTAL FM JAN 1   100    HIGHEST SLP 30.16 ON 26
DPTR FM NORMAL    80    LOWEST  SLP 29.61 ON 12

[REMARKS]
#FINAL-06-15#
THIS IS AN AUTOMATED...UNATTENDED WEATHER STATION AND MAY
UNDERESTIMATE WINTER PRECIPITATION.
