000
CXUS53 KTOP 280200
CF6LWC
PRELIMINARY LOCAL CLIMATOLOGICAL DATA (WS FORM: F-6)

                                          STATION:   Lawrence KS
                                          MONTH:     DECEMBER
                                          YEAR:      2014
                                          LATITUDE:   39  0 N
                                          LONGITUDE:  95 13 W

  TEMPERATURE IN F:       :PCPN:    SNOW:  WIND      :SUNSHINE: SKY     :PK WND
================================================================================
1   2   3   4   5  6A  6B    7    8   9   10  11  12  13   14  15   16   17  18
                                     12Z  AVG MX 2MIN
DY MAX MIN AVG DEP HDD CDD  WTR  SNW DPTH SPD SPD DIR MIN PSBL S-S WX    SPD DR
================================================================================

 1  29  16  23 -13  42   0 0.00    M    M  8.6 17  40   M    M   0 8      23 360
 2  41  20  31  -5  34   0 0.00    M    M  7.9 21 200   M    M   3        24 210
 3  45  18  32  -3  33   0 0.00    M    M  7.0 15  60   M    M   0        18  50
 4  41  33  37   2  28   0 0.00    M    M  6.3 13 120   M    M  10 18     15 120
 5  46  38  42   7  23   0 0.93    M    M  5.8 13 350   M    M  10 1      18 360
 6  41  34  38   4  27   0 0.00    M    M  7.5 14  10   M    M  10 1      17  20
 7  44  34  39   5  26   0    T    M    M  8.3 16 150   M    M  10 1      18 150
 8  53  30  42   8  23   0 0.00    M    M  7.9 22 340   M    M   3 1      28 340
 9  37  24  31  -2  34   0 0.00    M    M  6.6 16 360   M    M   3 18     22  10
10  34  23  29  -4  36   0 0.03    M    M  6.3 12 130   M    M   8 16     14 130
11  39  34  37   5  28   0 0.00    M    M  4.3  9  80   M    M  10 1      12  80
12  53  39  46  14  19   0 0.00    M    M  5.8 12 160   M    M  10 18     15 160
13  55  45  50  18  15   0 0.00    M    M  8.7 16 170   M    M  10 1      23 180
14  63  48  56  24   9   0 0.57    M    M 13.1 28 120   M    M  10 18     33 130
15  52  32  42  11  23   0    M    M    M 17.0 28 310   M    M   9 1      36 310
16  35  26  31   0  34   0 0.00    M    M 16.1 28 320   M    M   9        36 310
17  31  23  27  -4  38   0 0.08    M    M  4.4 10 350   M    M   8 18     12 350
18  33  28  31   0  34   0 0.08    M    M  3.5  9  80   M    M  10 18     11  80
19  34  31  33   3  32   0 0.00    M    M  4.1 12 220   M    M  10 1      13 240
20  49  32  41  11  24   0 0.00    M    M  8.8 17 210   M    M   4 1      20 210
21  45  33  39   9  26   0 0.00    M    M 11.2 20 170   M    M   9 18     24 150
22  49  37  43  13  22   0 0.10    M    M  8.9 18 290   M    M   9 1      24 290
23  41  29  35   5  30   0 0.01    M    M 10.2 21 340   M    M   6 1      26 340
24  36  27  32   2  33   0 0.05    M    M 11.6 20 310   M    M   9 1      24 330
25  54  28  41  12  24   0 0.00    M    M 13.0 29 180   M    M   0        39 170
26  48  36  42  13  23   0    T    M    M  7.0 13 290   M    M   6 18     19 170
================================================================================
SM 1128  798       720   0  1.85    M    219.9          M      186
================================================================================
AV 43.4 30.7                               8.5 FASTST   M    M   7    MAX(MPH)
                                 MISC ---->  # 29 180               # 39  170
================================================================================
NOTES:
# LAST OF SEVERAL OCCURRENCES

COLUMN 17 PEAK WIND IN M.P.H.

PRELIMINARY LOCAL CLIMATOLOGICAL DATA (WS FORM: F-6) , PAGE 2

                                          STATION:  Lawrence KS
                                          MONTH:    DECEMBER
                                          YEAR:     2014
                                          LATITUDE:   39  0 N
                                          LONGITUDE:  95 13 W

[TEMPERATURE DATA]      [PRECIPITATION DATA]       SYMBOLS USED IN COLUMN 16

AVERAGE MONTHLY: 37.0   TOTAL FOR MONTH:   1.85    1 = FOG OR MIST
DPTR FM NORMAL:   4.9   DPTR FM NORMAL:    0.62    2 = FOG REDUCING VISIBILITY
HIGHEST:    63 ON 14    GRTST 24HR  0.93 ON  5- 5      TO 1/4 MILE OR LESS
LOWEST:     16 ON  1                               3 = THUNDER
                        SNOW, ICE PELLETS, HAIL    4 = ICE PELLETS
                        TOTAL MONTH:    M          5 = HAIL
                        GRTST 24HR    M  ON   M    6 = FREEZING RAIN OR DRIZZLE
                        GRTST DEPTH:  M  ON   M    7 = DUSTSTORM OR SANDSTORM:
                                                       VSBY 1/2 MILE OR LESS
                                                   8 = SMOKE OR HAZE
[NO. OF DAYS WITH]      [WEATHER - DAYS WITH]      9 = BLOWING SNOW
                                                   X = TORNADO
MAX 32 OR BELOW:   2    0.01 INCH OR MORE:   8
MAX 90 OR ABOVE:   0    0.10 INCH OR MORE:   3
MIN 32 OR BELOW:  15    0.50 INCH OR MORE:   2
MIN  0 OR BELOW:   0    1.00 INCH OR MORE:   0

[HDD (BASE 65) ]
TOTAL THIS MO.   720    CLEAR  (SCALE 0-3)   3
DPTR FM NORMAL  -136    PTCLDY (SCALE 4-7)   7
TOTAL FM JUL 1  1900    CLOUDY (SCALE 8-10) 16
DPTR FM NORMAL    36

[CDD (BASE 65) ]
TOTAL THIS MO.     0
DPTR FM NORMAL     0    [PRESSURE DATA]
TOTAL FM JAN 1  1426    HIGHEST SLP M ON M
DPTR FM NORMAL    55    LOWEST  SLP 29.45 ON 22

[REMARKS]
