000
CXUS53 KILX 290900
CF6LWV
PRELIMINARY LOCAL CLIMATOLOGICAL DATA (WS FORM: F-6)

                                          STATION:   LAWRENCEVILLE IL AIRPORT
                                          MONTH:     MARCH
                                          YEAR:      2015
                                          LATITUDE:   38 45 N
                                          LONGITUDE:  87 36 W

  TEMPERATURE IN F:       :PCPN:    SNOW:  WIND      :SUNSHINE: SKY     :PK WND
================================================================================
1   2   3   4   5  6A  6B    7    8   9   10  11  12  13   14  15   16   17  18
                                     12Z  AVG MX 2MIN
DY MAX MIN AVG DEP HDD CDD  WTR  SNW DPTH SPD SPD DIR MIN PSBL S-S WX    SPD DR
================================================================================

 1  34  22  28 -12  37   0    M    M    M  6.0 15 320   M    M   9 168    18 310
 2  34  10  22 -18  43   0 0.00    M    M  4.5 10  40   M    M   0 128    14  90
 3  43  27  35  -5  30   0 0.41    M    M  9.8 18 210   M    M  10 128    24 210
 4  37  20  29 -12  36   0 0.26    M    M 14.1 22 330   M    M  10        26 340
 5  23   4  14 -27  51   0 0.00    M    M 11.5 22  10   M    M   1        30  10
 6  28   1  15 -27  50   0 0.00    M    M  8.2 23 180   M    M   0        27 180
 7  45  22  34  -8  31   0 0.00    M    M  9.3 18 210   M    M   0        23 210
 8  50  24  37  -5  28   0 0.00    M    M  4.0 10 210   M    M   0        12 210
 9  48  32  40  -3  25   0    T    M    M  3.7  8  70   M    M   1        11 200
10  47  37  42  -1  23   0 0.51    M    M  6.1 14  30   M    M   9        16  30
11  63  37  50   7  15   0 0.00    M    M  3.0 12  40   M    M   0 12     13  40
12  66  38  52   8  13   0 0.00    M    M  8.9 17 100   M    M   1        21  90
13  54  46  50   6  15   0 2.03    M    M  7.2 14 100   M    M   9 1      18  80
14  63  45  54  10  11   0 0.15    M    M  6.4 20 350   M    M   4 128    23 340
15  67  36  52   7  13   0 0.00    M    M  5.3 13 260   M    M   0 1      21 210
16  76  42  59  14   6   0 0.00    M    M 11.0 22 220   M    M   0        27 220
17  60  35  48   3  17   0 0.00    M    M 15.0 31  20   M    M   0        39  20
18  48  30  39  -7  26   0 0.00    M    M  7.0 20 100   M    M   4        24 100
19  50  42  46   0  19   0 0.02    M    M  7.5 17  80   M    M  10 1      22  80
20  53  37  45  -1  20   0    T    M    M  5.1 12 310   M    M   8 18     13 300
21  69  35  52   5  13   0 0.00    M    M  8.0 15 350   M    M   0 18     19 290
22  60  41  51   4  14   0 0.00    M    M 10.1 17  40   M    M   0        22  40
23  60  33  47   0  18   0 0.00    M    M 10.1 21  30   M    M   4        24  40
24  46  32  39  -9  26   0 0.30    M    M 10.7 21 120   M    M   7 138    26  80
25  59  47  53   5  12   0 0.58    M    M  9.4 20 240   M    M   6 138    24 260
26  48  33  41  -7  24   0 0.59    M    M 11.3 23  30   M    M   7 1      28  50
27  41  27  34 -15  31   0    T    M    M 11.3 24 350   M    M   6 1      28 350
28  42  22  32 -17  33   0 0.00    M    M  4.3 15  40   M    M   0        17  50
================================================================================
SM 1414  857       680   0  4.85    M    228.8          M      106
================================================================================
AV 50.5 30.6                               8.2 FASTST   M    M   4    MAX(MPH)
                                 MISC ---->  # 31  20               # 39   20
================================================================================
NOTES:
# LAST OF SEVERAL OCCURRENCES

COLUMN 17 PEAK WIND IN M.P.H.

PRELIMINARY LOCAL CLIMATOLOGICAL DATA (WS FORM: F-6) , PAGE 2

                                          STATION:  LAWRENCEVILLE IL AIRPORT
                                          MONTH:    MARCH
                                          YEAR:     2015
                                          LATITUDE:   38 45 N
                                          LONGITUDE:  87 36 W

[TEMPERATURE DATA]      [PRECIPITATION DATA]       SYMBOLS USED IN COLUMN 16

AVERAGE MONTHLY: 40.6   TOTAL FOR MONTH:   4.85    1 = FOG OR MIST
DPTR FM NORMAL:  -3.9   DPTR FM NORMAL:    1.88    2 = FOG REDUCING VISIBILITY
HIGHEST:    76 ON 16    GRTST 24HR  2.03 ON 13-13      TO 1/4 MILE OR LESS
LOWEST:      1 ON  6                               3 = THUNDER
                        SNOW, ICE PELLETS, HAIL    4 = ICE PELLETS
                        TOTAL MONTH:    M          5 = HAIL
                        GRTST 24HR    M  ON   M    6 = FREEZING RAIN OR DRIZZLE
                        GRTST DEPTH:  M  ON   M    7 = DUSTSTORM OR SANDSTORM:
                                                       VSBY 1/2 MILE OR LESS
                                                   8 = SMOKE OR HAZE
[NO. OF DAYS WITH]      [WEATHER - DAYS WITH]      9 = BLOWING SNOW
                                                   X = TORNADO
MAX 32 OR BELOW:   2    0.01 INCH OR MORE:   9
MAX 90 OR ABOVE:   0    0.10 INCH OR MORE:   8
MIN 32 OR BELOW:  13    0.50 INCH OR MORE:   4
MIN  0 OR BELOW:   0    1.00 INCH OR MORE:   1

[HDD (BASE 65) ]
TOTAL THIS MO.   680    CLEAR  (SCALE 0-3)  14
DPTR FM NORMAL   106    PTCLDY (SCALE 4-7)   8
TOTAL FM JUL 1  4954    CLOUDY (SCALE 8-10)  6
DPTR FM NORMAL   705

[CDD (BASE 65) ]
TOTAL THIS MO.     0
DPTR FM NORMAL     0    [PRESSURE DATA]
TOTAL FM JAN 1     0    HIGHEST SLP M ON M
DPTR FM NORMAL     0    LOWEST  SLP 29.81 ON  3

[REMARKS]
