000
CXUS53 KILX 180900
CF6LWV
PRELIMINARY LOCAL CLIMATOLOGICAL DATA (WS FORM: F-6)

                                          STATION:   LAWRENCEVILLE IL AIRPORT
                                          MONTH:     JANUARY
                                          YEAR:      2018
                                          LATITUDE:   38 45 N
                                          LONGITUDE:  87 36 W

  TEMPERATURE IN F:       :PCPN:    SNOW:  WIND      :SUNSHINE: SKY     :PK WND
================================================================================
1   2   3   4   5  6A  6B    7    8   9   10  11  12  13   14  15   16   17  18
                                     12Z  AVG MX 2MIN
DY MAX MIN AVG DEP HDD CDD  WTR  SNW DPTH SPD SPD DIR MIN PSBL S-S WX    SPD DR
================================================================================

 1  12  -2   5 -26  60   0 0.00    M    M  9.6 15 330   M    M   0        21 310
 2  19  -4   8 -23  57   0 0.00    M    M  4.9 12 240   M    M   0        14 240
 3  28   6  17 -14  48   0    T    M    M 12.2 20 330   M    M   6        23 320
 4  19   2  11 -20  54   0 0.00    M    M  9.7 16 300   M    M   3        22 320
 5  21   3  12 -19  53   0 0.00    M    M  7.5 14 350   M    M   6        16 360
 6  20  -3   9 -22  56   0 0.00    M    M  4.1  9 100   M    M   0        10 130
 7  41  13  27  -4  38   0 0.15    M    M 13.2 20 180   M    M   5 1      24 180
 8  41  33  37   6  28   0 0.13    M    M  6.1 14 180   M    M  10 1      19 310
 9  39  32  36   5  29   0    T    M    M  4.0 10 120   M    M  10 1      16 110
10  56  38  47  16  18   0 0.02    M    M 11.4 18 180   M    M  10 12     23 180
11  62  30  46  15  19   0 0.96    M    M 15.2 30 320   M    M  10 16     35 320
12  30  19  25  -6  40   0 0.13    M    M 22.3 33 340   M    M   9 19     41 340
13  23   9  16 -15  49   0    T    M    M 10.6 22 340   M    M   3        28 330
14  22   5  14 -17  51   0    T    M    M  7.1 17 160   M    M   4 18     21 160
15  29   8  19 -12  46   0 0.05    M    M 13.1 24 290   M    M   7 128    28 310
16   9  -9   0 -31  65   0    T    M    M  7.3 18 300   M    M   5 18     22 300
17  16  -4   6 -25  59   0    T    M    M  6.6 15 300   M    M   2 18     18 290
================================================================================
SM  487  176       770   0  1.44    M    164.9          M       90
================================================================================
AV 28.7 10.4                               9.7 FASTST   M    M   5    MAX(MPH)
                                 MISC ---->  # 33 340               # 41  340
================================================================================
NOTES:
# LAST OF SEVERAL OCCURRENCES

COLUMN 17 PEAK WIND IN M.P.H.

PRELIMINARY LOCAL CLIMATOLOGICAL DATA (WS FORM: F-6) , PAGE 2

                                          STATION:  LAWRENCEVILLE IL AIRPORT
                                          MONTH:    JANUARY
                                          YEAR:     2018
                                          LATITUDE:   38 45 N
                                          LONGITUDE:  87 36 W

[TEMPERATURE DATA]      [PRECIPITATION DATA]       SYMBOLS USED IN COLUMN 16

AVERAGE MONTHLY: 19.5   TOTAL FOR MONTH:   1.44    1 = FOG OR MIST
DPTR FM NORMAL: -11.5   DPTR FM NORMAL:   -0.10    2 = FOG REDUCING VISIBILITY
HIGHEST:    62 ON 11    GRTST 24HR  0.96 ON 11-11      TO 1/4 MILE OR LESS
LOWEST:     -9 ON 16                               3 = THUNDER
                        SNOW, ICE PELLETS, HAIL    4 = ICE PELLETS
                        TOTAL MONTH:    M          5 = HAIL
                        GRTST 24HR    M  ON   M    6 = FREEZING RAIN OR DRIZZLE
                        GRTST DEPTH:  M  ON   M    7 = DUSTSTORM OR SANDSTORM:
                                                       VSBY 1/2 MILE OR LESS
                                                   8 = SMOKE OR HAZE
[NO. OF DAYS WITH]      [WEATHER - DAYS WITH]      9 = BLOWING SNOW
                                                   X = TORNADO
MAX 32 OR BELOW:  12    0.01 INCH OR MORE:   6
MAX 90 OR ABOVE:   0    0.10 INCH OR MORE:   4
MIN 32 OR BELOW:  15    0.50 INCH OR MORE:   1
MIN  0 OR BELOW:   5    1.00 INCH OR MORE:   0

[HDD (BASE 65) ]
TOTAL THIS MO.   770    CLEAR  (SCALE 0-3)   6
DPTR FM NORMAL   192    PTCLDY (SCALE 4-7)   6
TOTAL FM JUL 1  2511    CLOUDY (SCALE 8-10)  5
DPTR FM NORMAL   134

[CDD (BASE 65) ]
TOTAL THIS MO.     0
DPTR FM NORMAL     0    [PRESSURE DATA]
TOTAL FM JAN 1     0    HIGHEST SLP M ON M
DPTR FM NORMAL     0    LOWEST  SLP 29.76 ON 11

[REMARKS]
