798
CXUS53 KGID 270730
CF6LXN
PRELIMINARY LOCAL CLIMATOLOGICAL DATA (WS FORM: F-6)

                                          STATION:   LEXINGTON
                                          MONTH:     APRIL
                                          YEAR:      2017
                                          LATITUDE:   40 47 N
                                          LONGITUDE:  99 46 W

  TEMPERATURE IN F:       :PCPN:    SNOW:  WIND      :SUNSHINE: SKY     :PK WND
================================================================================
1   2   3   4   5  6A  6B    7    8   9   10  11  12  13   14  15   16   17  18
                                     12Z  AVG MX 2MIN
DY MAX MIN AVG DEP HDD CDD  WTR  SNW DPTH SPD SPD DIR MIN PSBL S-S WX    SPD DR
================================================================================

 1  49  40  45   M  20   0 0.01    M    M  7.1 10 150   M    M   8 1       M  M
 2  64  41  53   M  12   0 0.00    M    M  7.8 13 150   M    M   5 1      18 200
 3  53  33  43   M  22   0 0.01    M    M  8.9 18 340   M    M   8 12     25 350
 4  55  32  44   M  21   0 0.00    M    M 12.2 21  40   M    M   3        25  20
 5  57  33  45   M  20   0 0.00    M    M 13.8 25 340   M    M   2        30 340
 6  61  32  47   M  18   0 0.00    M    M  4.6 10 130   M    M   2         M  M
 7  71  37  54   M  11   0 0.00    M    M 15.8 27 180   M    M   0        38 180
 8  81  39  60   M   5   0 0.00    M    M  4.7 17 180   M    M   0        24 180
 9  70  41  56   M   9   0 0.27    M    M 11.5 38 320   M    M   3 3      50 320
10  51  33  42   M  23   0 0.00    M    M 16.6 31 310   M    M   3        47 330
11  70  26  48   M  17   0 0.00    M    M  8.8 21 200   M    M   0        29 200
12  76  51  64   M   1   0    T    M    M 12.0 20 160   M    M   1        29 180
13  76  41  59   M   6   0 0.04    M    M  8.9 24 190   M    M   3 18     30 190
14  83  55  69   M   0   4    T    M    M 13.1 18 160   M    M   7 13     24 140
15  78  52  65   M   0   0 0.00    M    M 11.8 18 330   M    M   4        24 330
16  69  48  59   M   6   0    T    M    M  8.5 15 200   M    M   3        18 120
17  71  43  57   M   8   0 0.00    M    M 10.1 21 190   M    M   8        31 160
18  75  58  67   M   0   2 0.00    M    M  9.5 20 170   M    M   4        24 170
19  68  50  59   M   6   0 0.00    M    M 14.6 31 100   M    M  10        38 100
20  70  37  54   M  11   0 0.00    M    M 10.1 21 340   M    M   1        28 340
21  56  37  47   M  18   0 0.00    M    M 10.8 17  80   M    M   6        24  80
22  63  31  47   M  18   0 0.00    M    M  4.9  8 350   M    M   3 8       M  M
23  70  30  50   M  15   0 0.00    M    M 15.3 30 200   M    M   0        38 200
24  73  50  62   M   3   0 0.00    M    M 12.5 23 160   M    M   1        29 170
25  54  35  45   M  20   0 0.20    M    M 14.9 22 360   M    M  10 3      25  20
26  50  31  41   M  24   0 0.00    M    M 15.1 22 330   M    M   6        30 340
================================================================================
SM 1714 1036       314   6  0.53    M    283.9          M      101
================================================================================
AV 65.9 39.9                              10.9 FASTST   M    M   4    MAX(MPH)
                                 MISC ---->  # 38 320               # 50  320
================================================================================
NOTES:
# LAST OF SEVERAL OCCURRENCES

COLUMN 17 PEAK WIND IN M.P.H.

PRELIMINARY LOCAL CLIMATOLOGICAL DATA (WS FORM: F-6) , PAGE 2

                                          STATION:  LEXINGTON
                                          MONTH:    APRIL
                                          YEAR:     2017
                                          LATITUDE:   40 47 N
                                          LONGITUDE:  99 46 W

[TEMPERATURE DATA]      [PRECIPITATION DATA]       SYMBOLS USED IN COLUMN 16

AVERAGE MONTHLY: 52.9   TOTAL FOR MONTH:   0.53    1 = FOG OR MIST
DPTR FM NORMAL:     M   DPTR FM NORMAL:       M    2 = FOG REDUCING VISIBILITY
HIGHEST:    83 ON 14    GRTST 24HR  0.27 ON  9- 9      TO 1/4 MILE OR LESS
LOWEST:     26 ON 11                               3 = THUNDER
                        SNOW, ICE PELLETS, HAIL    4 = ICE PELLETS
                        TOTAL MONTH:    M          5 = HAIL
                        GRTST 24HR    M  ON   M    6 = FREEZING RAIN OR DRIZZLE
                        GRTST DEPTH:  M  ON   M    7 = DUSTSTORM OR SANDSTORM:
                                                       VSBY 1/2 MILE OR LESS
                                                   8 = SMOKE OR HAZE
[NO. OF DAYS WITH]      [WEATHER - DAYS WITH]      9 = BLOWING SNOW
                                                   X = TORNADO
MAX 32 OR BELOW:   0    0.01 INCH OR MORE:   5
MAX 90 OR ABOVE:   0    0.10 INCH OR MORE:   2
MIN 32 OR BELOW:   6    0.50 INCH OR MORE:   0
MIN  0 OR BELOW:   0    1.00 INCH OR MORE:   0

[HDD (BASE 65) ]
TOTAL THIS MO.   314    CLEAR  (SCALE 0-3)  11
DPTR FM NORMAL     M    PTCLDY (SCALE 4-7)  12
TOTAL FM JUL 1  5121    CLOUDY (SCALE 8-10)  3
DPTR FM NORMAL     M

[CDD (BASE 65) ]
TOTAL THIS MO.     6
DPTR FM NORMAL     M    [PRESSURE DATA]
TOTAL FM JAN 1     6    HIGHEST SLP M ON M
DPTR FM NORMAL     M    LOWEST  SLP M ON M

[REMARKS]
