000
CXUS55 KPUB 221059
CF6LXV
PRELIMINARY LOCAL CLIMATOLOGICAL DATA (WS FORM: F-6)

                                          STATION:   LEADVILLE CO
                                          MONTH:     OCTOBER
                                          YEAR:      2017
                                          LATITUDE:   39 15 N
                                          LONGITUDE: 106 18 W

  TEMPERATURE IN F:       :PCPN:    SNOW:  WIND      :SUNSHINE: SKY     :PK WND
================================================================================
1   2   3   4   5  6A  6B    7    8   9   10  11  12  13   14  15   16   17  18
                                     12Z  AVG MX 2MIN
DY MAX MIN AVG DEP HDD CDD  WTR  SNW DPTH SPD SPD DIR MIN PSBL S-S WX    SPD DR
================================================================================

 1  48  30  39  -2  26   0 0.60    M    0  5.9 22 180   M    M   9 123    29 210
 2  40  29  35  -6  30   0 0.40    M    0  4.3 17 160   M    M  10 12     27 150
 3  53  22  38  -2  27   0 0.00  0.0    0  4.3 14 180   M    M   3 1      17 180
 4  63  31  47   7  18   0 0.00  0.0    0  6.3 26 190   M    M   4 1      36 200
 5  62  28  45   5  20   0 0.00  0.0    0  6.5 26 170   M    M   3        37 170
 6  45  27  36  -4  29   0 0.02    M    0 10.6 28 290   M    M   3 18     38 280
 7  57  24  41   2  24   0 0.00  0.0    0 10.0 23 320   M    M   0        32 310
 8  58  28  43   4  22   0 0.00  0.0    0  7.1 25 260   M    M   0        33 270
 9  34  19  27 -12  38   0 0.01    M    0  9.9 23 180   M    M   9 18     29 180
10  54  12  33  -5  32   0 0.00  0.0    0  5.3 15 170   M    M   0        17 170
11  60  17  39   1  26   0 0.00  0.0    0  6.2 20 180   M    M   0        25 160
12  57  30  44   6  21   0 0.00  0.0    0  8.4 25 250   M    M   0        34 250
13  54  31  43   6  22   0 0.00  0.0    0 11.9 29 260   M    M   0        43 260
14  45  17  31  -6  34   0 0.00  0.0    0 10.5 24 290   M    M   0        37 310
15  54  14  34  -3  31   0 0.00  0.0    0  7.5 21 300   M    M   0        28 310
16  59  26  43   7  22   0 0.00  0.0    0  8.1 18 290   M    M   0        26 330
17  59  18  39   3  26   0 0.00  0.0    0  6.7 17 310   M    M   0        24 300
18  60  24  42   6  23   0 0.00  0.0    0  5.0 14 300   M    M   0        18 300
19  60  24  42   7  23   0 0.00  0.0    0  4.9 16 180   M    M   1        24 180
20  54  27  41   6  24   0 0.12    M    0  8.2 23 190   M    M   3 12     34 190
21  30  20  25 -10  40   0 0.07    M    0 12.0 24 350   M    M   5 12     40  10
================================================================================
SM 1106  498       558   0  1.22     0.0 159.6          M       50
================================================================================
AV 52.7 23.7                               7.6 FASTST   M    M   2    MAX(MPH)
                                 MISC ---->  # 29 260               # 43  260
================================================================================
NOTES:
# LAST OF SEVERAL OCCURRENCES

COLUMN 17 PEAK WIND IN M.P.H.

PRELIMINARY LOCAL CLIMATOLOGICAL DATA (WS FORM: F-6) , PAGE 2

                                          STATION:  LEADVILLE CO
                                          MONTH:    OCTOBER
                                          YEAR:     2017
                                          LATITUDE:   39 15 N
                                          LONGITUDE: 106 18 W

[TEMPERATURE DATA]      [PRECIPITATION DATA]       SYMBOLS USED IN COLUMN 16

AVERAGE MONTHLY: 38.2   TOTAL FOR MONTH:   1.22    1 = FOG OR MIST
DPTR FM NORMAL:   0.2   DPTR FM NORMAL:    0.61    2 = FOG REDUCING VISIBILITY
HIGHEST:    63 ON  4    GRTST 24HR  0.60 ON  1- 1      TO 1/4 MILE OR LESS
LOWEST:     12 ON 10                               3 = THUNDER
                        SNOW, ICE PELLETS, HAIL    4 = ICE PELLETS
                        TOTAL MONTH:   0.0 INCH    5 = HAIL
                        GRTST 24HR     0.0         6 = FREEZING RAIN OR DRIZZLE
                        GRTST DEPTH:   0           7 = DUSTSTORM OR SANDSTORM:
                                                       VSBY 1/2 MILE OR LESS
                                                   8 = SMOKE OR HAZE
[NO. OF DAYS WITH]      [WEATHER - DAYS WITH]      9 = BLOWING SNOW
                                                   X = TORNADO
MAX 32 OR BELOW:   1    0.01 INCH OR MORE:   6
MAX 90 OR ABOVE:   0    0.10 INCH OR MORE:   3
MIN 32 OR BELOW:  21    0.50 INCH OR MORE:   1
MIN  0 OR BELOW:   0    1.00 INCH OR MORE:   0

[HDD (BASE 65) ]
TOTAL THIS MO.   558    CLEAR  (SCALE 0-3)  14
DPTR FM NORMAL    -9    PTCLDY (SCALE 4-7)   4
TOTAL FM JUL 1  1723    CLOUDY (SCALE 8-10)  3
DPTR FM NORMAL  -142

[CDD (BASE 65) ]
TOTAL THIS MO.     0
DPTR FM NORMAL     0    [PRESSURE DATA]
TOTAL FM JAN 1     0    HIGHEST SLP M ON M
DPTR FM NORMAL     0    LOWEST  SLP 29.53 ON 20

[REMARKS]
