000
CXUS51 KRNK 300623
CF6LYH
PRELIMINARY LOCAL CLIMATOLOGICAL DATA (WS FORM: F-6)

                                          STATION:   LYNCHBURG VA
                                          MONTH:     JULY
                                          YEAR:      2016
                                          LATITUDE:   37 19 N
                                          LONGITUDE:  79 12 W

  TEMPERATURE IN F:       :PCPN:    SNOW:  WIND      :SUNSHINE: SKY     :PK WND
================================================================================
1   2   3   4   5  6A  6B    7    8   9   10  11  12  13   14  15   16   17  18
                                     12Z  AVG MX 2MIN
DY MAX MIN AVG DEP HDD CDD  WTR  SNW DPTH SPD SPD DIR MIN PSBL S-S WX    SPD DR
================================================================================

 1  85  66  76   1   0  11 0.02  0.0    0  3.0 12 190   M    M   4 3      15 200
 2  84  63  74  -1   0   9 0.13  0.0    0  3.6 12  30   M    M   5 1      15  30
 3  68  62  65 -10   0   0 0.02  0.0    0  6.6 14  40   M    M  10 1      19  30
 4  72  64  68  -7   0   3 0.46  0.0    0  4.3 13 200   M    M  10 13     15 200
 5  88  69  79   4   0  14 0.01  0.0    0  4.9 12 230   M    M   3        16 230
 6  87  68  78   3   0  13 0.00  0.0    0  3.2 13 190   M    M   3        16 190
 7  86  70  78   3   0  13 0.02  0.0    0  4.2 15 210   M    M   2 13     20 230
 8  88  67  78   3   0  13    T  0.0    0  4.9 20 300   M    M   2 3      30 320
 9  88  66  77   2   0  12 0.00  0.0    0  4.3 14 270   M    M   1        21 240
10  85  63  74  -1   0   9 0.00  0.0    0  3.0  9 250   M    M   1        14 270
11  85  62  74  -1   0   9 0.00  0.0    0  2.5 10  80   M    M   2        15 300
12  87  67  77   2   0  12 0.07  0.0    0  2.4 13 160   M    M   5 13     16 150
13  89  68  79   4   0  14 0.25  0.0    0  3.2 21 310   M    M   3 123    33 310
14  92  68  80   5   0  15 0.01  0.0    0  4.0 16 220   M    M   1 13     27 220
15  88  70  79   4   0  14 0.00  0.0    0  2.7  8 190   M    M   1        12 360
16  86  68  77   2   0  12    T  0.0    0  2.3 12  30   M    M   1        14  40
17  90  64  77   2   0  12 0.00  0.0    0  3.6 10 190   M    M   2 12     13 180
18  90  67  79   4   0  14 0.00  0.0    0  4.2 15 200   M    M   0 3      19 190
19  90  68  79   4   0  14 0.53  0.0    0  3.4 20  20   M    M   2 13     24  30
20  87  65  76   1   0  11 0.00  0.0    0  2.6 12  50   M    M   1 1      15  50
21  88  66  77   2   0  12 0.00  0.0    0  2.8 12 200   M    M   2        16 190
22  92  67  80   5   0  15 0.00  0.0    0  1.7  9 230   M    M   0        13 190
23  93  69  81   6   0  16 0.00  0.0    0  2.9 12 180   M    M   0        14 180
24  95  69  82   7   0  17 0.00  0.0    0  3.7 12 180   M    M   0        15 190
25  94  70  82   7   0  17 0.00  0.0    0  3.4 12 210   M    M   0        14 200
26  95  71  83   8   0  18 3.22  0.0    0  3.3 21 360   M    M   2 13     29  10
27  92  70  81   6   0  16 0.02  0.0    0  2.2 12 260   M    M   3 123    20 280
28  91  71  81   6   0  16 1.10  0.0    0  3.6 14 280   M    M   4 13     23 270
29  86  70  78   3   0  13 0.00  0.0    0  2.5  9 290   M    M   4 12     15 290
================================================================================
SM 2541 1948         0 364  5.86     0.0  99.0          M       74
================================================================================
AV 87.6 67.2                               3.4 FASTST   M    M   3    MAX(MPH)
                                 MISC ---->  # 21 310               # 33  310
================================================================================
NOTES:
# LAST OF SEVERAL OCCURRENCES

COLUMN 17 PEAK WIND IN M.P.H.

PRELIMINARY LOCAL CLIMATOLOGICAL DATA (WS FORM: F-6) , PAGE 2

                                          STATION:  LYNCHBURG VA
                                          MONTH:    JULY
                                          YEAR:     2016
                                          LATITUDE:   37 19 N
                                          LONGITUDE:  79 12 W

[TEMPERATURE DATA]      [PRECIPITATION DATA]       SYMBOLS USED IN COLUMN 16

AVERAGE MONTHLY: 77.4   TOTAL FOR MONTH:   5.86    1 = FOG OR MIST
DPTR FM NORMAL:   2.4   DPTR FM NORMAL:    1.80    2 = FOG REDUCING VISIBILITY
HIGHEST:    95 ON 26,24 GRTST 24HR  3.24 ON 26-27      TO 1/4 MILE OR LESS
LOWEST:     62 ON 11, 3                            3 = THUNDER
                        SNOW, ICE PELLETS, HAIL    4 = ICE PELLETS
                        TOTAL MONTH:   0.0 INCH    5 = HAIL
                        GRTST 24HR     0.0         6 = FREEZING RAIN OR DRIZZLE
                        GRTST DEPTH:   0           7 = DUSTSTORM OR SANDSTORM:
                                                       VSBY 1/2 MILE OR LESS
                                                   8 = SMOKE OR HAZE
[NO. OF DAYS WITH]      [WEATHER - DAYS WITH]      9 = BLOWING SNOW
                                                   X = TORNADO
MAX 32 OR BELOW:   0    0.01 INCH OR MORE:  13
MAX 90 OR ABOVE:  11    0.10 INCH OR MORE:   6
MIN 32 OR BELOW:   0    0.50 INCH OR MORE:   3
MIN  0 OR BELOW:   0    1.00 INCH OR MORE:   2

[HDD (BASE 65) ]
TOTAL THIS MO.     0    CLEAR  (SCALE 0-3)  20
DPTR FM NORMAL     0    PTCLDY (SCALE 4-7)   7
TOTAL FM JUL 1     0    CLOUDY (SCALE 8-10)  2
DPTR FM NORMAL     0

[CDD (BASE 65) ]
TOTAL THIS MO.   364
DPTR FM NORMAL    74    [PRESSURE DATA]
TOTAL FM JAN 1   664    HIGHEST SLP M ON M
DPTR FM NORMAL    78    LOWEST  SLP 29.82 ON 28

[REMARKS]
