000
CXUS54 KLZK 251130
CF6LZK
PRELIMINARY LOCAL CLIMATOLOGICAL DATA (WS FORM: F-6)

                                          STATION:   North Little Rock
                                          MONTH:     MARCH
                                          YEAR:      2017
                                          LATITUDE:   34 50 N
                                          LONGITUDE:  92 16 W

  TEMPERATURE IN F:       :PCPN:    SNOW:  WIND      :SUNSHINE: SKY     :PK WND
================================================================================
1   2   3   4   5  6A  6B    7    8   9   10  11  12  13   14  15   16   17  18
                                     12Z  AVG MX 2MIN
DY MAX MIN AVG DEP HDD CDD  WTR  SNW DPTH SPD SPD DIR MIN PSBL S-S WX    SPD DR
================================================================================

 1  70  48  59  10   6   0 0.11  0.0    0  8.9 14 220   M    M   0        28 220
 2  60  40  50   0  15   0 0.00  0.0    0  3.8  7 340   M    M   0         M  M
 3  58  42  50   0  15   0 0.00  0.0    0  6.7 10  70   M    M   0        16  70
 4  69  43  56   6   9   0 0.00  0.0    0  6.2  9 180   M    M   0        20 200
 5  58  48  53   2  12   0 0.56  0.0    0  8.2 12 160   M    M   0        21 160
 6  70  53  62  11   3   0 0.70  0.0    0 10.7 16 200   M    M   0 1      33 200
 7  67  45  56   5   9   0 0.82  0.0    0  6.7 16 200   M    M   0        33 200
 8  68  44  56   4   9   0 0.00  0.0    0  5.2  9 140   M    M   0        17 140
 9  71  49  60   8   5   0 0.01  0.0    0  4.6  9 200   M    M   0        20 220
10  63  44  54   2  11   0 0.01  0.0    0  9.8 13  90   M    M   0        24  20
11  45  33  39 -13  26   0 0.22    T    0 10.9 15  90   M    M   0 4      25  90
12  51  30  41 -12  24   0 0.00  0.0    0  7.3 12 110   M    M   0        20  50
13  52  35  44  -9  21   0 0.21  0.0    0  5.9 10 340   M    M   0        23 320
14  43  36  40 -13  25   0    T  0.0    0  6.3  8  20   M    M   0         M  M
15  45  28  37 -17  28   0 0.00  0.0    0  6.0  9  70   M    M   0         M  M
16  50  39  45  -9  20   0 0.00  0.0    0  7.4  9 140   M    M   0         M  M
17  73  48  61   7   4   0    T  0.0    0  6.2 10 220   M    M   0        23 220
18  77  60  69  14   0   4 0.00  0.0    0  2.1  8  20   M    M   0        16  20
19  73  51  62   7   3   0 0.00  0.0    0  7.4 10 110   M    M   0         M  M
20  84  60  72  17   0   7 0.00  0.0    0  6.1 12 220   M    M   0        23 220
21  85  55  70  14   0   5 0.00  0.0    M  5.8 15  70   M    M   0        25  70
22  64  48  56   0   9   0 0.00  0.0    0 10.3 13  70   M    M   0        23  70
23  82  47  65   9   0   0 0.00  0.0    0  8.0  9 180   M    M   0        21 180
24  76  59  68  12   0   3 0.50  0.0    0  9.6 14 160   M    M   0        39 220
================================================================================
SM 1554 1085       254  19  3.14    T    170.1          M        0
================================================================================
AV 64.8 45.2                               7.1 FASTST   M    M   0    MAX(MPH)
                                 MISC ---->    16   M                 39    M
================================================================================
NOTES:
# LAST OF SEVERAL OCCURRENCES

COLUMN 17 PEAK WIND IN M.P.H.

PRELIMINARY LOCAL CLIMATOLOGICAL DATA (WS FORM: F-6) , PAGE 2

                                          STATION:  North Little Rock
                                          MONTH:    MARCH
                                          YEAR:     2017
                                          LATITUDE:   34 50 N
                                          LONGITUDE:  92 16 W

[TEMPERATURE DATA]      [PRECIPITATION DATA]       SYMBOLS USED IN COLUMN 16

AVERAGE MONTHLY: 55.0   TOTAL FOR MONTH:   3.14    1 = FOG OR MIST
DPTR FM NORMAL:   2.1   DPTR FM NORMAL:   -0.53    2 = FOG REDUCING VISIBILITY
HIGHEST:    85 ON 21    GRTST 24HR  0.82 ON  7- 7      TO 1/4 MILE OR LESS
LOWEST:     28 ON 15                               3 = THUNDER
                        SNOW, ICE PELLETS, HAIL    4 = ICE PELLETS
                        TOTAL MONTH:    T          5 = HAIL
                        GRTST 24HR    T  ON 11-11  6 = FREEZING RAIN OR DRIZZLE
                        GRTST DEPTH:   0           7 = DUSTSTORM OR SANDSTORM:
                                                       VSBY 1/2 MILE OR LESS
                                                   8 = SMOKE OR HAZE
[NO. OF DAYS WITH]      [WEATHER - DAYS WITH]      9 = BLOWING SNOW
                                                   X = TORNADO
MAX 32 OR BELOW:   0    0.01 INCH OR MORE:   9
MAX 90 OR ABOVE:   0    0.10 INCH OR MORE:   7
MIN 32 OR BELOW:   2    0.50 INCH OR MORE:   4
MIN  0 OR BELOW:   0    1.00 INCH OR MORE:   0

[HDD (BASE 65) ]
TOTAL THIS MO.   254    CLEAR  (SCALE 0-3)  24
DPTR FM NORMAL   -48    PTCLDY (SCALE 4-7)   0
TOTAL FM JUL 1  2085    CLOUDY (SCALE 8-10)  0
DPTR FM NORMAL  -703

[CDD (BASE 65) ]
TOTAL THIS MO.    19
DPTR FM NORMAL    10    [PRESSURE DATA]
TOTAL FM JAN 1    36    HIGHEST SLP M ON M
DPTR FM NORMAL    25    LOWEST  SLP M ON M

[REMARKS]
