000
CXUS53 KDTX 220800
CF6MBS
PRELIMINARY LOCAL CLIMATOLOGICAL DATA (WS FORM: F-6)

                                          STATION:   TRI CITIES MI
                                          MONTH:     NOVEMBER
                                          YEAR:      2014
                                          LATITUDE:   43 31 N
                                          LONGITUDE:  84  5 W

  TEMPERATURE IN F:       :PCPN:    SNOW:  WIND      :SUNSHINE: SKY     :PK WND
================================================================================
1   2   3   4   5  6A  6B    7    8   9   10  11  12  13   14  15   16   17  18
                                     12Z  AVG MX 2MIN
DY MAX MIN AVG DEP HDD CDD  WTR  SNW DPTH SPD SPD DIR MIN PSBL S-S WX    SPD DR
================================================================================

 1  41  26  34 -10  31   0 0.00  0.0    0 13.5 29 360   M    M   3        37 360
 2  48  22  35  -9  30   0 0.00  0.0    0  7.3 15 230   M    M   1        19 220
 3  57  44  51   7  14   0 0.00  0.0    0 10.5 22 230   M    M   5        26 230
 4  59  41  50   7  15   0 0.04  0.0    0 14.4 26 260   M    M   8 1      35 250
 5  52  40  46   3  19   0    T  0.0    0 10.4 22 220   M    M   4        29 230
 6  49  37  43   1  22   0 0.06  0.0    0 12.6 25 360   M    M  10        31 350
 7  44  32  38  -4  27   0    T  0.0    0  6.9 16 330   M    M   6        19 330
 8  45  35  40  -2  25   0 0.12    T    0 10.9 24 320   M    M   9 1      29 310
 9  45  32  39  -2  26   0    T  0.0    0 10.6 24 230   M    M   7        30 220
10  54  39  47   6  18   0    T  0.0    0  7.1 14 180   M    M   6        20 180
11  52  35  44   4  21   0 0.15  0.0    0 12.5 28 260   M    M   8 1      34 250
12  36  30  33  -7  32   0 0.00  0.0    0 14.6 29 280   M    M  10        37 290
13  37  25  31  -9  34   0    T    T    0 10.5 20 280   M    M   7 8      23 280
14  35  25  30  -9  35   0    T    T    0  9.2 15 290   M    M   8        19 300
15  32  24  28 -11  37   0    T  0.1    0 10.0 18 230   M    M   9 18     24 220
16  32  26  29  -9  36   0 0.06  1.4    1  8.6 16 230   M    M  10 18     19 220
17  31  16  24 -14  41   0    T    T    0 14.1 26 270   M    M   8 8      33 260
18  27  15  21 -17  44   0    T    T    T 17.4 35 260   M    M   4 1      42 270
19  26  16  21 -16  44   0 0.05  1.0    0 14.6 26 250   M    M  10 18     35 250
20  26  13  20 -17  45   0    T    T    2 13.9 26 270   M    M   3        33 270
21  27   8  18 -18  47   0 0.00  0.0    2 10.3 18 220   M    M   1        25 200
================================================================================
SM  855  581       643   0  0.48     2.5 239.9          M      137
================================================================================
AV 40.7 27.7                              11.4 FASTST   M    M   7    MAX(MPH)
                                 MISC ---->  # 35 260               # 42  270
================================================================================
NOTES:
# LAST OF SEVERAL OCCURRENCES

COLUMN 17 PEAK WIND IN M.P.H.

PRELIMINARY LOCAL CLIMATOLOGICAL DATA (WS FORM: F-6) , PAGE 2

                                          STATION:  TRI CITIES MI
                                          MONTH:    NOVEMBER
                                          YEAR:     2014
                                          LATITUDE:   43 31 N
                                          LONGITUDE:  84  5 W

[TEMPERATURE DATA]      [PRECIPITATION DATA]       SYMBOLS USED IN COLUMN 16

AVERAGE MONTHLY: 34.2   TOTAL FOR MONTH:   0.48    1 = FOG OR MIST
DPTR FM NORMAL:  -6.2   DPTR FM NORMAL:   -1.48    2 = FOG REDUCING VISIBILITY
HIGHEST:    59 ON  4    GRTST 24HR  0.21 ON 31- 1      TO 1/4 MILE OR LESS
LOWEST:      8 ON 21                               3 = THUNDER
                        SNOW, ICE PELLETS, HAIL    4 = ICE PELLETS
                        TOTAL MONTH:   2.5 INCHES  5 = HAIL
                        GRTST 24HR   1.4 ON   M    6 = FREEZING RAIN OR DRIZZLE
                        GRTST DEPTH:   2 ON 21,20  7 = DUSTSTORM OR SANDSTORM:
                                                       VSBY 1/2 MILE OR LESS
                                                   8 = SMOKE OR HAZE
[NO. OF DAYS WITH]      [WEATHER - DAYS WITH]      9 = BLOWING SNOW
                                                   X = TORNADO
MAX 32 OR BELOW:   7    0.01 INCH OR MORE:   6
MAX 90 OR ABOVE:   0    0.10 INCH OR MORE:   2
MIN 32 OR BELOW:  14    0.50 INCH OR MORE:   0
MIN  0 OR BELOW:   0    1.00 INCH OR MORE:   0

[HDD (BASE 65) ]
TOTAL THIS MO.   643    CLEAR  (SCALE 0-3)   4
DPTR FM NORMAL   125    PTCLDY (SCALE 4-7)   8
TOTAL FM JUL 1  1234    CLOUDY (SCALE 8-10)  9
DPTR FM NORMAL    37

[CDD (BASE 65) ]
TOTAL THIS MO.     0
DPTR FM NORMAL     0    [PRESSURE DATA]
TOTAL FM JAN 1   539    HIGHEST SLP M ON M
DPTR FM NORMAL   -18    LOWEST  SLP 29.61 ON 11

[REMARKS]
