000
CXUS53 KDTX 250800
CF6MBS
PRELIMINARY LOCAL CLIMATOLOGICAL DATA (WS FORM: F-6)

                                          STATION:   TRI CITIES MI
                                          MONTH:     MAY
                                          YEAR:      2017
                                          LATITUDE:   43 31 N
                                          LONGITUDE:  84  5 W

  TEMPERATURE IN F:       :PCPN:    SNOW:  WIND      :SUNSHINE: SKY     :PK WND
================================================================================
1   2   3   4   5  6A  6B    7    8   9   10  11  12  13   14  15   16   17  18
                                     12Z  AVG MX 2MIN
DY MAX MIN AVG DEP HDD CDD  WTR  SNW DPTH SPD SPD DIR MIN PSBL S-S WX    SPD DR
================================================================================

 1  67  44  56   4   9   0 0.18  0.0    0 13.2 25 200   M    M   9 12     33 250
 2  50  42  46  -6  19   0 0.03  0.0    0 17.8 26 250   M    M  10 18     37 220
 3  60  34  47  -6  18   0 0.00  0.0    0  6.1 13 190   M    M   1        17 330
 4  52  45  49  -4  16   0 0.06  0.0    0  9.1 23 120   M    M   7 1      27 130
 5  56  42  49  -5  16   0 0.00  0.0    0 16.1 29  40   M    M   6        35  40
 6  62  39  51  -3  14   0 0.00  0.0    0 16.2 30 310   M    M   2 8      39 310
 7  55  36  46  -8  19   0 0.00  0.0    0 13.8 21 320   M    M   0        31 330
 8  58  29  44 -10  21   0 0.00  0.0    0 10.1 21 320   M    M   0        24 340
 9  60  30  45 -10  20   0 0.00  0.0    0  5.1 13 120   M    M   3        15 120
10  68  42  55   0  10   0 0.03    M    0  6.6 15 100   M    M   6        19 100
11  62  46  54  -2  11   0    T    M    0  9.2 17  40   M    M   5        21  30
12  66  40  53  -3  12   0 0.00  0.0    0  6.9 14  40   M    M   2        19  40
13  69  44  57   1   8   0 0.00  0.0    0  7.2 22 110   M    M   3        24 110
14  67  48  58   1   7   0 0.00  0.0    0  8.9 22 340   M    M   3        26 350
15  74  41  58   1   7   0 0.00  0.0    0  4.6 12 120   M    M   1        17 160
16  85  52  69  12   0   4 0.32  0.0    0  9.9 18 200   M    M   3 13     26 200
17  86  69  78  20   0  13 0.00  0.0    0 16.0 30 220   M    M   1        39 220
18  81  46  64   6   1   0 0.00  0.0    0 18.9 44 220   M    M   5        50 250
19  53  43  48 -10  17   0 0.00  0.0    0 13.8 23  50   M    M   7 18     31  40
20  66  46  56  -3   9   0 0.07  0.0    0 13.9 26  40   M    M   5        32  90
21  75  50  63   4   2   0 1.00  0.0    0 10.4 24 250   M    M   9 13     31 250
22  67  50  59   0   6   0 0.00  0.0    0 14.2 26 260   M    M   7        33 260
23  71  57  64   4   1   0 0.03  0.0    0  7.4 21 220   M    M   9 1      29 230
24  61  53  57  -3   8   0 0.19  0.0    0 15.9 25  40   M    M   7 12     29  40
================================================================================
SM 1571 1068       251  17  1.91     0.0 271.3          M      111
================================================================================
AV 65.5 44.5                              11.3 FASTST   M    M   5    MAX(MPH)
                                 MISC ---->  # 44 220               # 50  250
================================================================================
NOTES:
# LAST OF SEVERAL OCCURRENCES

COLUMN 17 PEAK WIND IN M.P.H.

PRELIMINARY LOCAL CLIMATOLOGICAL DATA (WS FORM: F-6) , PAGE 2

                                          STATION:  TRI CITIES MI
                                          MONTH:    MAY
                                          YEAR:     2017
                                          LATITUDE:   43 31 N
                                          LONGITUDE:  84  5 W

[TEMPERATURE DATA]      [PRECIPITATION DATA]       SYMBOLS USED IN COLUMN 16

AVERAGE MONTHLY: 55.0   TOTAL FOR MONTH:   1.91    1 = FOG OR MIST
DPTR FM NORMAL:  -1.1   DPTR FM NORMAL:   -0.75    2 = FOG REDUCING VISIBILITY
HIGHEST:    86 ON 17    GRTST 24HR  1.07 ON 20-21      TO 1/4 MILE OR LESS
LOWEST:     29 ON  8                               3 = THUNDER
                        SNOW, ICE PELLETS, HAIL    4 = ICE PELLETS
                        TOTAL MONTH:   0.0 INCH    5 = HAIL
                        GRTST 24HR     0.0         6 = FREEZING RAIN OR DRIZZLE
                        GRTST DEPTH:   0           7 = DUSTSTORM OR SANDSTORM:
                                                       VSBY 1/2 MILE OR LESS
                                                   8 = SMOKE OR HAZE
[NO. OF DAYS WITH]      [WEATHER - DAYS WITH]      9 = BLOWING SNOW
                                                   X = TORNADO
MAX 32 OR BELOW:   0    0.01 INCH OR MORE:   9
MAX 90 OR ABOVE:   0    0.10 INCH OR MORE:   4
MIN 32 OR BELOW:   2    0.50 INCH OR MORE:   1
MIN  0 OR BELOW:   0    1.00 INCH OR MORE:   1

[HDD (BASE 65) ]
TOTAL THIS MO.   251    CLEAR  (SCALE 0-3)   9
DPTR FM NORMAL    16    PTCLDY (SCALE 4-7)  11
TOTAL FM JUL 1  5834    CLOUDY (SCALE 8-10)  4
DPTR FM NORMAL -1041

[CDD (BASE 65) ]
TOTAL THIS MO.    17
DPTR FM NORMAL     0    [PRESSURE DATA]
TOTAL FM JAN 1    21    HIGHEST SLP M ON M
DPTR FM NORMAL     0    LOWEST  SLP 29.39 ON  1

[REMARKS]
