000
CXUS55 KLIX 250830
CF6MCB
PRELIMINARY LOCAL CLIMATOLOGICAL DATA (WS FORM: F-6)

                                          STATION:   MCCOMB
                                          MONTH:     JANUARY
                                          YEAR:      2015
                                          LATITUDE:   31 10 N
                                          LONGITUDE:  90 28 W

  TEMPERATURE IN F:       :PCPN:    SNOW:  WIND      :SUNSHINE: SKY     :PK WND
================================================================================
1   2   3   4   5  6A  6B    7    8   9   10  11  12  13   14  15   16   17  18
                                     12Z  AVG MX 2MIN
DY MAX MIN AVG DEP HDD CDD  WTR  SNW DPTH SPD SPD DIR MIN PSBL S-S WX    SPD DR
================================================================================

 1  50  36  43  -5  22   0    T  0.0    0  5.5 10 110   M    M   7        16  90
 2  67  50  59  11   6   0 0.04  0.0    0  5.4 15 140   M    M  10 1      19 150
 3  72  60  66  18   0   1 3.03  0.0    0  8.3 18 290   M    M   9 13     26 280
 4  60  40  50   2  15   0 0.01    M    0  9.5 17 350   M    M   5 1      22 350
 5  52  30  41  -7  24   0 0.00  0.0    0  6.5 16  10   M    M   1 1      24 360
 6  64  27  46  -2  19   0 0.00  0.0    0  3.2 12 310   M    M   0 1      13 300
 7  52  24  38 -10  27   0 0.00  0.0    0 13.1 26 350   M    M   3        36 360
 8  38  15  27 -21  38   0 0.00  0.0    0  5.1 18 360   M    M   0        25  20
 9  36  30  33 -15  32   0 0.05    T    0  5.6 10 320   M    M   9 4      13  10
10  49  28  39  -9  26   0 0.00  0.0    0  4.6 12 110   M    M   0        17  70
11  61  39  50   2  15   0 0.08  0.0    0  6.2 13 160   M    M   8 1      17 110
12  64  44  54   6  11   0 0.05    M    0  8.5 16 340   M    M  10 12     19 350
13  44  36  40  -8  25   0 0.00  0.0    0 10.9 16 350   M    M  10 1      21 360
14  39  34  37 -11  28   0 0.00  0.0    0  5.9 13  20   M    M  10 1      16  20
15  44  32  38 -10  27   0 0.39    M    0  6.1 13 350   M    M   7 1      17 360
16  57  27  42  -6  23   0 0.00  0.0    0  2.3  9  10   M    M   0 1      14  10
17  62  28  45  -3  20   0 0.00  0.0    0  3.7 15 170   M    M   0 18     19 160
18  67  37  52   4  13   0 0.00  0.0    0  4.6 15 350   M    M   0 1      20 350
19  68  28  48   0  17   0 0.00  0.0    0  3.5 14 200   M    M   0        17 210
20  69  39  54   6  11   0 0.00  0.0    0  1.6  9 270   M    M   3 18     12 300
21  67  46  57   9   8   0 0.00  0.0    0  5.8 13  30   M    M   0        16  10
22  54  43  49   1  16   0 2.00    M    0  8.6 17  70   M    M   8 1      28  40
23  45  37  41  -7  24   0 0.05    M    0 11.5 18 310   M    M  10 1      25 300
24  57  35  46  -2  19   0 0.00  0.0    0  5.8 14 270   M    M   3 1      17 260
================================================================================
SM 1338  845       466   1  5.70    T    151.8          M      113
================================================================================
AV 55.8 35.2                               6.3 FASTST   M    M   5    MAX(MPH)
                                 MISC ---->  # 26 350               # 36  360
================================================================================
NOTES:
# LAST OF SEVERAL OCCURRENCES

COLUMN 17 PEAK WIND IN M.P.H.

PRELIMINARY LOCAL CLIMATOLOGICAL DATA (WS FORM: F-6) , PAGE 2

                                          STATION:  MCCOMB
                                          MONTH:    JANUARY
                                          YEAR:     2015
                                          LATITUDE:   31 10 N
                                          LONGITUDE:  90 28 W

[TEMPERATURE DATA]      [PRECIPITATION DATA]       SYMBOLS USED IN COLUMN 16

AVERAGE MONTHLY: 45.5   TOTAL FOR MONTH:   5.70    1 = FOG OR MIST
DPTR FM NORMAL:  -2.5   DPTR FM NORMAL:    1.12    2 = FOG REDUCING VISIBILITY
HIGHEST:    72 ON  3    GRTST 24HR  3.04 ON  3- 4      TO 1/4 MILE OR LESS
LOWEST:     15 ON  8                               3 = THUNDER
                        SNOW, ICE PELLETS, HAIL    4 = ICE PELLETS
                        TOTAL MONTH:    T          5 = HAIL
                        GRTST 24HR    T  ON  9- 9  6 = FREEZING RAIN OR DRIZZLE
                        GRTST DEPTH:   0           7 = DUSTSTORM OR SANDSTORM:
                                                       VSBY 1/2 MILE OR LESS
                                                   8 = SMOKE OR HAZE
[NO. OF DAYS WITH]      [WEATHER - DAYS WITH]      9 = BLOWING SNOW
                                                   X = TORNADO
MAX 32 OR BELOW:   0    0.01 INCH OR MORE:   9
MAX 90 OR ABOVE:   0    0.10 INCH OR MORE:   3
MIN 32 OR BELOW:  10    0.50 INCH OR MORE:   2
MIN  0 OR BELOW:   0    1.00 INCH OR MORE:   2

[HDD (BASE 65) ]
TOTAL THIS MO.   466    CLEAR  (SCALE 0-3)  12
DPTR FM NORMAL    58    PTCLDY (SCALE 4-7)   5
TOTAL FM JUL 1  1213    CLOUDY (SCALE 8-10)  7
DPTR FM NORMAL     1

[CDD (BASE 65) ]
TOTAL THIS MO.     1
DPTR FM NORMAL     1    [PRESSURE DATA]
TOTAL FM JAN 1     1    HIGHEST SLP M ON M
DPTR FM NORMAL     1    LOWEST  SLP 29.84 ON  3

[REMARKS]
