000
CXUS56 KHNX 261146
CF6MCE
PRELIMINARY LOCAL CLIMATOLOGICAL DATA (WS FORM: F-6)

                                          STATION:   MERCED CA AIRPORT
                                          MONTH:     MAY
                                          YEAR:      2017
                                          LATITUDE:   37 16 N
                                          LONGITUDE: 120 36 W

  TEMPERATURE IN F:       :PCPN:    SNOW:  WIND      :SUNSHINE: SKY     :PK WND
================================================================================
1   2   3   4   5  6A  6B    7    8   9   10  11  12  13   14  15   16   17  18
                                     12Z  AVG MX 2MIN
DY MAX MIN AVG DEP HDD CDD  WTR  SNW DPTH SPD SPD DIR MIN PSBL S-S WX    SPD DR
================================================================================

 1  89  56  73  10   0   8 0.00  0.0    0  9.1 22 350   M    M   0        26  80
 2  89  62  76  12   0  11 0.00  0.0    0  7.3 18 330   M    M   0        25 350
 3  95  57  76  12   0  11 0.00  0.0    0  3.0 10 330   M    M   0        13 330
 4  97  60  79  15   0  14 0.00  0.0    0  5.1 18 260   M    M   0        26 310
 5  83  55  69   5   0   4 0.00  0.0    0 10.0 17 330   M    M   0        23 330
 6  67  48  58  -7   7   0 0.00  0.0    0  5.8 16 330   M    M   3        21 330
 7  72  52  62  -3   3   0 0.00  0.0    0  6.6 20 130   M    M   6        24 130
 8  81  51  66   1   0   1 0.00  0.0    0  4.7 10  20   M    M   2        14 170
 9  87  51  69   4   0   4 0.00  0.0    0  4.7 14 320   M    M   0        19 320
10  81  53  67   1   0   2 0.00  0.0    0  6.8 14 270   M    M   0        18 250
11  79  53  66   0   0   1 0.00  0.0    0 10.2 21 330   M    M   0        26 330
12  71  52  62  -4   3   0 0.00  0.0    0 14.3 22 320   M    M   2        29 310
13  73  42  58  -8   7   0 0.00  0.0    0 11.5 22 310   M    M   0        29 300
14  73  45  59  -7   6   0 0.00  0.0    0  6.9 16 260   M    M   0        22 240
15  75  46  61  -6   4   0 0.00  0.0    0  6.5 15 250   M    M   1        21 240
16  73  47  60  -7   5   0 0.00  0.0    0  8.4 18 330   M    M   3        23 190
17  78  54  66  -1   0   1 0.00  0.0    0 13.9 28 330   M    M   3        33 330
18  84  44  64  -3   1   0 0.00  0.0    0  7.1 21 320   M    M   0        27 340
19  90  50  70   2   0   5 0.00  0.0    0  5.1 16 330   M    M   0 8      19 320
20  93  52  73   5   0   8 0.00  0.0    0  4.7 13 360   M    M   0        18 350
21  97  58  78  10   0  13 0.00  0.0    0  4.6 13 360   M    M   0        21  20
22  99  61  80  12   0  15 0.00  0.0    0  5.8 12  10   M    M   0        20  10
23 100  63  82  14   0  17 0.00  0.0    0  6.8 14 330   M    M   0        18 330
24  92  59  76   7   0  11 0.00  0.0    0  7.3 14 260   M    M   0        20 320
25  78  51  65  -4   0   0 0.00  0.0    0  7.9 12 270   M    M   0        20 250
================================================================================
SM 2096 1322        36 126  0.00     0.0 184.1          M       20
================================================================================
AV 83.8 52.9                               7.4 FASTST   M    M   1    MAX(MPH)
                                 MISC ---->  # 28 330               # 33  330
================================================================================
NOTES:
# LAST OF SEVERAL OCCURRENCES

COLUMN 17 PEAK WIND IN M.P.H.

PRELIMINARY LOCAL CLIMATOLOGICAL DATA (WS FORM: F-6) , PAGE 2

                                          STATION:  MERCED CA AIRPORT
                                          MONTH:    MAY
                                          YEAR:     2017
                                          LATITUDE:   37 16 N
                                          LONGITUDE: 120 36 W

[TEMPERATURE DATA]      [PRECIPITATION DATA]       SYMBOLS USED IN COLUMN 16

AVERAGE MONTHLY: 68.4   TOTAL FOR MONTH:   0.00    1 = FOG OR MIST
DPTR FM NORMAL:   2.2   DPTR FM NORMAL:   -0.53    2 = FOG REDUCING VISIBILITY
HIGHEST:   100 ON 23    GRTST 24HR  0.00 ON 25-25      TO 1/4 MILE OR LESS
LOWEST:     42 ON 13                               3 = THUNDER
                        SNOW, ICE PELLETS, HAIL    4 = ICE PELLETS
                        TOTAL MONTH:   0.0 INCH    5 = HAIL
                        GRTST 24HR     0.0         6 = FREEZING RAIN OR DRIZZLE
                        GRTST DEPTH:   0           7 = DUSTSTORM OR SANDSTORM:
                                                       VSBY 1/2 MILE OR LESS
                                                   8 = SMOKE OR HAZE
[NO. OF DAYS WITH]      [WEATHER - DAYS WITH]      9 = BLOWING SNOW
                                                   X = TORNADO
MAX 32 OR BELOW:   0    0.01 INCH OR MORE:   0
MAX 90 OR ABOVE:   8    0.10 INCH OR MORE:   0
MIN 32 OR BELOW:   0    0.50 INCH OR MORE:   0
MIN  0 OR BELOW:   0    1.00 INCH OR MORE:   0

[HDD (BASE 65) ]
TOTAL THIS MO.    36    CLEAR  (SCALE 0-3)  23
DPTR FM NORMAL   -13    PTCLDY (SCALE 4-7)   2
TOTAL FM JUL 1  2369    CLOUDY (SCALE 8-10)  0
DPTR FM NORMAL  -401

[CDD (BASE 65) ]
TOTAL THIS MO.   126
DPTR FM NORMAL    46    [PRESSURE DATA]
TOTAL FM JAN 1   126    HIGHEST SLP M ON M
DPTR FM NORMAL    27    LOWEST  SLP 29.66 ON  6

[REMARKS]
