000
CXUS53 KGLD 010800
CF6MCK
PRELIMINARY LOCAL CLIMATOLOGICAL DATA (WS FORM: F-6)

                                          STATION:   MCCOOK NE
                                          MONTH:     SEPTEMBER
                                          YEAR:      2014
                                          LATITUDE:   40 13 N
                                          LONGITUDE: 100 35 W

  TEMPERATURE IN F:       :PCPN:    SNOW:  WIND      :SUNSHINE: SKY     :PK WND
================================================================================
1   2   3   4   5  6A  6B    7    8   9   10  11  12  13   14  15   16   17  18
                                     12Z  AVG MX 2MIN
DY MAX MIN AVG DEP HDD CDD  WTR  SNW DPTH SPD SPD DIR MIN PSBL S-S WX    SPD DR
================================================================================

 1  78  55  67  -3   0   2    T    M    M  6.3 16  10   M    M   3 8      23 180
 2  88  52  70   0   0   5 0.00    M    M  7.4 23 180   M    M   0 1      27 180
 3  97  68  83  13   0  18 0.00    M    M  9.5 22 190   M    M   3 13     30 190
 4  83  57  70   1   0   5 0.34    M    M 14.2 29  10   M    M   0 13     38 360
 5  65  53  59 -10   6   0 0.08    M    M  6.0 18  40   M    M   7 1      23  40
 6  76  48  62  -7   3   0 0.00    M    M  3.5 10 120   M    M   1 12     16 140
 7  83  51  67  -1   0   2 0.00    M    M 10.0 21 180   M    M   0        27 170
 8  92  57  75   7   0  10 0.00    M    M  5.4 14 190   M    M   0 1      18 190
 9  81  63  72   5   0   7 0.06    M    M  8.6 23 290   M    M   4 13     28 290
10  65  50  58  -9   7   0    T    M    M 12.7 23 360   M    M   9        30 350
11  51  41  46 -21  19   0 0.63    M    M 13.6 20  10   M    M  10 13     25  20
12  52  34  43 -23  22   0 0.00    M    M  9.5 22  10   M    M   8 1      25 350
13  61  32  47 -19  18   0 0.00    M    M 10.1 23 180   M    M   2        29 180
14  75  39  57  -8   8   0 0.00    M    M  9.1 22 140   M    M   0 1      28 140
15  69  50  60  -5   5   0 0.00    M    M  9.8 22 360   M    M   2        28 360
16  80  48  64   0   1   0 0.00    M    M 10.2 23 200   M    M   3        27 200
17  88  47  68   4   0   3 0.00    M    M  6.4 15  90   M    M   2 12     22 130
18  71  57  64   1   1   0 0.00    M    M  6.8 14 120   M    M   7 12     17 100
19  93  53  73  10   0   8 0.00    M    M 10.5 25 190   M    M   2 12     32 200
20  87  58  73  11   0   8 0.00    M    M 10.1 23  30   M    M   0 8      29  50
21  79  47  63   1   2   0 0.00    M    M  5.5 14  50   M    M   1        17  50
22  78  51  65   4   0   0 0.41    M    M 11.5 30 160   M    M   7 13     42 170
23  85  54  70   9   0   5 0.03    M    M  7.1 26 160   M    M   1 1      38 170
24  86  53  70  10   0   5 0.00    M    M  5.2 12 120   M    M   0 1      17 110
25  88  54  71  11   0   6 0.00    M    M  5.6 15 130   M    M   1 12     19 140
26  86  59  73  13   0   8 0.00    M    M  9.8 21 160   M    M   0        26 140
27  86  56  71  12   0   6 0.00    M    M 10.9 25 170   M    M   0        33 160
28  86  58  72  13   0   7 0.00    M    M 11.5 23 150   M    M   1 1      28 160
29  84  58  71  13   0   6 0.13    M    M 14.4 32 220   M    M   3 138    41 220
30  79  50  65   7   0   0 0.00    M    M  7.4 24 200   M    M   1        32 200
================================================================================
SM 2372 1553        92 111  1.68    M    268.6          M       78
================================================================================
AV 79.1 51.8                               9.0 FASTST   M    M   3    MAX(MPH)
                                 MISC ---->  # 32 220               # 42  170
================================================================================
NOTES:
# LAST OF SEVERAL OCCURRENCES

COLUMN 17 PEAK WIND IN M.P.H.

PRELIMINARY LOCAL CLIMATOLOGICAL DATA (WS FORM: F-6) , PAGE 2

                                          STATION:  MCCOOK NE
                                          MONTH:    SEPTEMBER
                                          YEAR:     2014
                                          LATITUDE:   40 13 N
                                          LONGITUDE: 100 35 W

[TEMPERATURE DATA]      [PRECIPITATION DATA]       SYMBOLS USED IN COLUMN 16

AVERAGE MONTHLY: 65.4   TOTAL FOR MONTH:   1.68    1 = FOG OR MIST
DPTR FM NORMAL:   1.0   DPTR FM NORMAL:    0.24    2 = FOG REDUCING VISIBILITY
HIGHEST:    97 ON  3    GRTST 24HR  0.63 ON 11-11      TO 1/4 MILE OR LESS
LOWEST:     32 ON 13                               3 = THUNDER
                        SNOW, ICE PELLETS, HAIL    4 = ICE PELLETS
                        TOTAL MONTH:    M          5 = HAIL
                        GRTST 24HR    M  ON   M    6 = FREEZING RAIN OR DRIZZLE
                        GRTST DEPTH:  M  ON   M    7 = DUSTSTORM OR SANDSTORM:
                                                       VSBY 1/2 MILE OR LESS
                                                   8 = SMOKE OR HAZE
[NO. OF DAYS WITH]      [WEATHER - DAYS WITH]      9 = BLOWING SNOW
                                                   X = TORNADO
MAX 32 OR BELOW:   0    0.01 INCH OR MORE:   7
MAX 90 OR ABOVE:   3    0.10 INCH OR MORE:   4
MIN 32 OR BELOW:   1    0.50 INCH OR MORE:   1
MIN  0 OR BELOW:   0    1.00 INCH OR MORE:   0

[HDD (BASE 65) ]
TOTAL THIS MO.    92    CLEAR  (SCALE 0-3)  20
DPTR FM NORMAL   -25    PTCLDY (SCALE 4-7)   8
TOTAL FM JUL 1    99    CLOUDY (SCALE 8-10)  2
DPTR FM NORMAL   -30

[CDD (BASE 65) ]
TOTAL THIS MO.   111
DPTR FM NORMAL    13    [PRESSURE DATA]
TOTAL FM JAN 1  1092    HIGHEST SLP M ON M
DPTR FM NORMAL   143    LOWEST  SLP 29.56 ON  9

[REMARKS]
#FINAL-09-14#
