000
CXUS53 KGLD 270800
CF6MCK
PRELIMINARY LOCAL CLIMATOLOGICAL DATA (WS FORM: F-6)

                                          STATION:   MCCOOK NE
                                          MONTH:     MARCH
                                          YEAR:      2015
                                          LATITUDE:   40 13 N
                                          LONGITUDE: 100 35 W

  TEMPERATURE IN F:       :PCPN:    SNOW:  WIND      :SUNSHINE: SKY     :PK WND
================================================================================
1   2   3   4   5  6A  6B    7    8   9   10  11  12  13   14  15   16   17  18
                                     12Z  AVG MX 2MIN
DY MAX MIN AVG DEP HDD CDD  WTR  SNW DPTH SPD SPD DIR MIN PSBL S-S WX    SPD DR
================================================================================

 1  42  13  28  -7  37   0 0.00  0.0    0  5.0 14 360   M    M   2 18     17  10
 2  41  28  35   0  30   0 0.00  0.0    0 14.0 28 160   M    M   9        36 160
 3  36  20  28  -7  37   0 0.01    M    M 13.4 32 360   M    M   7 18     40 350
 4  33  14  24 -12  41   0    T    M    M  7.0 24 330   M    M   6 18     28 330
 5  52   7  30  -6  35   0 0.00    M    M  6.9 17 240   M    M   0        23 230
 6  66  21  44   8  21   0 0.00    M    M 10.6 18 270   M    M   0        27 310
 7  67  29  48  11  17   0 0.00    M    M  7.2 16 260   M    M   0        19 270
 8  61  26  44   7  21   0 0.00    M    M  9.8 21  30   M    M   0        26  30
 9  68  21  45   8  20   0 0.00    M    M  7.4 18 200   M    M   0        25 210
10  73  30  52  14  13   0 0.00    M    M  7.2 15 360   M    M   0        20 340
11  76  25  51  13  14   0 0.00    M    M  7.0 17 180   M    M   0        24 170
12  80  35  58  20   7   0 0.00    M    M  9.0 24 190   M    M   0        31 180
13  74  36  55  17  10   0 0.00    M    M 13.0 28  10   M    M   1        40  40
14  67  28  48   9  17   0 0.00    M    M  7.7 14 180   M    M   0        18 200
15  88  40  64  25   1   0 0.00    M    M 12.3 24 220   M    M   0        32 210
16  93  40  67  28   0   2 0.00    M    M 13.8 40  30   M    M   0 8      49  20
17  52  30  41   1  24   0 0.00    M    M 13.1 29  20   M    M   0        39  20
18  60  27  44   4  21   0 0.00    M    M  9.2 18 150   M    M   1        24 160
19  66  33  50  10  15   0    T    M    M  7.1 17 350   M    M   3        23 320
20  75  26  51  11  14   0 0.00    M  100  9.0 20 250   M    M   0        25 250
21  76  30  53  12  12   0 0.00    M  100  9.0 20 190   M    M   0        27 180
22  78  39  59  18   6   0 0.00    M    M 11.4 24 350   M    M   0        30 340
23  64  36  50   8  15   0 0.00    M    M  9.2 23 130   M    M   3        29 120
24  69  32  51   9  14   0 0.00    M    M  9.3 26 320   M    M   2 18     33 330
25  53  27  40  -2  25   0 0.02    M  100 11.5 24  20   M    M   5        31  20
26  64  18  41  -1  24   0    T    M    M 12.9 32 320   M    M   4        43 320
================================================================================
SM 1674  711       491   2  0.03     0.0 253.0          M       43
================================================================================
AV 64.4 27.3                               9.7 FASTST   M    M   2    MAX(MPH)
                                 MISC ---->  # 40  30               # 49   20
================================================================================
NOTES:
# LAST OF SEVERAL OCCURRENCES

COLUMN 17 PEAK WIND IN M.P.H.

PRELIMINARY LOCAL CLIMATOLOGICAL DATA (WS FORM: F-6) , PAGE 2

                                          STATION:  MCCOOK NE
                                          MONTH:    MARCH
                                          YEAR:     2015
                                          LATITUDE:   40 13 N
                                          LONGITUDE: 100 35 W

[TEMPERATURE DATA]      [PRECIPITATION DATA]       SYMBOLS USED IN COLUMN 16

AVERAGE MONTHLY: 45.9   TOTAL FOR MONTH:   0.03    1 = FOG OR MIST
DPTR FM NORMAL:   7.3   DPTR FM NORMAL:   -1.07    2 = FOG REDUCING VISIBILITY
HIGHEST:    93 ON 16    GRTST 24HR  0.02 ON 25-25      TO 1/4 MILE OR LESS
LOWEST:      7 ON  5                               3 = THUNDER
                        SNOW, ICE PELLETS, HAIL    4 = ICE PELLETS
                        TOTAL MONTH:   0.0 INCH    5 = HAIL
                        GRTST 24HR     0.0         6 = FREEZING RAIN OR DRIZZLE
                        GRTST DEPTH:  99 ON M      7 = DUSTSTORM OR SANDSTORM:
                                                       VSBY 1/2 MILE OR LESS
                                                   8 = SMOKE OR HAZE
[NO. OF DAYS WITH]      [WEATHER - DAYS WITH]      9 = BLOWING SNOW
                                                   X = TORNADO
MAX 32 OR BELOW:   0    0.01 INCH OR MORE:   2
MAX 90 OR ABOVE:   1    0.10 INCH OR MORE:   0
MIN 32 OR BELOW:  19    0.50 INCH OR MORE:   0
MIN  0 OR BELOW:   0    1.00 INCH OR MORE:   0

[HDD (BASE 65) ]
TOTAL THIS MO.   491    CLEAR  (SCALE 0-3)  20
DPTR FM NORMAL  -196    PTCLDY (SCALE 4-7)   5
TOTAL FM JUL 1  4755    CLOUDY (SCALE 8-10)  1
DPTR FM NORMAL  -568

[CDD (BASE 65) ]
TOTAL THIS MO.     2
DPTR FM NORMAL     2    [PRESSURE DATA]
TOTAL FM JAN 1     2    HIGHEST SLP M ON M
DPTR FM NORMAL     2    LOWEST  SLP 29.53 ON  2

[REMARKS]
