000
CXUS52 KFFC 301110
CF6MCN
PRELIMINARY LOCAL CLIMATOLOGICAL DATA (WS FORM: F-6)

                                          STATION:   MACON
                                          MONTH:     AUGUST
                                          YEAR:      2014
                                          LATITUDE:   32 42 N
                                          LONGITUDE:  83 39 W

  TEMPERATURE IN F:       :PCPN:    SNOW:  WIND      :SUNSHINE: SKY     :PK WND
================================================================================
1   2   3   4   5  6A  6B    7    8   9   10  11  12  13   14  15   16   17  18
                                     12Z  AVG MX 2MIN
DY MAX MIN AVG DEP HDD CDD  WTR  SNW DPTH SPD SPD DIR MIN PSBL S-S WX    SPD DR
================================================================================

 1  79  70  75  -7   0  10 0.01  0.0    0  6.8 12  10   M    M   8        15  50
 2  78  68  73  -9   0   8 0.01  0.0    0  6.6 12  50   M    M   9        14  50
 3  87  71  79  -3   0  14 0.00  0.0    0  6.2 18  10   M    M   6        22  10
 4  89  67  78  -4   0  13 0.00  0.0    0  4.9 16  50   M    M   2 1      20  30
 5  93  66  80  -2   0  15 0.00  0.0    0  2.8 10 340   M    M   1        17 350
 6  94  64  79  -3   0  14 0.00  0.0    0  2.0 14 270   M    M   1        18 270
 7  96  69  83   1   0  18 0.00  0.0    0  3.4  M 360   M    M   1         M  90
 8  94  70  82   0   0  17    T  0.0    0  3.7 17 110   M    M   2 138     M  M
 9  92  69  81  -1   0  16 0.00  0.0    0  2.9 12 280   M    M   4 1      15 270
10  92  70  81  -1   0  16 0.13  0.0    0  3.2 17  40   M    M   5 1      21  40
11  88  73  81   0   0  16 0.02  0.0    0  2.1 17 300   M    M   6        21 310
12  92  73  83   2   0  18 0.00  0.0    0  4.0 14 260   M    M   2 1      18 240
13  92  67  80  -1   0  15 0.00  0.0    0  4.6 15 260   M    M   1 1      20 280
14  91  59  75  -6   0  10 0.00  0.0    0  4.6  M   M   M    M   0         M  M
15  92  62  77  -4   0  12 0.00  0.0    0  4.1  M   M   M    M   0         M  M
16  94  62  78  -3   0  13 0.00  0.0    0  3.3 14 270   M    M   2        24 300
17  96  65  81   0   0  16    T  0.0    0  4.2 25 260   M    M   1        31 250
18  95  72  84   3   0  19 0.00  0.0    0  8.1 20 260   M    M   2 3      30 260
19  93  69  81   0   0  16 0.73  0.0    0  6.2 23 290   M    M   3 13     31 290
20  97  69  83   2   0  18 0.02  0.0    0  3.2 20 260   M    M   1 38     23 260
21  98  69  84   4   0  19 0.00  0.0    0  4.8 13 280   M    M   1        21 340
22  99  69  84   4   0  19 0.00  0.0    0  2.8 13 350   M    M   1        28 150
23  98  72  85   5   0  20 0.00  0.0    0  4.8 14 320   M    M   2        24 290
24  91  73  82   2   0  17 0.00  0.0    0  7.6 18  60   M    M   3        23  60
25  88  63  76  -4   0  11 0.00  0.0    0  8.2 20  40   M    M   0        26  40
26  91  62  77  -3   0  12 0.00  0.0    0  5.5 15  30   M    M   2        20  40
27  91  60  76  -4   0  11 0.00  0.0    0  4.5 16  30   M    M   0 1       M  M
28  94  58  76  -4   0  11 0.00  0.0    0  2.4 10 100   M    M   0        14 170
29  96  62  79   0   0  14 0.00  0.0    0  2.3 12 100   M    M   1        17 110
================================================================================
SM 2670 1943         0 428  0.92     0.0 129.8          M       67
================================================================================
AV 92.1 67.0                               4.5 FASTST   M    M   2    MAX(MPH)
                                 MISC ---->  # 25 260               # 31  250
================================================================================
NOTES:
# LAST OF SEVERAL OCCURRENCES

COLUMN 17 PEAK WIND IN M.P.H.

PRELIMINARY LOCAL CLIMATOLOGICAL DATA (WS FORM: F-6) , PAGE 2

                                          STATION:  MACON
                                          MONTH:    AUGUST
                                          YEAR:     2014
                                          LATITUDE:   32 42 N
                                          LONGITUDE:  83 39 W

[TEMPERATURE DATA]      [PRECIPITATION DATA]       SYMBOLS USED IN COLUMN 16

AVERAGE MONTHLY: 79.5   TOTAL FOR MONTH:   0.92    1 = FOG OR MIST
DPTR FM NORMAL:  -1.5   DPTR FM NORMAL:   -2.92    2 = FOG REDUCING VISIBILITY
HIGHEST:    99 ON 22    GRTST 24HR  0.73 ON 19-19      TO 1/4 MILE OR LESS
LOWEST:     58 ON 28                               3 = THUNDER
                        SNOW, ICE PELLETS, HAIL    4 = ICE PELLETS
                        TOTAL MONTH:   0.0 INCH    5 = HAIL
                        GRTST 24HR     0.0         6 = FREEZING RAIN OR DRIZZLE
                        GRTST DEPTH:   0           7 = DUSTSTORM OR SANDSTORM:
                                                       VSBY 1/2 MILE OR LESS
                                                   8 = SMOKE OR HAZE
[NO. OF DAYS WITH]      [WEATHER - DAYS WITH]      9 = BLOWING SNOW
                                                   X = TORNADO
MAX 32 OR BELOW:   0    0.01 INCH OR MORE:   6
MAX 90 OR ABOVE:  23    0.10 INCH OR MORE:   2
MIN 32 OR BELOW:   0    0.50 INCH OR MORE:   1
MIN  0 OR BELOW:   0    1.00 INCH OR MORE:   0

[HDD (BASE 65) ]
TOTAL THIS MO.     0    CLEAR  (SCALE 0-3)  22
DPTR FM NORMAL     0    PTCLDY (SCALE 4-7)   5
TOTAL FM JUL 1     0    CLOUDY (SCALE 8-10)  2
DPTR FM NORMAL     0

[CDD (BASE 65) ]
TOTAL THIS MO.   428
DPTR FM NORMAL   -36    [PRESSURE DATA]
TOTAL FM JAN 1  1560    HIGHEST SLP M ON M
DPTR FM NORMAL  -157    LOWEST  SLP 29.80 ON 12

[REMARKS]
