000
CXUS54 KJAN 011240
CF6MEI
PRELIMINARY LOCAL CLIMATOLOGICAL DATA (WS FORM: F-6)

                                          STATION:   MERIDIAN
                                          MONTH:     FEBRUARY
                                          YEAR:      2015
                                          LATITUDE:   32 19 N
                                          LONGITUDE:  88 45 W

  TEMPERATURE IN F:       :PCPN:    SNOW:  WIND      :SUNSHINE: SKY     :PK WND
================================================================================
1   2   3   4   5  6A  6B    7    8   9   10  11  12  13   14  15   16   17  18
                                     12Z  AVG MX 2MIN
DY MAX MIN AVG DEP HDD CDD  WTR  SNW DPTH SPD SPD DIR MIN PSBL S-S WX    SPD DR
================================================================================

 1  68  42  55   9  10   0 0.37  0.0    0 10.9 23 200   M    M   8 13     32 270
 2  49  27  38  -8  27   0 0.00  0.0    0  9.7 23 320   M    M   5        32 330
 3  46  25  36 -10  29   0 0.00  0.0    0  2.4  8  70   M    M   0        10  70
 4  50  33  42  -4  23   0    T  0.0    0  3.0  9  80   M    M   4        12  80
 5  53  29  41  -6  24   0    T  0.0    0 10.4 22  20   M    M   4        27  30
 6  59  23  41  -6  24   0 0.00  0.0    0  1.3  8 360   M    M   0         8  20
 7  68  27  48   1  17   0 0.00  0.0    0  6.8 20 200   M    M   0        25 210
 8  72  40  56   9   9   0 0.00  0.0    0  9.3 22 200   M    M   5 12     27 210
 9  72  41  57  10   8   0 0.02  0.0    0 10.5 23 320   M    M   4 1      32 300
10  55  31  43  -5  22   0 0.00  0.0    0  9.5 20  10   M    M   5        25  10
11  68  28  48   0  17   0 0.00  0.0    0  0.9  9 350   M    M   0 18     11 360
12  55  30  43  -5  22   0 0.00  0.0    0 10.2 21  10   M    M   0        28 350
13  50  25  38 -10  27   0 0.00  0.0    0  4.3 14 360   M    M   0        17 350
14  69  26  48   0  17   0 0.00  0.0    0  5.0 17 260   M    M   0 18     24 280
15  50  36  43  -6  22   0 0.00  0.0    0 10.2 18  50   M    M   0        22  50
16  66  31  49   0  16   0 0.94  0.0    0  9.2 29 200   M    M  10 1      39 200
17  40  27  34 -15  31   0 0.00  0.0    0  9.6 21 320   M    M   6        26 320
18  48  24  36 -13  29   0 0.00  0.0    0 10.3 28 320   M    M   0        38 340
19  40  19  30 -20  35   0 0.00  0.0    0  6.8 14  10   M    M   1        21 350
20  52  22  37 -13  28   0 0.00  0.0    0  8.3 23 180   M    M   8        30 170
21  67  50  59   9   6   0 0.64  0.0    0 17.1 31 180   M    M  10 13     39 190
22  57  40  49  -1  16   0 0.65  0.0    0  8.4 17  10   M    M  10 13     22  10
23  40  32  36 -15  29   0 0.44  0.0    0 12.5 20  10   M    M   9 1      24  10
24  37  29  33 -18  32   0 0.01  0.0    0  7.1 15  10   M    M  10 16     25 150
25  36  33  35 -16  30   0 1.06    T    0  6.0 15  30   M    M   9 1      17  10
26  49  31  40 -11  25   0 0.00  0.0    0 10.1 18 330   M    M   6 1      24  20
27  48  30  39 -13  26   0 0.00  0.0    0 11.0 18  30   M    M   4        23  30
28  65  33  49  -3  16   0 0.00  0.0    0  6.0 16 120   M    M   1        24 120
================================================================================
SM 1529  864       617   0  4.13    T    226.8          M      119
================================================================================
AV 54.6 30.9                               8.1 FASTST   M    M   4    MAX(MPH)
                                 MISC ---->  # 31 180               # 39  200
================================================================================
NOTES:
# LAST OF SEVERAL OCCURRENCES

COLUMN 17 PEAK WIND IN M.P.H.

PRELIMINARY LOCAL CLIMATOLOGICAL DATA (WS FORM: F-6) , PAGE 2

                                          STATION:  MERIDIAN
                                          MONTH:    FEBRUARY
                                          YEAR:     2015
                                          LATITUDE:   32 19 N
                                          LONGITUDE:  88 45 W

[TEMPERATURE DATA]      [PRECIPITATION DATA]       SYMBOLS USED IN COLUMN 16

AVERAGE MONTHLY: 42.7   TOTAL FOR MONTH:   4.13    1 = FOG OR MIST
DPTR FM NORMAL:  -6.0   DPTR FM NORMAL:   -1.47    2 = FOG REDUCING VISIBILITY
HIGHEST:    72 ON  9, 8 GRTST 24HR  1.16 ON 21-22      TO 1/4 MILE OR LESS
LOWEST:     19 ON 19                               3 = THUNDER
                        SNOW, ICE PELLETS, HAIL    4 = ICE PELLETS
                        TOTAL MONTH:    T          5 = HAIL
                        GRTST 24HR    T  ON 25-25  6 = FREEZING RAIN OR DRIZZLE
                        GRTST DEPTH:   0           7 = DUSTSTORM OR SANDSTORM:
                                                       VSBY 1/2 MILE OR LESS
                                                   8 = SMOKE OR HAZE
[NO. OF DAYS WITH]      [WEATHER - DAYS WITH]      9 = BLOWING SNOW
                                                   X = TORNADO
MAX 32 OR BELOW:   0    0.01 INCH OR MORE:   8
MAX 90 OR ABOVE:   0    0.10 INCH OR MORE:   6
MIN 32 OR BELOW:  19    0.50 INCH OR MORE:   4
MIN  0 OR BELOW:   0    1.00 INCH OR MORE:   1

[HDD (BASE 65) ]
TOTAL THIS MO.   617    CLEAR  (SCALE 0-3)  11
DPTR FM NORMAL   157    PTCLDY (SCALE 4-7)  10
TOTAL FM JUL 1  2241    CLOUDY (SCALE 8-10)  7
DPTR FM NORMAL   144

[CDD (BASE 65) ]
TOTAL THIS MO.     0
DPTR FM NORMAL    -4    [PRESSURE DATA]
TOTAL FM JAN 1     0    HIGHEST SLP 30.52 ON 19
DPTR FM NORMAL    -7    LOWEST  SLP 29.69 ON 16

[REMARKS]
#FINAL-02-15#
