000
CXUS54 KJAN 011200
CF6MEI
PRELIMINARY LOCAL CLIMATOLOGICAL DATA (WS FORM: F-6)

                                          STATION:   MERIDIAN
                                          MONTH:     JANUARY
                                          YEAR:      2015
                                          LATITUDE:   32 19 N
                                          LONGITUDE:  88 45 W

  TEMPERATURE IN F:       :PCPN:    SNOW:  WIND      :SUNSHINE: SKY     :PK WND
================================================================================
1   2   3   4   5  6A  6B    7    8   9   10  11  12  13   14  15   16   17  18
                                     12Z  AVG MX 2MIN
DY MAX MIN AVG DEP HDD CDD  WTR  SNW DPTH SPD SPD DIR MIN PSBL S-S WX    SPD DR
================================================================================

 1  53  31  42  -3  23   0 0.23  0.0    0  5.2 12  40   M    M   5 1      16  30
 2  57  45  51   6  14   0 0.09  0.0    0  4.3 12  60   M    M  10 1      13  60
 3  73  57  65  20   0   0 4.35  0.0    0 10.1 25 140   M    M   9 13     35 290
 4  64  41  53   8  12   0 0.18  0.0    0  9.7 18 350   M    M   6 1      24 310
 5  48  29  39  -6  26   0 0.00  0.0    0  7.6 18 340   M    M   1 12     24 330
 6  60  26  43  -2  22   0 0.00  0.0    0  3.0 13 300   M    M   1 12     17 320
 7  47  19  33 -12  32   0 0.00  0.0    0 13.6 28 350   M    M   0        36 350
 8  34  12  23 -21  42   0 0.00  0.0    0  5.6 20  20   M    M   0        26  10
 9  41  22  32 -12  33   0 0.00  0.0    0  3.5 14 360   M    M   4        19 350
10  48  23  36  -8  29   0 0.00  0.0    0  6.1 18  20   M    M   0        24 360
11  54  28  41  -3  24   0 0.00  0.0    0  4.5 12 140   M    M   7        15 160
12  61  49  55  11  10   0 0.11  0.0    0  6.9 15 360   M    M  10 1      19 360
13  49  36  43  -1  22   0 0.00  0.0    0 11.2 16  20   M    M  10 1      21  10
14  40  35  38  -6  27   0 0.00  0.0    0  7.3 12  20   M    M  10 1      14  20
15  42  29  36  -8  29   0 0.10    M    0  4.0 12 350   M    M   8 1      14 340
16  55  24  40  -4  25   0 0.00  0.0    0  0.6  7  20   M    M   0 1      10  30
17  63  29  46   2  19   0 0.00  0.0    0  5.2 16 180   M    M   0        20 190
18  66  31  49   4  16   0 0.00  0.0    0  4.1 16 350   M    M   0 1      20 310
19  69  26  48   3  17   0 0.00  0.0    0  5.2 15 230   M    M   0        18 230
20  68  35  52   7  13   0 0.00  0.0    0  3.4 12 190   M    M   1 1      14 210
21  65  35  50   5  15   0 0.00  0.0    0  6.1 15  20   M    M   0        18  30
22  55  42  49   4  16   0 1.13  0.0    0 12.2 26  40   M    M   8 1      32  20
23  45  40  43  -2  22   0 0.52  0.0    0  9.7 20  60   M    M  10 1      27  60
24  54  30  42  -3  23   0    T  0.0    0  5.2 16 300   M    M   2 1      22 300
25  65  30  48   3  17   0 0.00  0.0    0  9.4 23 200   M    M   1        30 200
26  53  33  43  -2  22   0 0.00  0.0    0  8.4 22 320   M    M   5        31 310
27  67  31  49   4  16   0 0.00  0.0    0  4.9 18 350   M    M   0        23 350
28  66  32  49   4  16   0 0.00  0.0    0  3.6  9  60   M    M   0        13  50
29  74  36  55   9  10   0 0.00  0.0    0 10.0 22  10   M    M   0        29 350
30  58  35  47   1  18   0 0.00  0.0    0  9.7 25 360   M    M   0        32  10
31  61  26  44  -2  21   0 0.00  0.0    0  4.3 12 140   M    M   0        14 150
================================================================================
SM 1755  997       631   0  6.71     0.0 204.6          M      108
================================================================================
AV 56.6 32.2                               6.6 FASTST   M    M   3    MAX(MPH)
                                 MISC ---->  # 28 350               # 36  350
================================================================================
NOTES:
# LAST OF SEVERAL OCCURRENCES

COLUMN 17 PEAK WIND IN M.P.H.

PRELIMINARY LOCAL CLIMATOLOGICAL DATA (WS FORM: F-6) , PAGE 2

                                          STATION:  MERIDIAN
                                          MONTH:    JANUARY
                                          YEAR:     2015
                                          LATITUDE:   32 19 N
                                          LONGITUDE:  88 45 W

[TEMPERATURE DATA]      [PRECIPITATION DATA]       SYMBOLS USED IN COLUMN 16

AVERAGE MONTHLY: 44.4   TOTAL FOR MONTH:   6.71    1 = FOG OR MIST
DPTR FM NORMAL:  -0.4   DPTR FM NORMAL:    1.58    2 = FOG REDUCING VISIBILITY
HIGHEST:    74 ON 29    GRTST 24HR  4.53 ON  3- 4      TO 1/4 MILE OR LESS
LOWEST:     12 ON  8                               3 = THUNDER
                        SNOW, ICE PELLETS, HAIL    4 = ICE PELLETS
                        TOTAL MONTH:   0.0 INCH    5 = HAIL
                        GRTST 24HR     0.0         6 = FREEZING RAIN OR DRIZZLE
                        GRTST DEPTH:   0           7 = DUSTSTORM OR SANDSTORM:
                                                       VSBY 1/2 MILE OR LESS
                                                   8 = SMOKE OR HAZE
[NO. OF DAYS WITH]      [WEATHER - DAYS WITH]      9 = BLOWING SNOW
                                                   X = TORNADO
MAX 32 OR BELOW:   0    0.01 INCH OR MORE:   8
MAX 90 OR ABOVE:   0    0.10 INCH OR MORE:   7
MIN 32 OR BELOW:  18    0.50 INCH OR MORE:   3
MIN  0 OR BELOW:   0    1.00 INCH OR MORE:   2

[HDD (BASE 65) ]
TOTAL THIS MO.   631    CLEAR  (SCALE 0-3)  18
DPTR FM NORMAL     2    PTCLDY (SCALE 4-7)   7
TOTAL FM JUL 1  1624    CLOUDY (SCALE 8-10)  6
DPTR FM NORMAL   -13

[CDD (BASE 65) ]
TOTAL THIS MO.     0
DPTR FM NORMAL    -3    [PRESSURE DATA]
TOTAL FM JAN 1     0    HIGHEST SLP 30.74 ON  7
DPTR FM NORMAL     0    LOWEST  SLP 29.75 ON 25

[REMARKS]
#FINAL-01-15#
