000
CXUS54 KLZK 040223
CF6MEZ
PRELIMINARY LOCAL CLIMATOLOGICAL DATA (WS FORM: F-6)

                                          STATION:   Mena Airport
                                          MONTH:     JANUARY
                                          YEAR:      2015
                                          LATITUDE:   34  9 N
                                          LONGITUDE:  94 15 W

  TEMPERATURE IN F:       :PCPN:    SNOW:  WIND      :SUNSHINE: SKY     :PK WND
================================================================================
1   2   3   4   5  6A  6B    7    8   9   10  11  12  13   14  15   16   17  18
                                     12Z  AVG MX 2MIN
DY MAX MIN AVG DEP HDD CDD  WTR  SNW DPTH SPD SPD DIR MIN PSBL S-S WX    SPD DR
================================================================================

 1  41  36  39   1  26   0 0.53    M    M  0.6  5 100   M    M  10         M  M
 2  43  37  40   2  25   0 1.30    M    M  4.0  9 110   M    M  10 3       M  M
 3   M   M   M   M   M   M    M    M    M   M   M   M   M    M   M         M  M
 4  34  27  31  -7  34   0 0.00    M    M  2.7  8 320   M    M   0         M  M
 5  45  19  32  -6  33   0 0.00    M    M  2.3  8  30   M    M   0         M  M
 6  57  32  45   7  20   0 0.00    M    M  4.2 10  50   M    M   0         M  M
 7  36  18  27 -11  38   0 0.00    M    M  7.2 16 330   M    M   1        25 330
 8  34  10  22 -16  43   0 0.00    M    M  3.3 10 220   M    M   0         M  M
 9  37  21  29  -9  36   0 0.00    M    M  3.8 10 360   M    M   0         M  M
10  37  18  28 -10  37   0 0.00    M    M  1.0  5 160   M    M   6         M  M
11  37  32  35  -3  30   0 0.44    M    M  1.2  6  60   M    M  10         M  M
12  43  36  40   2  25   0 0.00    M    M  4.7  8  20   M    M  10         M  M
13  45  28  37  -1  28   0 0.00    M    M  3.8  9  20   M    M   2         M  M
14  45  23  34  -4  31   0 0.00    M    M  0.0  M   M   M    M   3         M  M
15  52  30  41   3  24   0 0.00    M    M  2.5  8 280   M    M   4         M  M
16  59  27  43   4  22   0 0.00    M    M  1.2  6 240   M    M   0         M  M
17  64  45  55  16  10   0 0.00    M    M  6.1 14 280   M    M   0        22 260
18  68  28  48   9  17   0 0.00    M    M  6.2 12 250   M    M   0        20 230
19  63  36  50  11  15   0 0.00    M    M  5.3 10 250   M    M   0        16 250
20  66  32  49  10  16   0 0.00    M    M  3.0  8  10   M    M   0        17  10
21  59  30  45   6  20   0 0.00    M    M  0.2  4  60   M    M   2         M  M
22  46  36  41   2  24   0 1.05    M    M  3.8  9  70   M    M  10         M  M
23  52  32  42   3  23   0 0.00    M    M  4.5 10 290   M    M   5         M  M
24  61  32  47   8  18   0 0.00    M    M  5.6  9 290   M    M   0         M  M
25  59  43  51  12  14   0 0.00    M    M 12.8 23 280   M    M   5        35 300
26  66  34  50  11  15   0 0.00    M    M  5.3 12 250   M    M   1        16 330
27  73  36  55  16  10   0 0.00    M    M  0.8  5  20   M    M   0         M  M
28  73  34  54  15  11   0 0.00    M    M  3.4 10 200   M    M   0        24 200
29  64  45  55  15  10   0 0.00    M    M  8.1 15 350   M    M   0        22 350
30  55  32  44   4  21   0 0.00    M    M  3.2  9 360   M    M   0         M  M
31  52  41  47   7  18   0 0.00    M    M  3.5  9 110   M    M   6         M  M
================================================================================
SM 1566  930       694   0  3.32    M    114.3          M       85
================================================================================
AV 52.2 31.0                               3.8 FASTST   M    M   3    MAX(MPH)
                                 MISC ---->  # 23 280               # 35  300
================================================================================
NOTES:
# LAST OF SEVERAL OCCURRENCES

COLUMN 17 PEAK WIND IN M.P.H.

PRELIMINARY LOCAL CLIMATOLOGICAL DATA (WS FORM: F-6) , PAGE 2

                                          STATION:  Mena Airport
                                          MONTH:    JANUARY
                                          YEAR:     2015
                                          LATITUDE:   34  9 N
                                          LONGITUDE:  94 15 W

[TEMPERATURE DATA]      [PRECIPITATION DATA]       SYMBOLS USED IN COLUMN 16

AVERAGE MONTHLY: 41.6   TOTAL FOR MONTH:   3.32    1 = FOG OR MIST
DPTR FM NORMAL:   2.8   DPTR FM NORMAL:   -0.40    2 = FOG REDUCING VISIBILITY
HIGHEST:    73 ON 28,27 GRTST 24HR  1.30 ON  2- 2      TO 1/4 MILE OR LESS
LOWEST:     10 ON  8                               3 = THUNDER
                        SNOW, ICE PELLETS, HAIL    4 = ICE PELLETS
                        TOTAL MONTH:    M          5 = HAIL
                        GRTST 24HR    M  ON   M    6 = FREEZING RAIN OR DRIZZLE
                        GRTST DEPTH:  M  ON   M    7 = DUSTSTORM OR SANDSTORM:
                                                       VSBY 1/2 MILE OR LESS
                                                   8 = SMOKE OR HAZE
[NO. OF DAYS WITH]      [WEATHER - DAYS WITH]      9 = BLOWING SNOW
                                                   X = TORNADO
MAX 32 OR BELOW:   0    0.01 INCH OR MORE:   4
MAX 90 OR ABOVE:   0    0.10 INCH OR MORE:   4
MIN 32 OR BELOW:  18    0.50 INCH OR MORE:   3
MIN  0 OR BELOW:   0    1.00 INCH OR MORE:   2

[HDD (BASE 65) ]
TOTAL THIS MO.   694    CLEAR  (SCALE 0-3)  19
DPTR FM NORMAL  -120    PTCLDY (SCALE 4-7)   6
TOTAL FM JUL 1  1863    CLOUDY (SCALE 8-10)  5
DPTR FM NORMAL  -393

[CDD (BASE 65) ]
TOTAL THIS MO.     0
DPTR FM NORMAL     0    [PRESSURE DATA]
TOTAL FM JAN 1     0    HIGHEST SLP M ON M
DPTR FM NORMAL     0    LOWEST  SLP M ON M

[REMARKS]
#FINAL-01-15#
