000
CXUS56 KMFR 191000
CF6MFR
PRELIMINARY LOCAL CLIMATOLOGICAL DATA (WS FORM: F-6)

                                          STATION:   MEDFORD OR
                                          MONTH:     JANUARY
                                          YEAR:      2018
                                          LATITUDE:   42 22 N
                                          LONGITUDE: 122 52 W

  TEMPERATURE IN F:       :PCPN:    SNOW:  WIND      :SUNSHINE: SKY     :PK WND
================================================================================
1   2   3   4   5  6A  6B    7    8   9   10  11  12  13   14  15   16   17  18
                                     12Z  AVG MX 2MIN
DY MAX MIN AVG DEP HDD CDD  WTR  SNW DPTH SPD SPD DIR MIN PSBL S-S WX    SPD DR
================================================================================

 1  40  32  36  -3  29   0 0.00  0.0    0  0.5  6  20   M    M  10 12      6  40
 2  40  35  38  -1  27   0 0.00  0.0    0  0.3  5 290   M    M  10 12      6 300
 3  46  36  41   2  24   0 0.13    M    0  1.0  9  10   M    M   7 128    11  10
 4  55  37  46   7  19   0 0.02    M    0  1.3 10 140   M    M   6 12     12 150
 5  58  44  51  12  14   0 0.11    M    0  3.7 10 310   M    M   7 1      14 310
 6  53  33  43   4  22   0 0.00  0.0    0  2.7 10 160   M    M   5 128    11 160
 7  38  30  34  -5  31   0 0.00  0.0    0  0.7  5 360   M    M   9 12      6  10
 8  45  34  40   1  25   0 0.02    M    0  0.8  7 340   M    M  10 12      8 330
 9  52  41  47   7  18   0 0.08    M    0  3.1 13 300   M    M  10 1      17 300
10  44  38  41   1  24   0 0.17    M    0  1.3  7 140   M    M  10 1       7  30
11  56  39  48   8  17   0 0.08  0.0    0  3.4 18 280   M    M   7 18     22 280
12  55  34  45   5  20   0 0.00  0.0    0  1.4  8 180   M    M   1         9 180
13  53  29  41   1  24   0 0.00  0.0    0  1.1  6 170   M    M   3 12      7 170
14  54  31  43   3  22   0 0.00  0.0    0  1.2 12 110   M    M   4 12     14 120
15  60  33  47   7  18   0 0.09  0.0    0  3.5 14 320   M    M   2 12     17 320
16  52  39  46   6  19   0 0.01    M    0  2.0  8 340   M    M   4 12     10 320
17  68  38  53  13  12   0    T  0.0    0  7.2 29 150   M    M   5 12     36 140
18  53  36  45   5  20   0 0.37    M    0  3.6 15 300   M    M   8 1      20 300
================================================================================
SM  922  639       385   0  1.08     0.0  38.8          M      118
================================================================================
AV 51.2 35.5                               2.2 FASTST   M    M   7    MAX(MPH)
                                 MISC ---->  # 29 150               # 36  140
================================================================================
NOTES:
# LAST OF SEVERAL OCCURRENCES

COLUMN 17 PEAK WIND IN M.P.H.

PRELIMINARY LOCAL CLIMATOLOGICAL DATA (WS FORM: F-6) , PAGE 2

                                          STATION:  MEDFORD OR
                                          MONTH:    JANUARY
                                          YEAR:     2018
                                          LATITUDE:   42 22 N
                                          LONGITUDE: 122 52 W

[TEMPERATURE DATA]      [PRECIPITATION DATA]       SYMBOLS USED IN COLUMN 16

AVERAGE MONTHLY: 43.4   TOTAL FOR MONTH:   1.08    1 = FOG OR MIST
DPTR FM NORMAL:   3.8   DPTR FM NORMAL:   -0.47    2 = FOG REDUCING VISIBILITY
HIGHEST:    68 ON 17    GRTST 24HR  0.37 ON 18-18      TO 1/4 MILE OR LESS
LOWEST:     29 ON 13                               3 = THUNDER
                        SNOW, ICE PELLETS, HAIL    4 = ICE PELLETS
                        TOTAL MONTH:   0.0 INCH    5 = HAIL
                        GRTST 24HR     0.0         6 = FREEZING RAIN OR DRIZZLE
                        GRTST DEPTH:   0           7 = DUSTSTORM OR SANDSTORM:
                                                       VSBY 1/2 MILE OR LESS
                                                   8 = SMOKE OR HAZE
[NO. OF DAYS WITH]      [WEATHER - DAYS WITH]      9 = BLOWING SNOW
                                                   X = TORNADO
MAX 32 OR BELOW:   0    0.01 INCH OR MORE:  10
MAX 90 OR ABOVE:   0    0.10 INCH OR MORE:   4
MIN 32 OR BELOW:   4    0.50 INCH OR MORE:   0
MIN  0 OR BELOW:   0    1.00 INCH OR MORE:   0

[HDD (BASE 65) ]
TOTAL THIS MO.   385    CLEAR  (SCALE 0-3)   3
DPTR FM NORMAL   -74    PTCLDY (SCALE 4-7)   8
TOTAL FM JUL 1  2146    CLOUDY (SCALE 8-10)  7
DPTR FM NORMAL   -79

[CDD (BASE 65) ]
TOTAL THIS MO.     0
DPTR FM NORMAL     0    [PRESSURE DATA]
TOTAL FM JAN 1     0    HIGHEST SLP M ON M
DPTR FM NORMAL     0    LOWEST  SLP 29.64 ON  9

[REMARKS]
