000
CXUS56 KMFR 301000
CF6MFR
PRELIMINARY LOCAL CLIMATOLOGICAL DATA (WS FORM: F-6)

                                          STATION:   MEDFORD OR
                                          MONTH:     AUGUST
                                          YEAR:      2014
                                          LATITUDE:   42 22 N
                                          LONGITUDE: 122 52 W

  TEMPERATURE IN F:       :PCPN:    SNOW:  WIND      :SUNSHINE: SKY     :PK WND
================================================================================
1   2   3   4   5  6A  6B    7    8   9   10  11  12  13   14  15   16   17  18
                                     12Z  AVG MX 2MIN
DY MAX MIN AVG DEP HDD CDD  WTR  SNW DPTH SPD SPD DIR MIN PSBL S-S WX    SPD DR
================================================================================

 1 102  65  84   8   0  19 0.00  0.0    0  3.5 17  20   M    M   1 8      20  10
 2  99  67  83   7   0  18 0.00  0.0    0  3.7 17 350   M    M   1 8      22 350
 3  92  66  79   3   0  14 0.00  0.0    0  3.0 12 290   M    M   3 8      16 300
 4  94  66  80   4   0  15 0.00  0.0    0  4.7 16 350   M    M   0        21 350
 5  93  69  81   5   0  16 0.00  0.0    0  4.9 20 350   M    M   2 8      24 350
 6  95  59  77   2   0  12 0.00  0.0    0  4.1 16 340   M    M   0 8      20 350
 7  96  62  79   4   0  14 0.00  0.0    0  4.8 17 360   M    M   0        23 360
 8  92  60  76   1   0  11 0.00  0.0    0  5.5 17 350   M    M   1 8      22 330
 9  95  58  77   2   0  12 0.00  0.0    0  4.0 14 300   M    M   1        20 300
10  95  61  78   3   0  13 0.00  0.0    0  2.1 14 150   M    M   3 8      16 140
11  99  65  82   7   0  17    T  0.0    0  4.8 40 140   M    M   6 38     51 150
12  93  61  77   2   0  12 0.14  0.0    0  5.7 22  10   M    M   3 38     26  10
13  79  60  70  -4   0   5 0.44  0.0    0  3.6 13 320   M    M   7 1      15 320
14  83  59  71  -3   0   6    T  0.0    0  4.6 14 350   M    M   6        21 360
15  92  59  76   2   0  11 0.00  0.0    0  3.5 13 300   M    M   0        16 350
16  97  61  79   5   0  14 0.00  0.0    0  3.7 16 360   M    M   1        20 340
17  97  63  80   6   0  15 0.00  0.0    0  3.7 17 340   M    M   1        21 350
18  99  65  82   8   0  17 0.05  0.0    0  5.0 16 320   M    M   2 3      23 330
19  95  65  80   7   0  15 0.00  0.0    0  6.5 20 350   M    M   1        26 350
20  87  61  74   1   0   9 0.00  0.0    0  5.4 20  10   M    M   2 8      25 350
21  90  55  73   0   0   8 0.00  0.0    0  3.8 18  20   M    M   0        23  20
22  85  59  72  -1   0   7    T  0.0    0  4.9 16 340   M    M   2 8      23  10
23  92  55  74   1   0   9 0.00  0.0    0  4.1 16 360   M    M   0        19 360
24  92  57  75   3   0  10 0.00  0.0    0  4.8 21  10   M    M   0        26 350
25  93  54  74   2   0   9 0.00  0.0    0  3.2 14 350   M    M   1        17 360
26  98  60  79   7   0  14 0.00  0.0    0  2.4 14 340   M    M   0 8      19 340
27  98  61  80   8   0  15 0.00  0.0    0  3.7 15 310   M    M   2 8      22 310
28  96  64  80   8   0  15 0.00  0.0    0  3.7 16 300   M    M   0 8      24 300
29  93  60  77   6   0  12 0.00  0.0    0  5.2 22 360   M    M   0 8      28 360
================================================================================
SM 2711 1777         0 364  0.63     0.0 122.6          M       46
================================================================================
AV 93.5 61.3                               4.2 FASTST   M    M   2    MAX(MPH)
                                 MISC ---->  # 40 140               # 51  150
================================================================================
NOTES:
# LAST OF SEVERAL OCCURRENCES

COLUMN 17 PEAK WIND IN M.P.H.

PRELIMINARY LOCAL CLIMATOLOGICAL DATA (WS FORM: F-6) , PAGE 2

                                          STATION:  MEDFORD OR
                                          MONTH:    AUGUST
                                          YEAR:     2014
                                          LATITUDE:   42 22 N
                                          LONGITUDE: 122 52 W

[TEMPERATURE DATA]      [PRECIPITATION DATA]       SYMBOLS USED IN COLUMN 16

AVERAGE MONTHLY: 77.4   TOTAL FOR MONTH:   0.63    1 = FOG OR MIST
DPTR FM NORMAL:   3.4   DPTR FM NORMAL:    0.26    2 = FOG REDUCING VISIBILITY
HIGHEST:   102 ON  1    GRTST 24HR  0.58 ON 12-13      TO 1/4 MILE OR LESS
LOWEST:     54 ON 25                               3 = THUNDER
                        SNOW, ICE PELLETS, HAIL    4 = ICE PELLETS
                        TOTAL MONTH:   0.0 INCH    5 = HAIL
                        GRTST 24HR     0.0         6 = FREEZING RAIN OR DRIZZLE
                        GRTST DEPTH:   0           7 = DUSTSTORM OR SANDSTORM:
                                                       VSBY 1/2 MILE OR LESS
                                                   8 = SMOKE OR HAZE
[NO. OF DAYS WITH]      [WEATHER - DAYS WITH]      9 = BLOWING SNOW
                                                   X = TORNADO
MAX 32 OR BELOW:   0    0.01 INCH OR MORE:   3
MAX 90 OR ABOVE:  25    0.10 INCH OR MORE:   2
MIN 32 OR BELOW:   0    0.50 INCH OR MORE:   0
MIN  0 OR BELOW:   0    1.00 INCH OR MORE:   0

[HDD (BASE 65) ]
TOTAL THIS MO.     0    CLEAR  (SCALE 0-3)  26
DPTR FM NORMAL     0    PTCLDY (SCALE 4-7)   3
TOTAL FM JUL 1     0    CLOUDY (SCALE 8-10)  0
DPTR FM NORMAL    -6

[CDD (BASE 65) ]
TOTAL THIS MO.   364
DPTR FM NORMAL   100    [PRESSURE DATA]
TOTAL FM JAN 1  1002    HIGHEST SLP M ON M
DPTR FM NORMAL   306    LOWEST  SLP 29.72 ON 19

[REMARKS]
