000
CXUS54 KBMX 291216
CF6MGM
PRELIMINARY LOCAL CLIMATOLOGICAL DATA (WS FORM: F-6)

                                          STATION:   MONTGOMERY
                                          MONTH:     MAY
                                          YEAR:      2015
                                          LATITUDE:   32 17 N
                                          LONGITUDE:  86 24 W

  TEMPERATURE IN F:       :PCPN:    SNOW:  WIND      :SUNSHINE: SKY     :PK WND
================================================================================
1   2   3   4   5  6A  6B    7    8   9   10  11  12  13   14  15   16   17  18
                                     12Z  AVG MX 2MIN
DY MAX MIN AVG DEP HDD CDD  WTR  SNW DPTH SPD SPD DIR MIN PSBL S-S WX    SPD DR
================================================================================

 1  77  52  65  -3   0   0 0.00  0.0    0  4.8 17 350   M    M   0        23 360
 2  80  47  64  -4   1   0 0.00  0.0    0  1.6  7 340   M    M   0        12 230
 3  84  52  68  -1   0   3 0.00  0.0    0  1.4 10 180   M    M   1        13 180
 4  85  57  71   2   0   6 0.00  0.0    0  3.1 13 110   M    M   1        18 110
 5  85  58  72   3   0   7 0.00  0.0    0  4.6 18 110   M    M   1        23 100
 6  85  59  72   2   0   7 0.00  0.0    0  3.2 13  80   M    M   2        17  80
 7  89  58  74   4   0   9 0.00  0.0    0  1.6 10 340   M    M   0        16 340
 8  89  58  74   4   0   9 0.00  0.0    0  1.3  8 120   M    M   0        29 210
 9  92  62  77   7   0  12 0.00  0.0    0  0.6  8 180   M    M   0 1      17  40
10  93  66  80   9   0  15 0.00  0.0    0  2.7  8 200   M    M   1         M  M
11  91  66  79   8   0  14 0.00  0.0    0  4.1 13 190   M    M   0        31 210
12  83  71  77   6   0  12    T  0.0    0  2.4  6 320   M    M   2         M  M
13  89  63  76   4   0  11 0.00  0.0    0  4.0 13  20   M    M   0        16  20
14  92  62  77   5   0  12 0.16  0.0    0  4.7 16 180   M    M   2 13     28 190
15  84  69  77   5   0  12 0.18  0.0    0  5.6 17 210   M    M   5 3      26 210
16  86  68  77   5   0  12 0.12  0.0    0  5.1 23 180   M    M   4 138    32 190
17  88  69  79   6   0  14 0.35  0.0    0  5.1 23 180   M    M   4 138    32 170
18  89  69  79   6   0  14 0.00  0.0    0  2.9 13 190   M    M   4 128    17 180
19  89  70  80   7   0  15 0.35  0.0    0  2.3 18 320   M    M   2 138    24 320
20  91  69  80   6   0  15 0.55  0.0    0  4.7 33 290   M    M   2 1238   44 280
21  83  61  72  -2   0   7 0.00  0.0    0  9.1 16 330   M    M   6 1      23 290
22  80  55  68  -6   0   3 0.00  0.0    0  4.4 13 360   M    M   0        17  10
23  86  60  73  -1   0   8 0.00  0.0    0  7.5 16 110   M    M   0        21 120
24  87  65  76   2   0  11 0.01  0.0    0  8.5 18 110   M    M   4 3      24 100
25  84  69  77   2   0  12 0.90  0.0    0  6.7 16 280   M    M   5 1238   21 270
26  81  67  74  -1   0   9 0.55  0.0    0  4.8 24 280   M    M   6 123    32 270
27  89  67  78   3   0  13 0.24  0.0    0  4.1 25 180   M    M   6 13     33 170
28  90  69  80   4   0  15 0.44  0.0    0  4.4 26 110   M    M   6 13     36 100
================================================================================
SM 2421 1758         1 277  3.85     0.0 115.3          M       64
================================================================================
AV 86.5 62.8                               4.1 FASTST   M    M   2    MAX(MPH)
                                 MISC ---->  # 33 290               # 44  280
================================================================================
NOTES:
# LAST OF SEVERAL OCCURRENCES

COLUMN 17 PEAK WIND IN M.P.H.

PRELIMINARY LOCAL CLIMATOLOGICAL DATA (WS FORM: F-6) , PAGE 2

                                          STATION:  MONTGOMERY
                                          MONTH:    MAY
                                          YEAR:     2015
                                          LATITUDE:   32 17 N
                                          LONGITUDE:  86 24 W

[TEMPERATURE DATA]      [PRECIPITATION DATA]       SYMBOLS USED IN COLUMN 16

AVERAGE MONTHLY: 74.6   TOTAL FOR MONTH:   3.85    1 = FOG OR MIST
DPTR FM NORMAL:   2.7   DPTR FM NORMAL:    0.65    2 = FOG REDUCING VISIBILITY
HIGHEST:    93 ON 10    GRTST 24HR  1.35 ON 25-26      TO 1/4 MILE OR LESS
LOWEST:     47 ON  2                               3 = THUNDER
                        SNOW, ICE PELLETS, HAIL    4 = ICE PELLETS
                        TOTAL MONTH:   0.0 INCH    5 = HAIL
                        GRTST 24HR     0.0         6 = FREEZING RAIN OR DRIZZLE
                        GRTST DEPTH:   0           7 = DUSTSTORM OR SANDSTORM:
                                                       VSBY 1/2 MILE OR LESS
                                                   8 = SMOKE OR HAZE
[NO. OF DAYS WITH]      [WEATHER - DAYS WITH]      9 = BLOWING SNOW
                                                   X = TORNADO
MAX 32 OR BELOW:   0    0.01 INCH OR MORE:  11
MAX 90 OR ABOVE:   6    0.10 INCH OR MORE:  10
MIN 32 OR BELOW:   0    0.50 INCH OR MORE:   3
MIN  0 OR BELOW:   0    1.00 INCH OR MORE:   0

[HDD (BASE 65) ]
TOTAL THIS MO.     1    CLEAR  (SCALE 0-3)  18
DPTR FM NORMAL    -7    PTCLDY (SCALE 4-7)  10
TOTAL FM JUL 1  2136    CLOUDY (SCALE 8-10)  0
DPTR FM NORMAL   -98

[CDD (BASE 65) ]
TOTAL THIS MO.   277
DPTR FM NORMAL    73    [PRESSURE DATA]
TOTAL FM JAN 1   498    HIGHEST SLP M ON M
DPTR FM NORMAL   193    LOWEST  SLP 29.90 ON 20

[REMARKS]
