000
CXUS51 KPBZ 290804
CF6MGW
PRELIMINARY LOCAL CLIMATOLOGICAL DATA (WS FORM: F-6)

                                          STATION:   MORGANTOWN WV
                                          MONTH:     MAY
                                          YEAR:      2015
                                          LATITUDE:   39 39 N
                                          LONGITUDE:  79 55 W

  TEMPERATURE IN F:       :PCPN:    SNOW:  WIND      :SUNSHINE: SKY     :PK WND
================================================================================
1   2   3   4   5  6A  6B    7    8   9   10  11  12  13   14  15   16   17  18
                                     12Z  AVG MX 2MIN
DY MAX MIN AVG DEP HDD CDD  WTR  SNW DPTH SPD SPD DIR MIN PSBL S-S WX    SPD DR
================================================================================

 1  67  47  57   0   8   0 0.01    M    M  4.1 20  30   M    M   6        26  20
 2  73  41  57  -1   8   0 0.00    M    M  2.1 10 350   M    M   2        16 310
 3  77  46  62   4   3   0 0.00    M    M  2.5 13 190   M    M   3        16 190
 4  83  47  65   7   0   0 0.00    M    M  4.6 15 210   M    M   3        26 220
 5  82  62  72  14   0   7 0.02    M    M  1.3 13 350   M    M   6 18     16 350
 6  87  56  72  13   0   7 0.00    M    M  2.8 10 190   M    M   2 18     14 200
 7  87  57  72  13   0   7 0.00    M    M  3.4 10  10   M    M   0        14 360
 8  91  60  76  17   0  11 0.00    M    M  3.5 12 140   M    M   1        16 120
 9  90  63  77  18   0  12 0.00    M    M  4.0 13 130   M    M   2        17 130
10  91  64  78  18   0  13 0.00    M    M  3.4  9 290   M    M   2        13 230
11  89  68  79  19   0  14 0.00    M    M  4.8 17 280   M    M   3 38     25 290
12  78  57  68   8   0   3 0.11    M    M  9.1 18 270   M    M   4 8      30 260
13  57  45  51  -9  14   0 0.00    M    M  6.2 13 290   M    M   9        21 280
14  74  37  56  -5   9   0 0.00    M    M  3.8 10 150   M    M   1 128    14 160
15  82  57  70   9   0   5 0.00    M    M  4.6 14 160   M    M   2        19 220
16  78  68  73  12   0   8 0.09    M    M  5.6 10 190   M    M   5 1      15 200
17  81  66  74  13   0   9 0.12    M    M  3.5 10 220   M    M   7 1      16 240
18  83  65  74  12   0   9 0.41    M    M  4.4 12 310   M    M   6 1      20 300
19  80  54  67   5   0   2 0.01    M    M  6.2 14 280   M    M   5 18     23 270
20  63  45  54  -8  11   0 0.00    M    M  5.3 13 350   M    M   5        18 340
21  57  46  52 -10  13   0 0.17    M    M  4.0 10 360   M    M  10 18     14 360
22  68  43  56  -7   9   0 0.05    M    M  6.4 15 210   M    M   3 1      23 290
23  74  39  57  -6   8   0 0.00    M    M  1.2  9 220   M    M   0        13 240
24  83  45  64   1   1   0 0.00    M    M  2.7 10 230   M    M   1        16 220
25  86  60  73  10   0   8 0.00    M    M  4.6 12 200   M    M   1        17 220
26  83  62  73   9   0   8 0.01    M    M  3.9 14 160   M    M   3        17 180
27  83  66  75  11   0  10 0.11    M    M  5.5 14 210   M    M   6 1      20 240
28  84  63  74  10   0   9 0.00    M    M  3.5 13 350   M    M   2 18     15  20
================================================================================
SM 2211 1529        84 142  1.11    M    117.0          M      100
================================================================================
AV 79.0 54.6                               4.2 FASTST   M    M   4    MAX(MPH)
                                 MISC ---->  # 20  30               # 30  260
================================================================================
NOTES:
# LAST OF SEVERAL OCCURRENCES

COLUMN 17 PEAK WIND IN M.P.H.

PRELIMINARY LOCAL CLIMATOLOGICAL DATA (WS FORM: F-6) , PAGE 2

                                          STATION:  MORGANTOWN WV
                                          MONTH:    MAY
                                          YEAR:     2015
                                          LATITUDE:   39 39 N
                                          LONGITUDE:  79 55 W

[TEMPERATURE DATA]      [PRECIPITATION DATA]       SYMBOLS USED IN COLUMN 16

AVERAGE MONTHLY: 66.8   TOTAL FOR MONTH:   1.11    1 = FOG OR MIST
DPTR FM NORMAL:   6.0   DPTR FM NORMAL:   -3.03    2 = FOG REDUCING VISIBILITY
HIGHEST:    91 ON 10, 8 GRTST 24HR  0.42 ON 18-19      TO 1/4 MILE OR LESS
LOWEST:     37 ON 14                               3 = THUNDER
                        SNOW, ICE PELLETS, HAIL    4 = ICE PELLETS
                        TOTAL MONTH:    M          5 = HAIL
                        GRTST 24HR    M  ON   M    6 = FREEZING RAIN OR DRIZZLE
                        GRTST DEPTH:  M  ON   M    7 = DUSTSTORM OR SANDSTORM:
                                                       VSBY 1/2 MILE OR LESS
                                                   8 = SMOKE OR HAZE
[NO. OF DAYS WITH]      [WEATHER - DAYS WITH]      9 = BLOWING SNOW
                                                   X = TORNADO
MAX 32 OR BELOW:   0    0.01 INCH OR MORE:  11
MAX 90 OR ABOVE:   3    0.10 INCH OR MORE:   5
MIN 32 OR BELOW:   0    0.50 INCH OR MORE:   0
MIN  0 OR BELOW:   0    1.00 INCH OR MORE:   0

[HDD (BASE 65) ]
TOTAL THIS MO.    84    CLEAR  (SCALE 0-3)  17
DPTR FM NORMAL   -77    PTCLDY (SCALE 4-7)   9
TOTAL FM JUL 1  5282    CLOUDY (SCALE 8-10)  2
DPTR FM NORMAL   138

[CDD (BASE 65) ]
TOTAL THIS MO.   142
DPTR FM NORMAL    99    [PRESSURE DATA]
TOTAL FM JAN 1   150    HIGHEST SLP M ON M
DPTR FM NORMAL    91    LOWEST  SLP 29.89 ON 11

[REMARKS]
