000
CXUS55 KFSD 250905
CF6MHE
PRELIMINARY LOCAL CLIMATOLOGICAL DATA (WS FORM: F-6)

                                          STATION:   MITCHELL SD
                                          MONTH:     AUGUST
                                          YEAR:      2016
                                          LATITUDE:   43 46 N
                                          LONGITUDE:  98  2 W

  TEMPERATURE IN F:       :PCPN:    SNOW:  WIND      :SUNSHINE: SKY     :PK WND
================================================================================
1   2   3   4   5  6A  6B    7    8   9   10  11  12  13   14  15   16   17  18
                                     12Z  AVG MX 2MIN
DY MAX MIN AVG DEP HDD CDD  WTR  SNW DPTH SPD SPD DIR MIN PSBL S-S WX    SPD DR
================================================================================

 1  82  67  75   1   0  10 0.36  0.0    0 10.8 29 290   M    M   5 13     38 300
 2  89  69  79   5   0  14 0.00  0.0    0  5.2 14 120   M    M   4 1      16 130
 3  91  71  81   7   0  16    T  0.0    0 13.0 25 160   M    M   2 13     31 170
 4  83  62  73  -1   0   8 0.05  0.0    0 10.4 31 320   M    M   2 13     43 330
 5  83  57  70  -4   0   5 0.00  0.0    0  6.0 15 330   M    M   0        21 360
 6  85  54  70  -3   0   5 0.00  0.0    0  3.7 13  60   M    M   2        16  60
 7  83  65  74   1   0   9 0.00  0.0    0  7.0 15 140   M    M   5        20 160
 8  84  61  73   0   0   8 0.00  0.0    0 12.2 23 160   M    M   1        31 160
 9  94  71  83  10   0  18 0.00  0.0    0 10.6 18 160   M    M   1        25 170
10  97  71  84  11   0  19 0.43  0.0    0 15.1 31 280   M    M   0 13     41 270
11  87  64  76   3   0  11 0.59  0.0    0  8.1 28 340   M    M   4 13     40 340
12  84  64  74   1   0   9    T  0.0    0  7.5 22  90   M    M   1        29  80
13  84  61  73   0   0   8 0.00  0.0    0  6.7 17 310   M    M   1        23 310
14  85  56  71  -1   0   6 0.00  0.0    0  6.4 17 280   M    M   0        26 290
15  84  63  74   2   0   9 0.35  0.0    0  8.6 21 280   M    M   3 13     29 280
16  87  63  75   3   0  10 0.00  0.0    0  3.3 10 160   M    M   0 1      13 170
17  90  61  76   4   0  11 0.00  0.0    0  4.5 13 160   M    M   0 1      15 150
18  95  67  81   9   0  16 1.12  0.0    0 10.1 26 280   M    M   2 13     36 280
19  74  58  66  -6   0   1 0.11  0.0    0 10.5 20 340   M    M   5 13     26 340
20  75  55  65  -7   0   0 0.30  0.0    0  9.3 28 340   M    M   6 13     35 340
21  81  52  67  -4   0   2 0.00  0.0    0  8.8 16 150   M    M   0        23 150
22  91  62  77   6   0  12 0.00  0.0    0 15.6 25 160   M    M   0        34 180
23  83  65  74   3   0   9 0.00  0.0    0 13.2 28 160   M    M   1        35 160
24  77  54  66  -5   0   1 0.00  0.0    0  6.0 15 320   M    M   0        19 320
================================================================================
SM 2048 1493         0 217  3.31     0.0 212.6          M       45
================================================================================
AV 85.3 62.2                               8.9 FASTST   M    M   2    MAX(MPH)
                                 MISC ---->  # 31 320               # 43  330
================================================================================
NOTES:
# LAST OF SEVERAL OCCURRENCES

COLUMN 17 PEAK WIND IN M.P.H.

PRELIMINARY LOCAL CLIMATOLOGICAL DATA (WS FORM: F-6) , PAGE 2

                                          STATION:  MITCHELL SD
                                          MONTH:    AUGUST
                                          YEAR:     2016
                                          LATITUDE:   43 46 N
                                          LONGITUDE:  98  2 W

[TEMPERATURE DATA]      [PRECIPITATION DATA]       SYMBOLS USED IN COLUMN 16

AVERAGE MONTHLY: 73.8   TOTAL FOR MONTH:   3.31    1 = FOG OR MIST
DPTR FM NORMAL:   1.2   DPTR FM NORMAL:    1.42    2 = FOG REDUCING VISIBILITY
HIGHEST:    97 ON 10    GRTST 24HR  1.23 ON 18-19      TO 1/4 MILE OR LESS
LOWEST:     52 ON 21                               3 = THUNDER
                        SNOW, ICE PELLETS, HAIL    4 = ICE PELLETS
                        TOTAL MONTH:   0.0 INCH    5 = HAIL
                        GRTST 24HR     0.0         6 = FREEZING RAIN OR DRIZZLE
                        GRTST DEPTH:   0           7 = DUSTSTORM OR SANDSTORM:
                                                       VSBY 1/2 MILE OR LESS
                                                   8 = SMOKE OR HAZE
[NO. OF DAYS WITH]      [WEATHER - DAYS WITH]      9 = BLOWING SNOW
                                                   X = TORNADO
MAX 32 OR BELOW:   0    0.01 INCH OR MORE:   8
MAX 90 OR ABOVE:   6    0.10 INCH OR MORE:   7
MIN 32 OR BELOW:   0    0.50 INCH OR MORE:   2
MIN  0 OR BELOW:   0    1.00 INCH OR MORE:   1

[HDD (BASE 65) ]
TOTAL THIS MO.     0    CLEAR  (SCALE 0-3)  18
DPTR FM NORMAL     0    PTCLDY (SCALE 4-7)   6
TOTAL FM JUL 1     3    CLOUDY (SCALE 8-10)  0
DPTR FM NORMAL    -2

[CDD (BASE 65) ]
TOTAL THIS MO.   217
DPTR FM NORMAL    28    [PRESSURE DATA]
TOTAL FM JAN 1   876    HIGHEST SLP M ON M
DPTR FM NORMAL   169    LOWEST  SLP 29.65 ON 11

[REMARKS]
