000
CXUS53 KTOP 210200
CF6MHK
PRELIMINARY LOCAL CLIMATOLOGICAL DATA (WS FORM: F-6)

                                          STATION:   Manhattan KS
                                          MONTH:     DECEMBER
                                          YEAR:      2014
                                          LATITUDE:   39  9 N
                                          LONGITUDE:  96 40 W

  TEMPERATURE IN F:       :PCPN:    SNOW:  WIND      :SUNSHINE: SKY     :PK WND
================================================================================
1   2   3   4   5  6A  6B    7    8   9   10  11  12  13   14  15   16   17  18
                                     12Z  AVG MX 2MIN
DY MAX MIN AVG DEP HDD CDD  WTR  SNW DPTH SPD SPD DIR MIN PSBL S-S WX    SPD DR
================================================================================

 1  29  11  20 -15  45   0 0.00    M    M  7.2 20  30   M    M   0        27  30
 2  46  10  28  -7  37   0 0.00    M    M  6.5 23 210   M    M   0        30 220
 3  45  18  32  -2  33   0 0.00    M    M  5.9 20  40   M    M   0 8      25  50
 4  50  29  40   6  25   0 0.00    M    M  3.9  9 150   M    M   7        12 150
 5  53  41  47  13  18   0 0.90    M    M  3.5  9  10   M    M   8 12     12  20
 6  41  33  37   4  28   0 0.00    M    M  6.1 10  60   M    M  10 1      14 340
 7  45  36  41   8  24   0    T    M    M  7.8 15 170   M    M  10 1      18 170
 8  57  33  45  13  20   0 0.00    M    M  6.4 14  20   M    M   3 1      21  30
 9  40  23  32   0  33   0 0.00    M    M  4.7 12  30   M    M   0 1      17  30
10  37  25  31  -1  34   0 0.00    M    M  5.9 13  90   M    M   9 18     14 100
11  40  34  37   6  28   0 0.00    M    M  3.5  7  80   M    M  10 1       8  80
12  57  39  48  17  17   0 0.00    M    M  4.6 15 170   M    M  10 18     19 160
13  57  49  53  22  12   0    T    M    M  8.7 16 150   M    M  10 1      23 160
14  60  50  55  25  10   0 0.18    M    M 12.8 22 130   M    M   9 1      34 140
15  53  30  42  12  23   0 0.74    M    M 10.2 21 340   M    M   9 1      33 340
16  34  23  29  -1  36   0    T    M    M  7.0 16 340   M    M   7 1      25 340
17  29  24  27  -3  38   0 0.16    M    M  6.9 13  80   M    M  10 12     14  80
18  34  27  31   1  34   0 0.11    M    M  3.1  8  70   M    M  10 1      10  70
19  35  30  33   4  32   0 0.00    M    M  3.7  9 180   M    M  10 1      12 180
================================================================================
SM  842  565       527   0  2.09    M    118.4          M      132
================================================================================
AV 44.3 29.7                               6.2 FASTST   M    M   7    MAX(MPH)
                                 MISC ---->  # 23 210               # 34  140
================================================================================
NOTES:
# LAST OF SEVERAL OCCURRENCES

COLUMN 17 PEAK WIND IN M.P.H.

PRELIMINARY LOCAL CLIMATOLOGICAL DATA (WS FORM: F-6) , PAGE 2

                                          STATION:  Manhattan KS
                                          MONTH:    DECEMBER
                                          YEAR:     2014
                                          LATITUDE:   39  9 N
                                          LONGITUDE:  96 40 W

[TEMPERATURE DATA]      [PRECIPITATION DATA]       SYMBOLS USED IN COLUMN 16

AVERAGE MONTHLY: 37.0   TOTAL FOR MONTH:   2.09    1 = FOG OR MIST
DPTR FM NORMAL:   5.1   DPTR FM NORMAL:    1.43    2 = FOG REDUCING VISIBILITY
HIGHEST:    60 ON 14    GRTST 24HR  0.91 ON 14-15      TO 1/4 MILE OR LESS
LOWEST:     10 ON  2                               3 = THUNDER
                        SNOW, ICE PELLETS, HAIL    4 = ICE PELLETS
                        TOTAL MONTH:    M          5 = HAIL
                        GRTST 24HR    M  ON   M    6 = FREEZING RAIN OR DRIZZLE
                        GRTST DEPTH:  M  ON   M    7 = DUSTSTORM OR SANDSTORM:
                                                       VSBY 1/2 MILE OR LESS
                                                   8 = SMOKE OR HAZE
[NO. OF DAYS WITH]      [WEATHER - DAYS WITH]      9 = BLOWING SNOW
                                                   X = TORNADO
MAX 32 OR BELOW:   2    0.01 INCH OR MORE:   5
MAX 90 OR ABOVE:   0    0.10 INCH OR MORE:   5
MIN 32 OR BELOW:  11    0.50 INCH OR MORE:   2
MIN  0 OR BELOW:   0    1.00 INCH OR MORE:   0

[HDD (BASE 65) ]
TOTAL THIS MO.   527    CLEAR  (SCALE 0-3)   5
DPTR FM NORMAL  -101    PTCLDY (SCALE 4-7)   3
TOTAL FM JUL 1  1664    CLOUDY (SCALE 8-10) 11
DPTR FM NORMAL   -39

[CDD (BASE 65) ]
TOTAL THIS MO.     0
DPTR FM NORMAL     0    [PRESSURE DATA]
TOTAL FM JAN 1  1581    HIGHEST SLP M ON M
DPTR FM NORMAL   219    LOWEST  SLP 29.52 ON 15

[REMARKS]
