000
CXUS53 KTOP 170800
CF6MHK
PRELIMINARY LOCAL CLIMATOLOGICAL DATA (WS FORM: F-6)

                                          STATION:   Manhattan KS
                                          MONTH:     AUGUST
                                          YEAR:      2017
                                          LATITUDE:   39  9 N
                                          LONGITUDE:  96 40 W

  TEMPERATURE IN F:       :PCPN:    SNOW:  WIND      :SUNSHINE: SKY     :PK WND
================================================================================
1   2   3   4   5  6A  6B    7    8   9   10  11  12  13   14  15   16   17  18
                                     12Z  AVG MX 2MIN
DY MAX MIN AVG DEP HDD CDD  WTR  SNW DPTH SPD SPD DIR MIN PSBL S-S WX    SPD DR
================================================================================

 1  87  59  73  -6   0   8 0.00    M    M  1.6  9  30   M    M   3 12     12 140
 2  90  62  76  -3   0  11 0.03    M    M  2.2 10 180   M    M   1 1      13 190
 3  82  65  74  -5   0   9 0.37    M    M  5.2 23 330   M    M   1 13     34 330
 4  79  54  67 -12   0   2 0.00    M    M  3.9 10 140   M    M   2        15 110
 5  81  59  70  -9   0   5 3.37    M    M 10.9 23 150   M    M   7 13     30 160
 6  74  63  69 -10   0   4 0.00    M    M  5.0 12  30   M    M   9 1      15  20
 7  79  61  70  -9   0   5 0.00    M    M  3.3 14  60   M    M   2 1      17  50
 8  82  60  71  -7   0   6 0.00    M    M  3.1 10 160   M    M   3 1      14 180
 9  82  63  73  -5   0   8 0.11    M    M  3.4 13 250   M    M   3 1      16 250
10  84  62  73  -5   0   8 0.18    M    M  2.3 13  40   M    M   4 123    16  50
11  83  64  74  -4   0   9 0.35    M    M  4.6 14  30   M    M   3 1      16  40
12  82  59  71  -7   0   6 0.00    M    M  3.1 13 110   M    M   2 1      18 110
13  85  61  73  -5   0   8 0.00    M    M  4.1 13 180   M    M   3        17 180
14  91  70  81   3   0  16 0.00    M    M  6.3 14 200   M    M   4 1      18 180
15  89  68  79   1   0  14 0.00    M    M  4.4 14 170   M    M   2 1      18 140
16  83  66  75  -2   0  10 0.58    M    M  5.2 17 290   M    M   2 13     30 290
================================================================================
SM 1333  996         0 129  4.99    M     68.6          M       51
================================================================================
AV 83.3 62.3                               4.3 FASTST   M    M   3    MAX(MPH)
                                 MISC ---->  # 23 330               # 34  330
================================================================================
NOTES:
# LAST OF SEVERAL OCCURRENCES

COLUMN 17 PEAK WIND IN M.P.H.

PRELIMINARY LOCAL CLIMATOLOGICAL DATA (WS FORM: F-6) , PAGE 2

                                          STATION:  Manhattan KS
                                          MONTH:    AUGUST
                                          YEAR:     2017
                                          LATITUDE:   39  9 N
                                          LONGITUDE:  96 40 W

[TEMPERATURE DATA]      [PRECIPITATION DATA]       SYMBOLS USED IN COLUMN 16

AVERAGE MONTHLY: 72.8   TOTAL FOR MONTH:   4.99    1 = FOG OR MIST
DPTR FM NORMAL:  -5.6   DPTR FM NORMAL:    3.11    2 = FOG REDUCING VISIBILITY
HIGHEST:    91 ON 14    GRTST 24HR  3.37 ON  5- 5      TO 1/4 MILE OR LESS
LOWEST:     54 ON  4                               3 = THUNDER
                        SNOW, ICE PELLETS, HAIL    4 = ICE PELLETS
                        TOTAL MONTH:    M          5 = HAIL
                        GRTST 24HR    M  ON   M    6 = FREEZING RAIN OR DRIZZLE
                        GRTST DEPTH:  M  ON   M    7 = DUSTSTORM OR SANDSTORM:
                                                       VSBY 1/2 MILE OR LESS
                                                   8 = SMOKE OR HAZE
[NO. OF DAYS WITH]      [WEATHER - DAYS WITH]      9 = BLOWING SNOW
                                                   X = TORNADO
MAX 32 OR BELOW:   0    0.01 INCH OR MORE:   7
MAX 90 OR ABOVE:   2    0.10 INCH OR MORE:   6
MIN 32 OR BELOW:   0    0.50 INCH OR MORE:   2
MIN  0 OR BELOW:   0    1.00 INCH OR MORE:   1

[HDD (BASE 65) ]
TOTAL THIS MO.     0    CLEAR  (SCALE 0-3)  10
DPTR FM NORMAL     0    PTCLDY (SCALE 4-7)   5
TOTAL FM JUL 1     0    CLOUDY (SCALE 8-10)  1
DPTR FM NORMAL    -1

[CDD (BASE 65) ]
TOTAL THIS MO.   129
DPTR FM NORMAL   -86    [PRESSURE DATA]
TOTAL FM JAN 1  1131    HIGHEST SLP M ON M
DPTR FM NORMAL   110    LOWEST  SLP 29.74 ON 16

[REMARKS]
