000
CXUS52 KMFL 241000
CF6MIA
PRELIMINARY LOCAL CLIMATOLOGICAL DATA (WS FORM: F-6)

                                          STATION:   MIAMI
                                          MONTH:     MARCH
                                          YEAR:      2017
                                          LATITUDE:   25 49 N
                                          LONGITUDE:  80 17 W

  TEMPERATURE IN F:       :PCPN:    SNOW:  WIND      :SUNSHINE: SKY     :PK WND
================================================================================
1   2   3   4   5  6A  6B    7    8   9   10  11  12  13   14  15   16   17  18
                                     12Z  AVG MX 2MIN
DY MAX MIN AVG DEP HDD CDD  WTR  SNW DPTH SPD SPD DIR MIN PSBL S-S WX    SPD DR
================================================================================

 1  83  72  78   7   0  13 0.00  0.0    0  9.3 17 130 422   60   4        24 140
 2  85  69  77   5   0  12 0.18  0.0    0  5.4 14 160 238   34   5 1      23 160
 3  81  67  74   2   0   9    T  0.0    0 10.8 21  40 258   37   7        28  30
 4  77  70  74   2   0   9 0.00  0.0    0 14.8 25  70 419   60   5        34  40
 5  76  69  73   1   0   8    T  0.0    0 19.1 30  80 439   62   7        40  80
 6  77  68  73   1   0   8    T  0.0    0 17.2 29 100 158   22   7        35  80
 7  79  69  74   2   0   9    T  0.0    0 15.1 21 110   M    M   6        30 120
 8  80  67  74   2   0   9    T  0.0    0  9.5 18 140 587   83   4        25 130
 9  81  65  73   1   0   8 0.00  0.0    0  6.5 16 110 501   70   3        20 110
10  86  66  76   4   0  11 0.00  0.0    0  4.3 13 170   M    M   4        20 160
11  83  68  76   4   0  11 0.00  0.0    0  9.0 18 100 410   57   5        24  90
12  83  68  76   4   0  11 1.33  0.0    0  7.3 16  90 212   30   5 1      24 170
13  83  67  75   3   0  10 0.00  0.0    0  7.9 18 150 480   67   6        27 160
14  77  62  70  -2   0   5 0.40  0.0    0  9.6 21 280 400   56   9 13     29 280
15  70  57  64  -8   1   0 0.00  0.0    0  8.8 17 320 634   88   5        25 320
16  72  53  63 -10   2   0 0.00  0.0    0  6.9 14 340 666   92   4        20 340
17  76  57  67  -6   0   2 0.00  0.0    0  7.9 20  90   M    M   5        25 110
18  78  64  71  -2   0   6    T  0.0    0  6.1 14  60 435   60   5        19 350
19  83  59  71  -2   0   6 0.00  0.0    0  7.0 15 310 638   88   2        21 310
20  78  63  71  -2   0   6 0.00  0.0    0  7.9 16  80 620   85   3        24 100
21  79  63  71  -2   0   6 0.00  0.0    0  5.7 17  90 639   88   2        23  80
22  82  64  73   0   0   8 0.00  0.0    0  5.0 13 170 675   92   1        19 160
23  85  66  76   3   0  11 1.17  0.0    0  8.5 26  70   M    M   5 13     46  70
================================================================================
SM 1834 1493         3 178  3.08     0.0 209.6         8831    109
================================================================================
AV 79.7 64.9                               9.1 FASTST  465  65   5    MAX(MPH)
                                 MISC ---->  # 30  80               # 46   70
================================================================================
NOTES:
# LAST OF SEVERAL OCCURRENCES

COLUMN 17 PEAK WIND IN M.P.H.

PRELIMINARY LOCAL CLIMATOLOGICAL DATA (WS FORM: F-6) , PAGE 2

                                          STATION:  MIAMI
                                          MONTH:    MARCH
                                          YEAR:     2017
                                          LATITUDE:   25 49 N
                                          LONGITUDE:  80 17 W

[TEMPERATURE DATA]      [PRECIPITATION DATA]       SYMBOLS USED IN COLUMN 16

AVERAGE MONTHLY: 72.3   TOTAL FOR MONTH:   3.08    1 = FOG OR MIST
DPTR FM NORMAL:   0.0   DPTR FM NORMAL:    0.95    2 = FOG REDUCING VISIBILITY
HIGHEST:    86 ON 10    GRTST 24HR  1.33 ON 12-12      TO 1/4 MILE OR LESS
LOWEST:     53 ON 16                               3 = THUNDER
                        SNOW, ICE PELLETS, HAIL    4 = ICE PELLETS
                        TOTAL MONTH:   0.0 INCH    5 = HAIL
                        GRTST 24HR     0.0         6 = FREEZING RAIN OR DRIZZLE
                        GRTST DEPTH:   0           7 = DUSTSTORM OR SANDSTORM:
                                                       VSBY 1/2 MILE OR LESS
                                                   8 = SMOKE OR HAZE
[NO. OF DAYS WITH]      [WEATHER - DAYS WITH]      9 = BLOWING SNOW
                                                   X = TORNADO
MAX 32 OR BELOW:   0    0.01 INCH OR MORE:   4
MAX 90 OR ABOVE:   0    0.10 INCH OR MORE:   4
MIN 32 OR BELOW:   0    0.50 INCH OR MORE:   2
MIN  0 OR BELOW:   0    1.00 INCH OR MORE:   2

[HDD (BASE 65) ]
TOTAL THIS MO.     3    CLEAR  (SCALE 0-3)   4
DPTR FM NORMAL    -5    PTCLDY (SCALE 4-7)  18
TOTAL FM JUL 1    17    CLOUDY (SCALE 8-10)  1
DPTR FM NORMAL  -107

[CDD (BASE 65) ]
TOTAL THIS MO.   178
DPTR FM NORMAL     2    [PRESSURE DATA]
TOTAL FM JAN 1   672    HIGHEST SLP M ON M
DPTR FM NORMAL   174    LOWEST  SLP 29.86 ON 14

[REMARKS]
