000
CXUS53 KIND 250730
CF6MIE
PRELIMINARY LOCAL CLIMATOLOGICAL DATA (WS FORM: F-6)

                                          STATION:   MUNCIE IN
                                          MONTH:     JUNE
                                          YEAR:      2017
                                          LATITUDE:   40 13 N
                                          LONGITUDE:  85 23 W

  TEMPERATURE IN F:       :PCPN:    SNOW:  WIND      :SUNSHINE: SKY     :PK WND
================================================================================
1   2   3   4   5  6A  6B    7    8   9   10  11  12  13   14  15   16   17  18
                                     12Z  AVG MX 2MIN
DY MAX MIN AVG DEP HDD CDD  WTR  SNW DPTH SPD SPD DIR MIN PSBL S-S WX    SPD DR
================================================================================

 1  81  51  66  -1   0   1 0.00    M    M  5.8 16 310   M    M   0        22 300
 2  85  52  69   2   0   4 0.00    M    M  2.6 13 290   M    M   0        17 300
 3  89  56  73   5   0   8 0.00    M    M  5.4 14 270   M    M   1        18 260
 4  88  70  79  11   0  14    T    M    M  8.7 25 320   M    M   2 3      36 280
 5  90  63  77   9   0  12    T    M    M  9.1 21  30   M    M   3 3      27  50
 6  80  54  67  -2   0   2 0.00    M    M  9.6 22  20   M    M   3        26  20
 7  74  55  65  -4   0   0 0.00    M    M 11.2 26  50   M    M   2        33  40
 8  78  49  64  -5   1   0 0.00    M    M  4.6 12 140   M    M   1        17  90
 9  85  61  73   3   0   8 0.00    M    M  9.6 21 260   M    M   2        28 240
10  87  67  77   7   0  12 0.00    M    M  9.9 21 240   M    M   0        29 190
11  90  70  80  10   0  15 0.00    M    M 10.7 21 240   M    M   0        30 230
12  93  72  83  12   0  18 0.00    M    M  7.7 17 260   M    M   1        23 270
13  89  73  81  10   0  16 0.38    M    M  7.4 20 250   M    M   2 3      30 240
14  82  69  76   5   0  11 1.47    M    M  6.9 23 270   M    M   4 138    32 310
15  82  68  75   3   0  10 0.27    M    M  5.4 13 240   M    M   4 13     19 220
16  89  69  79   7   0  14 0.00    M    M  5.9 15 240   M    M   0 1      19 240
17  88  73  81   9   0  16 0.44    M    M  8.8 23 180   M    M   1 1      32 200
18  81  67  74   2   0   9 0.47    M    M  9.7 30 280   M    M   6 13     39 280
19  79  63  71  -2   0   6 0.01    M    M  9.4 29 280   M    M   2 38     36 270
20  82  59  71  -2   0   6 0.17    M    M  8.6 26 340   M    M   2 1      36 330
21  85  63  74   1   0   9 0.03    M    M  4.1 14 290   M    M   2 1      19 280
22  86  74  80   7   0  15 0.00    M    M 11.3 21 200   M    M   4        30 190
23  77  65  71  -3   0   6 3.67    M    M  8.2 21 260   M    M   8 123    33 290
24  77  62  70  -4   0   5 0.00    M    M  9.8 21 280   M    M   2        27 290
================================================================================
SM 2017 1525         1 217  6.91    M    190.4          M       52
================================================================================
AV 84.0 63.5                               7.9 FASTST   M    M   2    MAX(MPH)
                                 MISC ---->  # 30 280               # 39  280
================================================================================
NOTES:
# LAST OF SEVERAL OCCURRENCES

COLUMN 17 PEAK WIND IN M.P.H.

PRELIMINARY LOCAL CLIMATOLOGICAL DATA (WS FORM: F-6) , PAGE 2

                                          STATION:  MUNCIE IN
                                          MONTH:    JUNE
                                          YEAR:     2017
                                          LATITUDE:   40 13 N
                                          LONGITUDE:  85 23 W

[TEMPERATURE DATA]      [PRECIPITATION DATA]       SYMBOLS USED IN COLUMN 16

AVERAGE MONTHLY: 73.8   TOTAL FOR MONTH:   6.91    1 = FOG OR MIST
DPTR FM NORMAL:   3.1   DPTR FM NORMAL:    3.18    2 = FOG REDUCING VISIBILITY
HIGHEST:    93 ON 12    GRTST 24HR  3.67 ON 23-23      TO 1/4 MILE OR LESS
LOWEST:     49 ON  8                               3 = THUNDER
                        SNOW, ICE PELLETS, HAIL    4 = ICE PELLETS
                        TOTAL MONTH:    M          5 = HAIL
                        GRTST 24HR    M  ON   M    6 = FREEZING RAIN OR DRIZZLE
                        GRTST DEPTH:  M  ON   M    7 = DUSTSTORM OR SANDSTORM:
                                                       VSBY 1/2 MILE OR LESS
                                                   8 = SMOKE OR HAZE
[NO. OF DAYS WITH]      [WEATHER - DAYS WITH]      9 = BLOWING SNOW
                                                   X = TORNADO
MAX 32 OR BELOW:   0    0.01 INCH OR MORE:   9
MAX 90 OR ABOVE:   3    0.10 INCH OR MORE:   7
MIN 32 OR BELOW:   0    0.50 INCH OR MORE:   2
MIN  0 OR BELOW:   0    1.00 INCH OR MORE:   2

[HDD (BASE 65) ]
TOTAL THIS MO.     1    CLEAR  (SCALE 0-3)  19
DPTR FM NORMAL   -20    PTCLDY (SCALE 4-7)   5
TOTAL FM JUL 1  4362    CLOUDY (SCALE 8-10)  0
DPTR FM NORMAL -1418

[CDD (BASE 65) ]
TOTAL THIS MO.   217
DPTR FM NORMAL    58    [PRESSURE DATA]
TOTAL FM JAN 1   333    HIGHEST SLP M ON M
DPTR FM NORMAL    91    LOWEST  SLP 29.64 ON 18

[REMARKS]
