000
CXUS53 KIND 280730
CF6MIE
PRELIMINARY LOCAL CLIMATOLOGICAL DATA (WS FORM: F-6)

                                          STATION:   MUNCIE IN
                                          MONTH:     JULY
                                          YEAR:      2015
                                          LATITUDE:   40 13 N
                                          LONGITUDE:  85 23 W

  TEMPERATURE IN F:       :PCPN:    SNOW:  WIND      :SUNSHINE: SKY     :PK WND
================================================================================
1   2   3   4   5  6A  6B    7    8   9   10  11  12  13   14  15   16   17  18
                                     12Z  AVG MX 2MIN
DY MAX MIN AVG DEP HDD CDD  WTR  SNW DPTH SPD SPD DIR MIN PSBL S-S WX    SPD DR
================================================================================

 1  77  59  68  -7   0   3 0.00    M    M  4.7 12 270   M    M   4 1      14 280
 2  77  62  70  -5   0   5 0.00    M    M  9.2 17  40   M    M   6        21  60
 3  78  61  70  -5   0   5 0.00    M    M  7.4 13  40   M    M   5 8      16  90
 4  80  58  69  -6   0   4 0.00    M    M  2.3 10 310   M    M   2 18     15 350
 5  82  61  72  -3   0   7 0.00    M    M  2.0  7 140   M    M   1 18     11 120
 6  86  60  73  -2   0   8 0.00    M    M  7.0 16 190   M    M   1 18     22 200
 7  79  62  71  -4   0   6 2.23    M    M  9.0 15 340   M    M   8 13     21 210
 8  68  61  65 -10   0   0 0.44    M    M  5.6 13  90   M    M  10 1      17  90
 9  74  66  70  -5   0   5 0.83    M    M 10.5 20 270   M    M  10 18     28 260
10  74  60  67  -8   0   2 0.02    M    M  2.1 12 360   M    M   8 18     13 350
11  81  56  69  -6   0   4 0.00    M    M  2.7  9 190   M    M   2 1      14 120
12  82  67  75   0   0  10 0.43    M    M  6.7 15  20   M    M   8 13     18 320
13  82  64  73  -2   0   8 0.97    M    M  8.6 31  10   M    M   5 13     43  10
14  84  65  75   0   0  10    T    M    M 12.5 29 330   M    M   3        39 330
15  79  64  72  -3   0   7 0.00    M    M  8.4 16  20   M    M   3        25  50
16  79  57  68  -7   0   3 0.00    M    M  5.1 13 180   M    M   1 1      19 110
17  87  72  80   6   0  15 0.03    M    M  9.9 17 200   M    M   2 3      26 210
18  91  70  81   7   0  16 1.29    M    M  7.9 20  70   M    M   2 13     26 190
19  84  72  78   4   0  13 0.48    M    M  7.9 15 260   M    M   4 13     20 260
20  84  73  79   5   0  14 0.00    M    M  4.6 15 300   M    M   4 1      19 320
21  81  62  72  -2   0   7 0.00    M    M  7.5 17 360   M    M   4 1      24  10
22  80  56  68  -6   0   3 0.00    M    M  1.7 10  10   M    M   0        13  10
23  83  63  73  -1   0   8 0.00    M    M  2.2 12  60   M    M   1        15  80
24  85  61  73  -1   0   8 0.00    M    M  3.1  9 250   M    M   1 1      13 240
25  84  66  75   1   0  10 0.00    M    M  6.5 14 210   M    M   2 3      20 270
26  87  72  80   6   0  15 0.07    M    M  3.3  9 260   M    M   4 18     13  20
27  84  71  78   4   0  13    T    M    M  4.3 13 100   M    M   8 8      14 110
================================================================================
SM 2192 1721         0 209  6.79    M    162.7          M      109
================================================================================
AV 81.2 63.7                               6.0 FASTST   M    M   4    MAX(MPH)
                                 MISC ---->  # 31  10               # 43   10
================================================================================
NOTES:
# LAST OF SEVERAL OCCURRENCES

COLUMN 17 PEAK WIND IN M.P.H.

PRELIMINARY LOCAL CLIMATOLOGICAL DATA (WS FORM: F-6) , PAGE 2

                                          STATION:  MUNCIE IN
                                          MONTH:    JULY
                                          YEAR:     2015
                                          LATITUDE:   40 13 N
                                          LONGITUDE:  85 23 W

[TEMPERATURE DATA]      [PRECIPITATION DATA]       SYMBOLS USED IN COLUMN 16

AVERAGE MONTHLY: 72.5   TOTAL FOR MONTH:   6.79    1 = FOG OR MIST
DPTR FM NORMAL:  -2.1   DPTR FM NORMAL:    2.91    2 = FOG REDUCING VISIBILITY
HIGHEST:    91 ON 18    GRTST 24HR  2.24 ON  7- 8      TO 1/4 MILE OR LESS
LOWEST:     56 ON 22,11                            3 = THUNDER
                        SNOW, ICE PELLETS, HAIL    4 = ICE PELLETS
                        TOTAL MONTH:    M          5 = HAIL
                        GRTST 24HR    M  ON   M    6 = FREEZING RAIN OR DRIZZLE
                        GRTST DEPTH:  M  ON   M    7 = DUSTSTORM OR SANDSTORM:
                                                       VSBY 1/2 MILE OR LESS
                                                   8 = SMOKE OR HAZE
[NO. OF DAYS WITH]      [WEATHER - DAYS WITH]      9 = BLOWING SNOW
                                                   X = TORNADO
MAX 32 OR BELOW:   0    0.01 INCH OR MORE:  10
MAX 90 OR ABOVE:   1    0.10 INCH OR MORE:   7
MIN 32 OR BELOW:   0    0.50 INCH OR MORE:   4
MIN  0 OR BELOW:   0    1.00 INCH OR MORE:   2

[HDD (BASE 65) ]
TOTAL THIS MO.     0    CLEAR  (SCALE 0-3)  13
DPTR FM NORMAL     0    PTCLDY (SCALE 4-7)  11
TOTAL FM JUL 1     0    CLOUDY (SCALE 8-10)  3
DPTR FM NORMAL     0

[CDD (BASE 65) ]
TOTAL THIS MO.   209
DPTR FM NORMAL   -52    [PRESSURE DATA]
TOTAL FM JAN 1   573    HIGHEST SLP  0.00 ON 23
DPTR FM NORMAL    13    LOWEST  SLP 29.59 ON 14

[REMARKS]
